{"id":2044,"date":"2022-07-18T15:26:26","date_gmt":"2022-07-18T18:26:26","guid":{"rendered":"https:\/\/sites.uel.br\/ser\/?page_id=2044"},"modified":"2025-03-28T11:55:36","modified_gmt":"2025-03-28T14:55:36","slug":"fale-conosco","status":"publish","type":"page","link":"https:\/\/sites.uel.br\/ser\/fale-conosco\/","title":{"rendered":"Fale Conosco"},"content":{"rendered":"\n<hr class=\"wp-block-separator has-alpha-channel-opacity is-style-wide\" \/>\n\n\n<div class=\"wp-block-image\">\n<figure class=\"aligncenter size-full\"><img loading=\"lazy\" decoding=\"async\" width=\"1279\" height=\"510\" src=\"https:\/\/sites.uel.br\/ser\/wp-content\/uploads\/2025\/03\/topo_ser_uel_2025.png\" alt=\"\" class=\"wp-image-7631\" srcset=\"https:\/\/sites.uel.br\/ser\/wp-content\/uploads\/2025\/03\/topo_ser_uel_2025.png 1279w, https:\/\/sites.uel.br\/ser\/wp-content\/uploads\/2025\/03\/topo_ser_uel_2025-300x120.png 300w, https:\/\/sites.uel.br\/ser\/wp-content\/uploads\/2025\/03\/topo_ser_uel_2025-1024x408.png 1024w, https:\/\/sites.uel.br\/ser\/wp-content\/uploads\/2025\/03\/topo_ser_uel_2025-768x306.png 768w\" sizes=\"auto, (max-width: 1279px) 100vw, 1279px\" \/><\/figure>\n<\/div>\n\n\n<figure class=\"wp-block-table\"><table class=\"has-verde-claro-background-color has-background\"><tbody><tr><td class=\"has-text-align-center\" data-align=\"center\"><strong>ATEN\u00c7\u00c3O<\/strong><br><br><strong><strong>Sobre MATR\u00cdCULAS, entrar em contato com a Divis\u00e3o de Matr\u00edcula da <strong><strong>Pr\u00f3-Reitoria de Gradua\u00e7\u00e3o (PROGRAD)<\/strong><\/strong>:\u00a0<a href=\"mailto:matricula@uel.br\" target=\"_blank\" rel=\"noreferrer noopener\">matricula@uel.br<\/a>.<\/strong><\/strong><br><strong><strong><br>Voc\u00ea tamb\u00e9m pode falar por telefone:\u00a03371-4413 ou 3371-4716, ou comparecer pessoalmente no atendimento presencial da PROGRAD.<\/strong><\/strong><\/td><\/tr><\/tbody><\/table><\/figure>\n\n\n\n<div style=\"height:20px\" aria-hidden=\"true\" class=\"wp-block-spacer\"><\/div>\n\n\n\n<p>Outros assuntos, entre em contato conosco pelo e-mail: <a href=\"mailto:ser@uel.br\"><strong>ser@uel.br<\/strong><\/a>.<\/p>\n","protected":false},"excerpt":{"rendered":"<p>ATEN\u00c7\u00c3O Sobre MATR\u00cdCULAS, entrar em contato com a Divis\u00e3o de Matr\u00edcula da Pr\u00f3-Reitoria de Gradua\u00e7\u00e3o (PROGRAD):\u00a0matricula@uel.br.Voc\u00ea tamb\u00e9m pode falar por telefone:\u00a03371-4413 ou 3371-4716, ou comparecer pessoalmente no atendimento presencial da PROGRAD. Outros assuntos, entre em contato conosco pelo e-mail: ser@uel.br.<\/p>\n","protected":false},"author":8,"featured_media":0,"parent":0,"menu_order":0,"comment_status":"closed","ping_status":"closed","template":"","meta":{"_acf_changed":false,"_themeisle_gutenberg_block_has_review":false,"footnotes":""},"class_list":["post-2044","page","type-page","status-publish","hentry"],"acf":[],"_links":{"self":[{"href":"https:\/\/sites.uel.br\/ser\/wp-json\/wp\/v2\/pages\/2044","targetHints":{"allow":["GET"]}}],"collection":[{"href":"https:\/\/sites.uel.br\/ser\/wp-json\/wp\/v2\/pages"}],"about":[{"href":"https:\/\/sites.uel.br\/ser\/wp-json\/wp\/v2\/types\/page"}],"author":[{"embeddable":true,"href":"https:\/\/sites.uel.br\/ser\/wp-json\/wp\/v2\/users\/8"}],"replies":[{"embeddable":true,"href":"https:\/\/sites.uel.br\/ser\/wp-json\/wp\/v2\/comments?post=2044"}],"version-history":[{"count":19,"href":"https:\/\/sites.uel.br\/ser\/wp-json\/wp\/v2\/pages\/2044\/revisions"}],"predecessor-version":[{"id":8149,"href":"https:\/\/sites.uel.br\/ser\/wp-json\/wp\/v2\/pages\/2044\/revisions\/8149"}],"wp:attachment":[{"href":"https:\/\/sites.uel.br\/ser\/wp-json\/wp\/v2\/media?parent=2044"}],"curies":[{"name":"wp","href":"https:\/\/api.w.org\/{rel}","templated":true}]}}