{"id":125,"date":"2021-07-16T16:25:30","date_gmt":"2021-07-16T19:25:30","guid":{"rendered":"https:\/\/sites.uel.br\/ser\/?page_id=125"},"modified":"2026-02-13T13:48:16","modified_gmt":"2026-02-13T16:48:16","slug":"engenharia-engenharia-civil","status":"publish","type":"page","link":"https:\/\/sites.uel.br\/ser\/engenharia-engenharia-civil\/","title":{"rendered":"Engenharia Civil"},"content":{"rendered":"\n<p>(Centro de Tecnologia e Urbanismo \u2013 CTU)<\/p>\n\n\n\n<hr class=\"wp-block-separator has-alpha-channel-opacity is-style-wide\" \/>\n\n\n<div class=\"wp-block-image\">\n<figure class=\"aligncenter size-full\"><img loading=\"lazy\" decoding=\"async\" width=\"1279\" height=\"510\" src=\"https:\/\/sites.uel.br\/ser\/wp-content\/uploads\/2025\/03\/topo_ser_uel_2025.png\" alt=\"\" class=\"wp-image-7631\" srcset=\"https:\/\/sites.uel.br\/ser\/wp-content\/uploads\/2025\/03\/topo_ser_uel_2025.png 1279w, https:\/\/sites.uel.br\/ser\/wp-content\/uploads\/2025\/03\/topo_ser_uel_2025-300x120.png 300w, https:\/\/sites.uel.br\/ser\/wp-content\/uploads\/2025\/03\/topo_ser_uel_2025-1024x408.png 1024w, https:\/\/sites.uel.br\/ser\/wp-content\/uploads\/2025\/03\/topo_ser_uel_2025-768x306.png 768w\" sizes=\"auto, (max-width: 1279px) 100vw, 1279px\" \/><\/figure>\n<\/div>\n\n\n<div class=\"wp-block-columns is-layout-flex wp-container-core-columns-is-layout-9d6595d7 wp-block-columns-is-layout-flex\">\n<div class=\"wp-block-column is-layout-flow wp-block-column-is-layout-flow\" style=\"flex-basis:60%\">\n<figure class=\"wp-block-embed is-type-video is-provider-youtube wp-block-embed-youtube wp-embed-aspect-16-9 wp-has-aspect-ratio\"><div class=\"wp-block-embed__wrapper\">\n<iframe loading=\"lazy\" title=\"Semana de Recep\u00e7\u00e3o aos Ingressantes 2026 (Mensagem da Diretora - CTU\/UEL)\" width=\"500\" height=\"281\" src=\"https:\/\/www.youtube.com\/embed\/dXlp743K_8Q?feature=oembed\" frameborder=\"0\" allow=\"accelerometer; autoplay; clipboard-write; encrypted-media; gyroscope; picture-in-picture; web-share\" referrerpolicy=\"strict-origin-when-cross-origin\" allowfullscreen><\/iframe>\n<\/div><\/figure>\n<\/div>\n\n\n\n<div class=\"wp-block-column is-vertically-aligned-center is-layout-flow wp-block-column-is-layout-flow\" style=\"flex-basis:33.33%\">\n<p class=\"has-text-color has-medium-font-size\" style=\"color:#025839\"><strong>Contatos com o Centro<\/strong><\/p>\n\n\n\n<p class=\"has-text-color has-medium-font-size\" style=\"color:#025839\">p\u00e1gina: <a rel=\"noreferrer noopener\" href=\"http:\/\/sites.uel.br\/ctu\" target=\"_blank\">sites.uel.br\/ctu<\/a><\/p>\n\n\n\n<p class=\"has-text-color has-medium-font-size\" style=\"color:#025839\">e-mail: <a href=\"mailto:ctu@uel.br\">ctu@uel.br<\/a><\/p>\n\n\n\n<p class=\"has-text-color has-medium-font-size\" style=\"color:#025839\">telefone<span style=\"font-size: revert\">: (43) 3371-4505<\/span><\/p>\n<\/div>\n<\/div>\n\n\n\n<div class=\"wp-block-columns is-layout-flex wp-container-core-columns-is-layout-9d6595d7 wp-block-columns-is-layout-flex\">\n<div class=\"wp-block-column is-layout-flow wp-block-column-is-layout-flow\">\n<figure class=\"wp-block-image size-full\"><img loading=\"lazy\" decoding=\"async\" width=\"1500\" height=\"1000\" src=\"https:\/\/sites.uel.br\/ser\/wp-content\/uploads\/img\/2025\/coordenadores\/engenharia_civil_carlos.png\" alt=\"\" class=\"wp-image-7727\" srcset=\"https:\/\/sites.uel.br\/ser\/wp-content\/uploads\/img\/2025\/coordenadores\/engenharia_civil_carlos.png 1500w, https:\/\/sites.uel.br\/ser\/wp-content\/uploads\/img\/2025\/coordenadores\/engenharia_civil_carlos-300x200.png 300w, https:\/\/sites.uel.br\/ser\/wp-content\/uploads\/img\/2025\/coordenadores\/engenharia_civil_carlos-1024x683.png 1024w, https:\/\/sites.uel.br\/ser\/wp-content\/uploads\/img\/2025\/coordenadores\/engenharia_civil_carlos-768x512.png 768w\" sizes=\"auto, (max-width: 1500px) 100vw, 1500px\" \/><\/figure>\n<\/div>\n\n\n\n<div class=\"wp-block-column is-vertically-aligned-center is-layout-flow wp-block-column-is-layout-flow\">\n<p class=\"has-text-color has-medium-font-size\" style=\"color:#025839\"><strong>Coordena\u00e7\u00e3o de Colegiado de Curso <\/strong><\/p>\n\n\n\n<p class=\"has-text-color has-medium-font-size\" style=\"color:#025839\">Prof.  Carlos Alberto Prado da Silva J\u00fanior<\/p>\n\n\n\n<p class=\"has-text-color has-medium-font-size\" style=\"color:#025839\">e-mail: <a href=\"mailto:coleng-civil@uel.br\">coleng-civil@uel.br<\/a><\/p>\n<\/div>\n<\/div>\n\n\n\n<div class=\"wp-block-columns is-layout-flex wp-container-core-columns-is-layout-9d6595d7 wp-block-columns-is-layout-flex\">\n<div class=\"wp-block-column is-layout-flow wp-block-column-is-layout-flow\">\n<figure class=\"wp-block-image size-full\"><img loading=\"lazy\" decoding=\"async\" width=\"1500\" height=\"1000\" src=\"https:\/\/sites.uel.br\/ser\/wp-content\/uploads\/img\/2025\/vices\/engenharia_civil_andre.png\" alt=\"\" class=\"wp-image-7892\" srcset=\"https:\/\/sites.uel.br\/ser\/wp-content\/uploads\/img\/2025\/vices\/engenharia_civil_andre.png 1500w, https:\/\/sites.uel.br\/ser\/wp-content\/uploads\/img\/2025\/vices\/engenharia_civil_andre-300x200.png 300w, https:\/\/sites.uel.br\/ser\/wp-content\/uploads\/img\/2025\/vices\/engenharia_civil_andre-1024x683.png 1024w, https:\/\/sites.uel.br\/ser\/wp-content\/uploads\/img\/2025\/vices\/engenharia_civil_andre-768x512.png 768w\" sizes=\"auto, (max-width: 1500px) 100vw, 1500px\" \/><\/figure>\n<\/div>\n\n\n\n<div class=\"wp-block-column is-vertically-aligned-center is-layout-flow wp-block-column-is-layout-flow\">\n<p class=\"has-text-color has-medium-font-size\" style=\"color:#025839\"><strong>Vice-Coordena\u00e7\u00e3o de Colegiado de Curso <\/strong><\/p>\n\n\n\n<p class=\"has-text-color has-medium-font-size\" style=\"color:#025839\">Prof.  Andr\u00e9 Campos de Moura<\/p>\n\n\n\n<p class=\"has-text-color has-medium-font-size\" style=\"color:#025839\">e-mail: <a href=\"mailto:coleng-civil@uel.br\">coleng-civil@uel.br<\/a><\/p>\n<\/div>\n<\/div>\n\n\n\n<div class=\"wp-block-columns is-layout-flex wp-container-core-columns-is-layout-9d6595d7 wp-block-columns-is-layout-flex\">\n<div class=\"wp-block-column is-layout-flow wp-block-column-is-layout-flow\">\n<figure class=\"wp-block-image size-full\"><a href=\"https:\/\/sites.uel.br\/ser\/wp-content\/uploads\/programacao\/cursos\/2026\/programacao_recepcao_ingressantes_engenharia_civil.pdf\" target=\"_blank\" rel=\"noreferrer noopener\"><img loading=\"lazy\" decoding=\"async\" width=\"960\" height=\"540\" src=\"https:\/\/sites.uel.br\/ser\/wp-content\/uploads\/2022\/07\/b_programacao.png\" alt=\"\" class=\"wp-image-2193\" srcset=\"https:\/\/sites.uel.br\/ser\/wp-content\/uploads\/2022\/07\/b_programacao.png 960w, https:\/\/sites.uel.br\/ser\/wp-content\/uploads\/2022\/07\/b_programacao-300x169.png 300w, https:\/\/sites.uel.br\/ser\/wp-content\/uploads\/2022\/07\/b_programacao-768x432.png 768w\" sizes=\"auto, (max-width: 960px) 100vw, 960px\" \/><\/a><\/figure>\n<\/div>\n\n\n\n<div class=\"wp-block-column is-vertically-aligned-center is-layout-flow wp-block-column-is-layout-flow\">\n<p class=\"has-text-align-center has-text-color has-medium-font-size\" style=\"color:#025839\"><strong>Confira a Programa\u00e7\u00e3o de Recep\u00e7\u00e3o de seu Curso<\/strong><\/p>\n<\/div>\n<\/div>\n","protected":false},"excerpt":{"rendered":"<p>(Centro de Tecnologia e Urbanismo \u2013 CTU) Contatos com o Centro p\u00e1gina: sites.uel.br\/ctu e-mail: ctu@uel.br telefone: (43) 3371-4505 Coordena\u00e7\u00e3o de Colegiado de Curso Prof. Carlos Alberto Prado da Silva J\u00fanior e-mail: coleng-civil@uel.br Vice-Coordena\u00e7\u00e3o de Colegiado de Curso Prof. Andr\u00e9 Campos de Moura e-mail: coleng-civil@uel.br Confira a Programa\u00e7\u00e3o de Recep\u00e7\u00e3o de seu Curso<\/p>\n","protected":false},"author":8,"featured_media":0,"parent":0,"menu_order":0,"comment_status":"closed","ping_status":"closed","template":"","meta":{"_acf_changed":false,"_themeisle_gutenberg_block_has_review":false,"footnotes":""},"class_list":["post-125","page","type-page","status-publish","hentry"],"acf":[],"_links":{"self":[{"href":"https:\/\/sites.uel.br\/ser\/wp-json\/wp\/v2\/pages\/125","targetHints":{"allow":["GET"]}}],"collection":[{"href":"https:\/\/sites.uel.br\/ser\/wp-json\/wp\/v2\/pages"}],"about":[{"href":"https:\/\/sites.uel.br\/ser\/wp-json\/wp\/v2\/types\/page"}],"author":[{"embeddable":true,"href":"https:\/\/sites.uel.br\/ser\/wp-json\/wp\/v2\/users\/8"}],"replies":[{"embeddable":true,"href":"https:\/\/sites.uel.br\/ser\/wp-json\/wp\/v2\/comments?post=125"}],"version-history":[{"count":47,"href":"https:\/\/sites.uel.br\/ser\/wp-json\/wp\/v2\/pages\/125\/revisions"}],"predecessor-version":[{"id":8948,"href":"https:\/\/sites.uel.br\/ser\/wp-json\/wp\/v2\/pages\/125\/revisions\/8948"}],"wp:attachment":[{"href":"https:\/\/sites.uel.br\/ser\/wp-json\/wp\/v2\/media?parent=125"}],"curies":[{"name":"wp","href":"https:\/\/api.w.org\/{rel}","templated":true}]}}

<p>(Centro de Tecnologia e Urbanismo – CTU)</p>



<hr class="wp-block-separator has-alpha-channel-opacity is-style-wide" />


<div class="wp-block-image">
<figure class="aligncenter size-full"><img loading="lazy" decoding="async" width="1279" height="510" src="https://sites.uel.br/ser/wp-content/uploads/2025/03/topo_ser_uel_2025.png" alt="" class="wp-image-7631" srcset="https://sites.uel.br/ser/wp-content/uploads/2025/03/topo_ser_uel_2025.png 1279w, https://sites.uel.br/ser/wp-content/uploads/2025/03/topo_ser_uel_2025-300x120.png 300w, https://sites.uel.br/ser/wp-content/uploads/2025/03/topo_ser_uel_2025-1024x408.png 1024w, https://sites.uel.br/ser/wp-content/uploads/2025/03/topo_ser_uel_2025-768x306.png 768w" sizes="auto, (max-width: 1279px) 100vw, 1279px" /></figure>
</div>


<div class="wp-block-columns is-layout-flex wp-container-core-columns-is-layout-9d6595d7 wp-block-columns-is-layout-flex">
<div class="wp-block-column is-layout-flow wp-block-column-is-layout-flow" style="flex-basis:60%">
<figure class="wp-block-embed is-type-video is-provider-youtube wp-block-embed-youtube wp-embed-aspect-16-9 wp-has-aspect-ratio"><div class="wp-block-embed__wrapper">
<iframe loading="lazy" title="Semana de Recepção aos Ingressantes 2026 (Mensagem da Diretora - CTU/UEL)" width="500" height="281" src="https://www.youtube.com/embed/dXlp743K_8Q?feature=oembed" frameborder="0" allow="accelerometer; autoplay; clipboard-write; encrypted-media; gyroscope; picture-in-picture; web-share" referrerpolicy="strict-origin-when-cross-origin" allowfullscreen></iframe>
</div></figure>
</div>



<div class="wp-block-column is-vertically-aligned-center is-layout-flow wp-block-column-is-layout-flow" style="flex-basis:33.33%">
<p class="has-text-color has-medium-font-size" style="color:#025839"><strong>Contatos com o Centro</strong></p>



<p class="has-text-color has-medium-font-size" style="color:#025839">página: <a rel="noreferrer noopener" href="http://sites.uel.br/ctu" target="_blank">sites.uel.br/ctu</a></p>



<p class="has-text-color has-medium-font-size" style="color:#025839">e-mail: <a href="mailto:ctu@uel.br">ctu@uel.br</a></p>



<p class="has-text-color has-medium-font-size" style="color:#025839">telefone<span style="font-size: revert">: (43) 3371-4505</span></p>
</div>
</div>



<div class="wp-block-columns is-layout-flex wp-container-core-columns-is-layout-9d6595d7 wp-block-columns-is-layout-flex">
<div class="wp-block-column is-layout-flow wp-block-column-is-layout-flow">
<figure class="wp-block-image size-full"><img loading="lazy" decoding="async" width="1500" height="1000" src="https://sites.uel.br/ser/wp-content/uploads/img/2025/coordenadores/engenharia_civil_carlos.png" alt="" class="wp-image-7727" srcset="https://sites.uel.br/ser/wp-content/uploads/img/2025/coordenadores/engenharia_civil_carlos.png 1500w, https://sites.uel.br/ser/wp-content/uploads/img/2025/coordenadores/engenharia_civil_carlos-300x200.png 300w, https://sites.uel.br/ser/wp-content/uploads/img/2025/coordenadores/engenharia_civil_carlos-1024x683.png 1024w, https://sites.uel.br/ser/wp-content/uploads/img/2025/coordenadores/engenharia_civil_carlos-768x512.png 768w" sizes="auto, (max-width: 1500px) 100vw, 1500px" /></figure>
</div>



<div class="wp-block-column is-vertically-aligned-center is-layout-flow wp-block-column-is-layout-flow">
<p class="has-text-color has-medium-font-size" style="color:#025839"><strong>Coordenação de Colegiado de Curso </strong></p>



<p class="has-text-color has-medium-font-size" style="color:#025839">Prof.  Carlos Alberto Prado da Silva Júnior</p>



<p class="has-text-color has-medium-font-size" style="color:#025839">e-mail: <a href="mailto:coleng-civil@uel.br">coleng-civil@uel.br</a></p>
</div>
</div>



<div class="wp-block-columns is-layout-flex wp-container-core-columns-is-layout-9d6595d7 wp-block-columns-is-layout-flex">
<div class="wp-block-column is-layout-flow wp-block-column-is-layout-flow">
<figure class="wp-block-image size-full"><img loading="lazy" decoding="async" width="1500" height="1000" src="https://sites.uel.br/ser/wp-content/uploads/img/2025/vices/engenharia_civil_andre.png" alt="" class="wp-image-7892" srcset="https://sites.uel.br/ser/wp-content/uploads/img/2025/vices/engenharia_civil_andre.png 1500w, https://sites.uel.br/ser/wp-content/uploads/img/2025/vices/engenharia_civil_andre-300x200.png 300w, https://sites.uel.br/ser/wp-content/uploads/img/2025/vices/engenharia_civil_andre-1024x683.png 1024w, https://sites.uel.br/ser/wp-content/uploads/img/2025/vices/engenharia_civil_andre-768x512.png 768w" sizes="auto, (max-width: 1500px) 100vw, 1500px" /></figure>
</div>



<div class="wp-block-column is-vertically-aligned-center is-layout-flow wp-block-column-is-layout-flow">
<p class="has-text-color has-medium-font-size" style="color:#025839"><strong>Vice-Coordenação de Colegiado de Curso </strong></p>



<p class="has-text-color has-medium-font-size" style="color:#025839">Prof.  André Campos de Moura</p>



<p class="has-text-color has-medium-font-size" style="color:#025839">e-mail: <a href="mailto:coleng-civil@uel.br">coleng-civil@uel.br</a></p>
</div>
</div>



<div class="wp-block-columns is-layout-flex wp-container-core-columns-is-layout-9d6595d7 wp-block-columns-is-layout-flex">
<div class="wp-block-column is-layout-flow wp-block-column-is-layout-flow">
<figure class="wp-block-image size-full"><a href="https://sites.uel.br/ser/wp-content/uploads/programacao/cursos/2026/programacao_recepcao_ingressantes_engenharia_civil.pdf" target="_blank" rel="noreferrer noopener"><img loading="lazy" decoding="async" width="960" height="540" src="https://sites.uel.br/ser/wp-content/uploads/2022/07/b_programacao.png" alt="" class="wp-image-2193" srcset="https://sites.uel.br/ser/wp-content/uploads/2022/07/b_programacao.png 960w, https://sites.uel.br/ser/wp-content/uploads/2022/07/b_programacao-300x169.png 300w, https://sites.uel.br/ser/wp-content/uploads/2022/07/b_programacao-768x432.png 768w" sizes="auto, (max-width: 960px) 100vw, 960px" /></a></figure>
</div>



<div class="wp-block-column is-vertically-aligned-center is-layout-flow wp-block-column-is-layout-flow">
<p class="has-text-align-center has-text-color has-medium-font-size" style="color:#025839"><strong>Confira a Programação de Recepção de seu Curso</strong></p>
</div>
</div>

<p>(Centro de Tecnologia e Urbanismo – CTU) Contatos com o Centro página: sites.uel.br/ctu e-mail: ctu@uel.br telefone: (43) 3371-4505 Coordenação de Colegiado de Curso Prof. Carlos Alberto Prado da Silva Júnior e-mail: coleng-civil@uel.br Vice-Coordenação de Colegiado de Curso Prof. André Campos de Moura e-mail: coleng-civil@uel.br Confira a Programação de Recepção de seu Curso</p>
