{"id":952,"date":"2022-03-31T11:12:39","date_gmt":"2022-03-31T14:12:39","guid":{"rendered":"https:\/\/sites.uel.br\/sebec\/?page_id=952"},"modified":"2022-04-18T14:01:15","modified_gmt":"2022-04-18T17:01:15","slug":"selecao-para-refeicoes-com-subsidio-ampliado-para-o-restaurante-universitario","status":"publish","type":"page","link":"https:\/\/sites.uel.br\/sebec\/selecao-para-refeicoes-com-subsidio-ampliado-para-o-restaurante-universitario\/","title":{"rendered":"Sele\u00e7\u00e3o para Refei\u00e7\u00f5es com Subs\u00eddio Ampliado para o Restaurante Universit\u00e1rio"},"content":{"rendered":"\n<p><\/p>\n\n\n\n<p>A concess\u00e3o de subs\u00eddio ampliado para refei\u00e7\u00f5es no Restaurante Universit\u00e1rio tem o objetivo de selecionar estudantes para que tenham acesso \u00e0s refei\u00e7\u00f5es servidas pelo Restaurante Universit\u00e1rio com maior subs\u00eddio, enquadrando-os no grupo I de comensais da <a rel=\"noreferrer noopener\" href=\"https:\/\/sites.uel.br\/sebec\/wp-content\/uploads\/2022\/03\/Resolucao-CA-35-2019.pdf\" target=\"_blank\">Resolu\u00e7\u00e3o CA n\u00b0 35\/2019<\/a>, destinados aos estudantes da Moradia Estudantil e discentes com renda familiar per capita mensal familiar de at\u00e9 um sal\u00e1rio m\u00ednimo Federal conforme <a rel=\"noreferrer noopener\" href=\"https:\/\/sites.uel.br\/sebec\/wp-content\/uploads\/2022\/02\/Resolucao-121-2014-Subsidio-Ampliado.pdf\" target=\"_blank\">Resolu\u00e7\u00e3o CA n\u00ba 121\/2014<\/a>. <\/p>\n\n\n\n<p><\/p>\n\n\n\n<ul class=\"wp-block-list\"><li><a href=\"https:\/\/sites.uel.br\/sebec\/?page_id=566\" data-type=\"URL\" data-id=\"https:\/\/sites.uel.br\/sebec\/?page_id=566\">Sele\u00e7\u00e3o para Refei\u00e7\u00f5es com Subs\u00eddio Ampliado para o RU 2022<\/a><\/li><li><a href=\"https:\/\/sites.uel.br\/sebec\/?page_id=674\">Sele\u00e7\u00e3o para Refei\u00e7\u00f5es com Subs\u00eddio Ampliado para o RU 2020<\/a><\/li><\/ul>\n","protected":false},"excerpt":{"rendered":"<p>A concess\u00e3o de subs\u00eddio ampliado para refei\u00e7\u00f5es no Restaurante Universit\u00e1rio tem o objetivo de selecionar estudantes para que tenham acesso \u00e0s refei\u00e7\u00f5es servidas pelo Restaurante Universit\u00e1rio com maior subs\u00eddio, enquadrando-os no grupo I de comensais da Resolu\u00e7\u00e3o CA n\u00b0 35\/2019, destinados aos estudantes da Moradia Estudantil e discentes com renda familiar per capita mensal familiar [&hellip;]<\/p>\n","protected":false},"author":1,"featured_media":0,"parent":0,"menu_order":0,"comment_status":"closed","ping_status":"closed","template":"","meta":{"_acf_changed":false,"footnotes":""},"class_list":["post-952","page","type-page","status-publish","hentry"],"acf":[],"_links":{"self":[{"href":"https:\/\/sites.uel.br\/sebec\/wp-json\/wp\/v2\/pages\/952","targetHints":{"allow":["GET"]}}],"collection":[{"href":"https:\/\/sites.uel.br\/sebec\/wp-json\/wp\/v2\/pages"}],"about":[{"href":"https:\/\/sites.uel.br\/sebec\/wp-json\/wp\/v2\/types\/page"}],"author":[{"embeddable":true,"href":"https:\/\/sites.uel.br\/sebec\/wp-json\/wp\/v2\/users\/1"}],"replies":[{"embeddable":true,"href":"https:\/\/sites.uel.br\/sebec\/wp-json\/wp\/v2\/comments?post=952"}],"version-history":[{"count":5,"href":"https:\/\/sites.uel.br\/sebec\/wp-json\/wp\/v2\/pages\/952\/revisions"}],"predecessor-version":[{"id":1415,"href":"https:\/\/sites.uel.br\/sebec\/wp-json\/wp\/v2\/pages\/952\/revisions\/1415"}],"wp:attachment":[{"href":"https:\/\/sites.uel.br\/sebec\/wp-json\/wp\/v2\/media?parent=952"}],"curies":[{"name":"wp","href":"https:\/\/api.w.org\/{rel}","templated":true}]}}

Seleção para Refeições com Subsídio Ampliado para o Restaurante Universitário

<p></p>



<p>A concessão de subsídio ampliado para refeições no Restaurante Universitário tem o objetivo de selecionar estudantes para que tenham acesso às refeições servidas pelo Restaurante Universitário com maior subsídio, enquadrando-os no grupo I de comensais da <a rel="noreferrer noopener" href="https://sites.uel.br/sebec/wp-content/uploads/2022/03/Resolucao-CA-35-2019.pdf" target="_blank">Resolução CA n° 35/2019</a>, destinados aos estudantes da Moradia Estudantil e discentes com renda familiar per capita mensal familiar de até um salário mínimo Federal conforme <a rel="noreferrer noopener" href="https://sites.uel.br/sebec/wp-content/uploads/2022/02/Resolucao-121-2014-Subsidio-Ampliado.pdf" target="_blank">Resolução CA nº 121/2014</a>. </p>



<p></p>



<ul class="wp-block-list"><li><a href="https://sites.uel.br/sebec/?page_id=566" data-type="URL" data-id="https://sites.uel.br/sebec/?page_id=566">Seleção para Refeições com Subsídio Ampliado para o RU 2022</a></li><li><a href="https://sites.uel.br/sebec/?page_id=674">Seleção para Refeições com Subsídio Ampliado para o RU 2020</a></li></ul>

<p>A concessão de subsídio ampliado para refeições no Restaurante Universitário tem o objetivo de selecionar estudantes para que tenham acesso às refeições servidas pelo Restaurante Universitário com maior subsídio, enquadrando-os no grupo I de comensais da Resolução CA n° 35/2019, destinados aos estudantes da Moradia Estudantil e discentes com renda familiar per capita mensal familiar [&hellip;]</p>
