{"id":788,"date":"2022-03-29T10:59:37","date_gmt":"2022-03-29T13:59:37","guid":{"rendered":"https:\/\/sites.uel.br\/sebec\/?page_id=788"},"modified":"2026-03-05T09:23:02","modified_gmt":"2026-03-05T12:23:02","slug":"avisos","status":"publish","type":"page","link":"https:\/\/sites.uel.br\/sebec\/avisos\/","title":{"rendered":"Avisos"},"content":{"rendered":"\n<p class=\"has-text-align-left\"><strong>Hor\u00e1rio de Atendimento do Restaurante Universit\u00e1rio<\/strong><\/p>\n\n\n\n<p class=\"has-text-align-left\">De segunda-feira a sexta-feira: <\/p>\n\n\n\n<p class=\"has-text-align-left\"><strong>Almo\u00e7o<\/strong>: das 11h \u00e0s 14h \u2014 <strong>Jantar<\/strong>: das 17h30 \u00e0s 19h30<\/p>\n\n\n\n<p><\/p>\n\n\n\n<p><a rel=\"noreferrer noopener\" href=\"https:\/\/operobal.uel.br\/tag\/restaurante\/\" data-type=\"URL\" data-id=\"https:\/\/operobal.uel.br\/tag\/restaurante\/\" target=\"_blank\">Not\u00edcias sobre o Restaurante Universit\u00e1rio &#8211; O Perobal<\/a><\/p>\n\n\n\n<p><a href=\"https:\/\/www.youtube.com\/user\/tvuel\/search?query=restaurante%20universit%C3%A1rio\" target=\"_blank\" rel=\"noreferrer noopener\">Restaurante Universit\u00e1rio TV UEL<\/a><\/p>\n\n\n\n<p><\/p>\n\n\n\n<p class=\"has-text-align-center has-cinza-claro-color has-verde-escuro-background-color has-text-color has-background\"><strong>COMUNICADO<\/strong><\/p>\n\n\n\n<p><\/p>\n\n\n\n<p class=\"has-text-align-center\"><\/p>\n\n\n\n<hr class=\"wp-block-separator aligncenter has-text-color has-verde-escuro-color has-alpha-channel-opacity has-verde-escuro-background-color has-background is-style-default\" \/>\n\n\n\n<p class=\"has-text-align-center\"><strong>Orienta\u00e7\u00f5es para a utiliza\u00e7\u00e3o do espa\u00e7o f\u00edsico:<\/strong><\/p>\n\n\n\n<ul class=\"wp-block-list\">\n<li>Para evitar filas nos terminais de autoatendimento (totens) no RU, efetuar a aquisi\u00e7\u00e3o de cr\u00e9ditos online pelo portal do estudante\/servidor;<\/li>\n\n\n\n<li>Portar a carteirinha de identifica\u00e7\u00e3o impressa ou digital, <strong>n\u00e3o haver\u00e1 possibilidade de acesso sem a carteirinha<\/strong>;<\/li>\n\n\n\n<li>Higienizar as m\u00e3os antes de retirar as bandejas e talheres;<\/li>\n\n\n\n<li>Evitar comunica\u00e7\u00e3o verbal com os outros usu\u00e1rios e\/ou funcion\u00e1rios.<\/li>\n<\/ul>\n","protected":false},"excerpt":{"rendered":"<p>Hor\u00e1rio de Atendimento do Restaurante Universit\u00e1rio De segunda-feira a sexta-feira: Almo\u00e7o: das 11h \u00e0s 14h \u2014 Jantar: das 17h30 \u00e0s 19h30 Not\u00edcias sobre o Restaurante Universit\u00e1rio &#8211; O Perobal Restaurante Universit\u00e1rio TV UEL COMUNICADO Orienta\u00e7\u00f5es para a utiliza\u00e7\u00e3o do espa\u00e7o f\u00edsico:<\/p>\n","protected":false},"author":1,"featured_media":0,"parent":0,"menu_order":0,"comment_status":"closed","ping_status":"closed","template":"","meta":{"_acf_changed":false,"footnotes":""},"class_list":["post-788","page","type-page","status-publish","hentry"],"acf":[],"_links":{"self":[{"href":"https:\/\/sites.uel.br\/sebec\/wp-json\/wp\/v2\/pages\/788","targetHints":{"allow":["GET"]}}],"collection":[{"href":"https:\/\/sites.uel.br\/sebec\/wp-json\/wp\/v2\/pages"}],"about":[{"href":"https:\/\/sites.uel.br\/sebec\/wp-json\/wp\/v2\/types\/page"}],"author":[{"embeddable":true,"href":"https:\/\/sites.uel.br\/sebec\/wp-json\/wp\/v2\/users\/1"}],"replies":[{"embeddable":true,"href":"https:\/\/sites.uel.br\/sebec\/wp-json\/wp\/v2\/comments?post=788"}],"version-history":[{"count":27,"href":"https:\/\/sites.uel.br\/sebec\/wp-json\/wp\/v2\/pages\/788\/revisions"}],"predecessor-version":[{"id":4996,"href":"https:\/\/sites.uel.br\/sebec\/wp-json\/wp\/v2\/pages\/788\/revisions\/4996"}],"wp:attachment":[{"href":"https:\/\/sites.uel.br\/sebec\/wp-json\/wp\/v2\/media?parent=788"}],"curies":[{"name":"wp","href":"https:\/\/api.w.org\/{rel}","templated":true}]}}