{"id":674,"date":"2022-03-28T13:50:22","date_gmt":"2022-03-28T16:50:22","guid":{"rendered":"https:\/\/sites.uel.br\/sebec\/?page_id=674"},"modified":"2022-04-06T09:50:16","modified_gmt":"2022-04-06T12:50:16","slug":"processo-unificado-de-selecao-socioeconomica-2020","status":"publish","type":"page","link":"https:\/\/sites.uel.br\/sebec\/processo-unificado-de-selecao-socioeconomica-2020\/","title":{"rendered":"Processo Unificado de Sele\u00e7\u00e3o Socioecon\u00f4mica 2020"},"content":{"rendered":"\n<p><\/p>\n\n\n\n<p><strong>Programas:<\/strong> Bolsa Perman\u00eancia, Empr\u00e9stimo de Instrumentos Odontol\u00f3gicos (Espec\u00edfico para estudantes de odontologia) Refei\u00e7\u00f5es com subs\u00eddio ampliado para estudante no RU, Vaga na Moradia Estudantil.<\/p>\n\n\n\n<p><\/p>\n\n\n\n<figure class=\"wp-block-table\"><table><tbody><tr><td class=\"has-text-align-center\" data-align=\"center\">17\/07\/2020<\/td><td class=\"has-text-align-center\" data-align=\"center\"><a rel=\"noreferrer noopener\" href=\"https:\/\/sites.uel.br\/sebec\/wp-content\/uploads\/2022\/03\/CANCELAMENTO-do-Edital-006_2020-Abertura-Processo-Unificado.pdf\" data-type=\"URL\" data-id=\"https:\/\/sites.uel.br\/sebec\/wp-content\/uploads\/2022\/03\/CANCELAMENTO-do-Edital-006_2020-Abertura-Processo-Unificado.pdf\" target=\"_blank\">Cancelamento<\/a><\/td><\/tr><tr><td class=\"has-text-align-center\" data-align=\"center\">09\/03\/2020<\/td><td class=\"has-text-align-center\" data-align=\"center\">Inscri\u00e7\u00f5es<\/td><\/tr><tr><td class=\"has-text-align-center\" data-align=\"center\">14\/02\/2020<\/td><td class=\"has-text-align-center\" data-align=\"center\"><a href=\"https:\/\/sites.uel.br\/sebec\/wp-content\/uploads\/2022\/03\/Edital-006_2020-Abertura-Processo-Unificado.pdf\" data-type=\"URL\" data-id=\"https:\/\/sites.uel.br\/sebec\/wp-content\/uploads\/2022\/03\/Edital-006_2020-Abertura-Processo-Unificado.pdf\" target=\"_blank\" rel=\"noreferrer noopener\">Edital SEBEC n\u00b0 006\/2020<\/a><\/td><\/tr><\/tbody><\/table><\/figure>\n","protected":false},"excerpt":{"rendered":"<p>Programas: Bolsa Perman\u00eancia, Empr\u00e9stimo de Instrumentos Odontol\u00f3gicos (Espec\u00edfico para estudantes de odontologia) Refei\u00e7\u00f5es com subs\u00eddio ampliado para estudante no RU, Vaga na Moradia Estudantil. 17\/07\/2020 Cancelamento 09\/03\/2020 Inscri\u00e7\u00f5es 14\/02\/2020 Edital SEBEC n\u00b0 006\/2020<\/p>\n","protected":false},"author":1,"featured_media":0,"parent":0,"menu_order":0,"comment_status":"closed","ping_status":"closed","template":"","meta":{"_acf_changed":false,"footnotes":""},"class_list":["post-674","page","type-page","status-publish","hentry"],"acf":[],"_links":{"self":[{"href":"https:\/\/sites.uel.br\/sebec\/wp-json\/wp\/v2\/pages\/674","targetHints":{"allow":["GET"]}}],"collection":[{"href":"https:\/\/sites.uel.br\/sebec\/wp-json\/wp\/v2\/pages"}],"about":[{"href":"https:\/\/sites.uel.br\/sebec\/wp-json\/wp\/v2\/types\/page"}],"author":[{"embeddable":true,"href":"https:\/\/sites.uel.br\/sebec\/wp-json\/wp\/v2\/users\/1"}],"replies":[{"embeddable":true,"href":"https:\/\/sites.uel.br\/sebec\/wp-json\/wp\/v2\/comments?post=674"}],"version-history":[{"count":5,"href":"https:\/\/sites.uel.br\/sebec\/wp-json\/wp\/v2\/pages\/674\/revisions"}],"predecessor-version":[{"id":1213,"href":"https:\/\/sites.uel.br\/sebec\/wp-json\/wp\/v2\/pages\/674\/revisions\/1213"}],"wp:attachment":[{"href":"https:\/\/sites.uel.br\/sebec\/wp-json\/wp\/v2\/media?parent=674"}],"curies":[{"name":"wp","href":"https:\/\/api.w.org\/{rel}","templated":true}]}}