{"id":566,"date":"2022-03-25T14:53:39","date_gmt":"2022-03-25T17:53:39","guid":{"rendered":"https:\/\/sites.uel.br\/sebec\/?page_id=566"},"modified":"2022-12-06T11:07:41","modified_gmt":"2022-12-06T14:07:41","slug":"processo-unificado-de-selecao-socioeconomica-2022","status":"publish","type":"page","link":"https:\/\/sites.uel.br\/sebec\/processo-unificado-de-selecao-socioeconomica-2022\/","title":{"rendered":"Processo Unificado de Sele\u00e7\u00e3o Socioecon\u00f4mica 2022"},"content":{"rendered":"\n<p><\/p>\n\n\n\n<p><strong>Programas:<\/strong> Bolsa Perman\u00eancia, Refei\u00e7\u00f5es com subs\u00eddio ampliado para estudante no RU, Vaga na Moradia Estudantil.<\/p>\n\n\n\n<p><\/p>\n\n\n\n<p><\/p>\n\n\n\n<figure class=\"wp-block-table has-medium-font-size\"><table><tbody><tr><td class=\"has-text-align-center\" data-align=\"center\">06\/12\/2022<\/td><td class=\"has-text-align-center\" data-align=\"center\"><a href=\"https:\/\/sites.uel.br\/sebec\/wp-content\/uploads\/2022\/12\/Edital-037_2022-Convocacao-Bolsa-Permanencia-17a-CHAMADA.pdf\" target=\"_blank\" rel=\"noreferrer noopener\">Edital 037\/2022 &#8211; Edital de Convoca\u00e7\u00e3o Bolsa Perman\u00eancia (Emenda Parlamentar) &#8211; Lista de Espera &#8211; 17\u00aa Chamada<\/a><\/td><\/tr><tr><td class=\"has-text-align-center\" data-align=\"center\">02\/12\/2022<\/td><td class=\"has-text-align-center\" data-align=\"center\"><a href=\"https:\/\/sites.uel.br\/sebec\/wp-content\/uploads\/2022\/12\/Edital-036_2022-Convocacao-Bolsa-Permanencia-16a-CHAMADA.pdf\" target=\"_blank\" rel=\"noreferrer noopener\">Edital 036\/2022 &#8211; Edital de Convoca\u00e7\u00e3o Bolsa Perman\u00eancia (Emenda Parlamentar) &#8211; Lista de Espera &#8211; 16\u00aa Chamada<\/a><\/td><\/tr><tr><td class=\"has-text-align-center\" data-align=\"center\">11\/11\/2022<\/td><td class=\"has-text-align-center\" data-align=\"center\"><a href=\"https:\/\/sites.uel.br\/sebec\/wp-content\/uploads\/2022\/11\/Edital-035_2022-Convocacao-Bolsa-Permanencia-15a-CHAMADA.pdf\" target=\"_blank\" rel=\"noreferrer noopener\">Edital 035\/2022 &#8211; Edital de Convoca\u00e7\u00e3o Bolsa Perman\u00eancia &#8211; Lista de Espera &#8211; 15\u00aa Chamada<\/a><\/td><\/tr><tr><td class=\"has-text-align-center\" data-align=\"center\">09\/11\/2022<\/td><td class=\"has-text-align-center\" data-align=\"center\"><a href=\"https:\/\/sites.uel.br\/sebec\/wp-content\/uploads\/2022\/11\/Edital-034_2022-Convocacao-Bolsa-Permanencia-14a-CHAMADA.pdf\" target=\"_blank\" rel=\"noreferrer noopener\">Edital 034\/2022 &#8211; Edital de Convoca\u00e7\u00e3o Bolsa Perman\u00eancia &#8211; Lista de Espera &#8211; 14\u00aa Chamada<\/a><\/td><\/tr><tr><td class=\"has-text-align-center\" data-align=\"center\">03\/11\/2022<\/td><td class=\"has-text-align-center\" data-align=\"center\"><a href=\"https:\/\/sites.uel.br\/sebec\/wp-content\/uploads\/2022\/11\/Edital-033_2022-Convocacao-Bolsa-Permanencia-13a-CHAMADA.pdf\" target=\"_blank\" rel=\"noreferrer noopener\">Edital 033\/2022 &#8211; Edital de Convoca\u00e7\u00e3o Bolsa Perman\u00eancia &#8211; Lista de Espera &#8211; 13\u00aa Chamada<\/a><\/td><\/tr><tr><td class=\"has-text-align-center\" data-align=\"center\">01\/11\/2022<\/td><td class=\"has-text-align-center\" data-align=\"center\"><a href=\"https:\/\/sites.uel.br\/sebec\/wp-content\/uploads\/2022\/11\/Edital-032_2022-Convocacao-Bolsa-Permanencia-12a-CHAMADA.pdf\">Edital 032\/2022 &#8211; Edital de Convoca\u00e7\u00e3o Bolsa Perman\u00eancia &#8211; Lista de Espera &#8211; 12\u00aa Chamada<\/a><\/td><\/tr><tr><td class=\"has-text-align-center\" data-align=\"center\">11\/10\/2022<\/td><td class=\"has-text-align-center\" data-align=\"center\"><a href=\"https:\/\/sites.uel.br\/sebec\/wp-content\/uploads\/2022\/10\/Edital-031_2022-Convocacao-Bolsa-Permanencia-11a-CHAMADA.pdf\" target=\"_blank\" rel=\"noreferrer noopener\">Edital 031\/2022 &#8211; Edital de Convoca\u00e7\u00e3o Bolsa Perman\u00eancia &#8211; Lista de Espera &#8211; 11\u00aa Chamada<\/a><\/td><\/tr><tr><td class=\"has-text-align-center\" data-align=\"center\">06\/10\/2022<\/td><td class=\"has-text-align-center\" data-align=\"center\"><a href=\"https:\/\/sites.uel.br\/sebec\/wp-content\/uploads\/2022\/10\/Edital-030_2022-Convocacao-Bolsa-Permanencia-10a-CHAMADA.pdf\" target=\"_blank\" rel=\"noreferrer noopener\">Edital 030\/2022 &#8211; Edital de Convoca\u00e7\u00e3o Bolsa Perman\u00eancia &#8211; Lista de Espera &#8211; 10\u00aa Chamada<\/a><\/td><\/tr><tr><td class=\"has-text-align-center\" data-align=\"center\">03\/10\/2022<\/td><td class=\"has-text-align-center\" data-align=\"center\"><a href=\"https:\/\/sites.uel.br\/sebec\/wp-content\/uploads\/2022\/10\/Edital-029_2022-Convocacao-Bolsa-Permanencia-9a-CHAMADA.pdf\" target=\"_blank\" rel=\"noreferrer noopener\">Edital 029\/2022 &#8211; Edital de Convoca\u00e7\u00e3o Bolsa Perman\u00eancia &#8211; Lista de Espera &#8211; 9\u00aa Chamada<\/a><\/td><\/tr><tr><td class=\"has-text-align-center\" data-align=\"center\">16\/09\/2022<\/td><td class=\"has-text-align-center\" data-align=\"center\"><a href=\"https:\/\/sites.uel.br\/sebec\/wp-content\/uploads\/2022\/09\/Edital-028_2022-Convocacao-Bolsa-Permanencia-8a-CHAMADA.pdf\" target=\"_blank\" rel=\"noreferrer noopener\">Edital 028\/2022 &#8211; Edital de Convoca\u00e7\u00e3o Bolsa Perman\u00eancia &#8211; Lista de Espera &#8211; 8\u00aa Chamada<\/a><\/td><\/tr><tr><td class=\"has-text-align-center\" data-align=\"center\">13\/09\/2022<\/td><td class=\"has-text-align-center\" data-align=\"center\"><a href=\"https:\/\/sites.uel.br\/sebec\/wp-content\/uploads\/2022\/09\/Edital-027_2022-Convocacao-Bolsa-Permanencia-7a-CHAMADA.pdf\" target=\"_blank\" rel=\"noreferrer noopener\">Edital 027\/2022 &#8211; Edital de Convoca\u00e7\u00e3o Bolsa Perman\u00eancia &#8211; Lista de Espera &#8211; 7\u00aa Chamada<\/a><\/td><\/tr><tr><td class=\"has-text-align-center\" data-align=\"center\">06\/09\/2022<\/td><td class=\"has-text-align-center\" data-align=\"center\"><a href=\"https:\/\/sites.uel.br\/sebec\/wp-content\/uploads\/2022\/09\/Edital-026_2022-Convocacao-Bolsa-Permanencia-6a-CHAMADA.pdf\" target=\"_blank\" rel=\"noreferrer noopener\">Edital 026\/2022 &#8211; Edital de Convoca\u00e7\u00e3o Bolsa Perman\u00eancia &#8211; Lista de Espera &#8211; 6\u00aa Chamada<\/a><\/td><\/tr><tr><td class=\"has-text-align-center\" data-align=\"center\">12\/05\/2022<\/td><td class=\"has-text-align-center\" data-align=\"center\"><a rel=\"noreferrer noopener\" href=\"https:\/\/sites.uel.br\/sebec\/wp-content\/uploads\/2022\/05\/Edital-017_2022-Convocacao-Bolsa-Permanencia-5a-CHAMADA.pdf\" target=\"_blank\"><\/a><a href=\"https:\/\/sites.uel.br\/sebec\/wp-content\/uploads\/2022\/05\/Edital-017_2022-Convocacao-Bolsa-Permanencia-5a-CHAMADA.pdf\" target=\"_blank\" rel=\"noreferrer noopener\">Edital 017\/2022 &#8211; Edital de Convoca\u00e7\u00e3o Bolsa Perman\u00eancia &#8211; Lista de Espera &#8211; 5\u00aa Chamada<\/a><\/td><\/tr><tr><td class=\"has-text-align-center\" data-align=\"center\">05\/05\/2022<\/td><td class=\"has-text-align-center\" data-align=\"center\"><a href=\"https:\/\/sites.uel.br\/sebec\/wp-content\/uploads\/2022\/05\/Edital-015_2022-Convocacao-Bolsa-Permanencia-4a-CHAMADA.pdf\" target=\"_blank\" rel=\"noreferrer noopener\">Edital 015\/2022 &#8211; Edital de Convoca\u00e7\u00e3o Bolsa Perman\u00eancia &#8211; Lista de Espera &#8211; 4\u00aa Chamada<\/a><\/td><\/tr><tr><td class=\"has-text-align-center\" data-align=\"center\">28\/04\/2022<\/td><td class=\"has-text-align-center\" data-align=\"center\"><a href=\"https:\/\/sites.uel.br\/sebec\/wp-content\/uploads\/2022\/05\/Edital-011_2022-Convocacao-Bolsa-Permanencia-3a-CHAMADA.pdf\" target=\"_blank\" rel=\"noreferrer noopener\">Edital 011\/2022 &#8211; Edital de Convoca\u00e7\u00e3o Bolsa Perman\u00eancia &#8211; Lista de Espera &#8211; 3\u00aa Chamada&nbsp;<\/a><\/td><\/tr><tr><td class=\"has-text-align-center\" data-align=\"center\">25\/04\/2022<\/td><td class=\"has-text-align-center\" data-align=\"center\"><a href=\"https:\/\/sites.uel.br\/sebec\/wp-content\/uploads\/2022\/05\/Edital-010_2022-Convocacao-Bolsa-Permanencia-2a-CHAMADA.pdf\" target=\"_blank\" rel=\"noreferrer noopener\">Edital 010\/2022 &#8211; Edital de Convoca\u00e7\u00e3o Bolsa Perman\u00eancia &#8211; Lista de Espera &#8211; 2\u00aa Chamada&nbsp;<\/a><\/td><\/tr><tr><td class=\"has-text-align-center\" data-align=\"center\">18\/04\/2022<\/td><td class=\"has-text-align-center\" data-align=\"center\"><a rel=\"noreferrer noopener\" href=\"https:\/\/sites.uel.br\/sebec\/wp-content\/uploads\/2022\/04\/Edital-007__2022-Convocacao-Bolsa-Permanencia.pdf\" target=\"_blank\">Convoca\u00e7\u00e3o Bolsa Perman\u00eancia &#8211; Edital SEBEC n\u00b0 007\/2022<\/a><br><a rel=\"noreferrer noopener\" href=\"https:\/\/sites.uel.br\/sebec\/wp-content\/uploads\/2022\/04\/Edital-008__2022-Convocacao-Subsidio-RU.pdf\" data-type=\"URL\" data-id=\"https:\/\/sites.uel.br\/sebec\/wp-content\/uploads\/2022\/04\/Edital-008__2022-Convocacao-Subsidio-RU.pdf\" target=\"_blank\">Convoca\u00e7\u00e3o Subs\u00eddio Ampliado RU &#8211; Edital SEBEC n\u00b0 008\/2022<\/a><br><a rel=\"noreferrer noopener\" href=\"https:\/\/sites.uel.br\/sebec\/wp-content\/uploads\/2022\/04\/Edital-009__2022-Convocacao-Moradia-Estudantil.pdf\" target=\"_blank\">Convoca\u00e7\u00e3o Moradia Estudantil &#8211; Edital SEBEC n\u00b0 009\/2022<\/a><\/td><\/tr><tr><td class=\"has-text-align-center\" data-align=\"center\">18\/04\/2022<\/td><td class=\"has-text-align-center\" data-align=\"center\"><a rel=\"noreferrer noopener\" href=\"https:\/\/sites.uel.br\/sebec\/wp-content\/uploads\/2022\/04\/Edital-006_2022-Recurso-Processo-Unificado-Deferidos-e-Indeferidos.pdf\" target=\"_blank\">Resultado do Recurso &#8211; Edital SEBEC n\u00b0 006\/2022<\/a><\/td><\/tr><tr><td class=\"has-text-align-center\" data-align=\"center\">07\/04\/2022 a 11\/04\/2022<\/td><td class=\"has-text-align-center\" data-align=\"center\">Pedido de Recurso<\/td><\/tr><tr><td class=\"has-text-align-center\" data-align=\"center\">06\/04\/2022<\/td><td class=\"has-text-align-center\" data-align=\"center\"><a rel=\"noreferrer noopener\" href=\"https:\/\/sites.uel.br\/sebec\/wp-content\/uploads\/2022\/04\/Edital-005_2022-Processo-Unificado-Deferidos-e-Indeferidos.pdf\" target=\"_blank\">Inscri\u00e7\u00f5es Deferidas e Indeferidas &#8211; Edital SEBEC n\u00b0 005\/2022<\/a><\/td><\/tr><tr><td class=\"has-text-align-center\" data-align=\"center\">14\/02\/2022<\/td><td class=\"has-text-align-center\" data-align=\"center\"><a rel=\"noreferrer noopener\" href=\"https:\/\/sites.uel.br\/sebec\/wp-content\/uploads\/2022\/03\/Prorrogacao-Edital-001_2022.pdf\" data-type=\"URL\" data-id=\"https:\/\/sites.uel.br\/sebec\/wp-content\/uploads\/2022\/03\/Prorrogacao-Edital-001_2022.pdf\" target=\"_blank\">Prorroga\u00e7\u00e3o do Prazo de Inscri\u00e7\u00f5es do Edital SEBEC n\u00b0 001\/2022 <\/a><\/td><\/tr><tr><td class=\"has-text-align-center\" data-align=\"center\">24\/01\/2022 a 23\/02\/2022<\/td><td class=\"has-text-align-center\" data-align=\"center\">Inscri\u00e7\u00f5es<\/td><\/tr><tr><td class=\"has-text-align-center\" data-align=\"center\">17\/01\/2022<\/td><td class=\"has-text-align-center\" data-align=\"center\"><a rel=\"noreferrer noopener\" href=\"https:\/\/sites.uel.br\/sebec\/wp-content\/uploads\/2022\/03\/Edital-001_2022_-Abertura-Processo-Unificado.pdf\" target=\"_blank\">Edital SEBEC n\u00b0001\/2022<\/a><br><a rel=\"noreferrer noopener\" href=\"https:\/\/sites.uel.br\/sebec\/wp-content\/uploads\/2022\/03\/Lista-documentos.pdf\" data-type=\"URL\" data-id=\"https:\/\/sites.uel.br\/sebec\/wp-content\/uploads\/2022\/03\/Lista-documentos.pdf\" target=\"_blank\">&#8211; Lista de documentos<\/a><br><a rel=\"noreferrer noopener\" href=\"https:\/\/sites.uel.br\/sebec\/wp-content\/uploads\/2022\/03\/Modelo-Declaracao-simples.pdf\" data-type=\"URL\" data-id=\"https:\/\/sites.uel.br\/sebec\/wp-content\/uploads\/2022\/03\/Modelo-Declaracao-simples.pdf\" target=\"_blank\">&#8211; Modelo de declara\u00e7\u00e3o simples<\/a><br><a rel=\"noreferrer noopener\" href=\"https:\/\/sites.uel.br\/sebec\/wp-content\/uploads\/2022\/03\/Modelo-Declaracao-autossuficiencia.pdf\" data-type=\"URL\" data-id=\"https:\/\/sites.uel.br\/sebec\/wp-content\/uploads\/2022\/03\/Modelo-Declaracao-autossuficiencia.pdf\" target=\"_blank\">&#8211; Modelo de de declara\u00e7\u00e3o de autossufici\u00eancia<\/a><\/td><\/tr><\/tbody><\/table><\/figure>\n\n\n\n<p><\/p>\n","protected":false},"excerpt":{"rendered":"<p>Programas: Bolsa Perman\u00eancia, Refei\u00e7\u00f5es com subs\u00eddio ampliado para estudante no RU, Vaga na Moradia Estudantil. 06\/12\/2022 Edital 037\/2022 &#8211; Edital de Convoca\u00e7\u00e3o Bolsa Perman\u00eancia (Emenda Parlamentar) &#8211; Lista de Espera &#8211; 17\u00aa Chamada 02\/12\/2022 Edital 036\/2022 &#8211; Edital de Convoca\u00e7\u00e3o Bolsa Perman\u00eancia (Emenda Parlamentar) &#8211; Lista de Espera &#8211; 16\u00aa Chamada 11\/11\/2022 Edital 035\/2022 &#8211; [&hellip;]<\/p>\n","protected":false},"author":1,"featured_media":0,"parent":0,"menu_order":0,"comment_status":"closed","ping_status":"closed","template":"","meta":{"_acf_changed":false,"footnotes":""},"class_list":["post-566","page","type-page","status-publish","hentry"],"acf":[],"_links":{"self":[{"href":"https:\/\/sites.uel.br\/sebec\/wp-json\/wp\/v2\/pages\/566","targetHints":{"allow":["GET"]}}],"collection":[{"href":"https:\/\/sites.uel.br\/sebec\/wp-json\/wp\/v2\/pages"}],"about":[{"href":"https:\/\/sites.uel.br\/sebec\/wp-json\/wp\/v2\/types\/page"}],"author":[{"embeddable":true,"href":"https:\/\/sites.uel.br\/sebec\/wp-json\/wp\/v2\/users\/1"}],"replies":[{"embeddable":true,"href":"https:\/\/sites.uel.br\/sebec\/wp-json\/wp\/v2\/comments?post=566"}],"version-history":[{"count":38,"href":"https:\/\/sites.uel.br\/sebec\/wp-json\/wp\/v2\/pages\/566\/revisions"}],"predecessor-version":[{"id":2508,"href":"https:\/\/sites.uel.br\/sebec\/wp-json\/wp\/v2\/pages\/566\/revisions\/2508"}],"wp:attachment":[{"href":"https:\/\/sites.uel.br\/sebec\/wp-json\/wp\/v2\/media?parent=566"}],"curies":[{"name":"wp","href":"https:\/\/api.w.org\/{rel}","templated":true}]}}