{"id":546,"date":"2022-03-25T14:20:49","date_gmt":"2022-03-25T17:20:49","guid":{"rendered":"https:\/\/sites.uel.br\/sebec\/?page_id=546"},"modified":"2022-04-06T10:01:24","modified_gmt":"2022-04-06T13:01:24","slug":"processo-de-selecao-do-curso-especial-pre-vestibular-2022","status":"publish","type":"page","link":"https:\/\/sites.uel.br\/sebec\/processo-de-selecao-do-curso-especial-pre-vestibular-2022\/","title":{"rendered":"Processo de Sele\u00e7\u00e3o do Curso Especial Pr\u00e9-Vestibular 2022"},"content":{"rendered":"\n<p><\/p>\n\n\n\n<figure class=\"wp-block-table\"><table><tbody><tr><td class=\"has-text-align-center\" data-align=\"center\">05\/04\/2022 a 07\/04\/2022<\/td><td class=\"has-text-align-center\" data-align=\"center\"><a href=\"https:\/\/sites.uel.br\/cursinho\/selecao-novos-alunos-2022\/\" data-type=\"URL\" data-id=\"https:\/\/sites.uel.br\/cursinho\/selecao-novos-alunos-2022\/\" target=\"_blank\" rel=\"noreferrer noopener\">Matr\u00edcula das Inscri\u00e7\u00f5es Deferidas<\/a> <\/td><\/tr><tr><td class=\"has-text-align-center\" data-align=\"center\">25\/03\/2022<\/td><td class=\"has-text-align-center\" data-align=\"center\"><a href=\"https:\/\/sites.uel.br\/sebec\/wp-content\/uploads\/2022\/03\/Edital-004_2022-Resultado-Convocacao-Cursinho-NIS.pdf\" data-type=\"URL\" data-id=\"https:\/\/sites.uel.br\/sebec\/wp-content\/uploads\/2022\/03\/Edital-004_2022-Resultado-Convocacao-Cursinho-NIS.pdf\" target=\"_blank\" rel=\"noreferrer noopener\">Resultado Final &#8211; Edital SEBEC n\u00b0 004\/2022<\/a><\/td><\/tr><tr><td class=\"has-text-align-center\" data-align=\"center\">18\/03\/2022 a 21\/03\/2022<\/td><td class=\"has-text-align-center\" data-align=\"center\"><a rel=\"noreferrer noopener\" href=\"https:\/\/www.sistemasweb.uel.br\/index.php?contents=system\/insc\/index.php&amp;pagina=view\/inscricoes\/seleciona_evento.php&amp;cod_evento=7192\" target=\"_blank\">Pedido de Recurso<\/a><\/td><\/tr><tr><td class=\"has-text-align-center\" data-align=\"center\">17\/03\/2022<\/td><td class=\"has-text-align-center\" data-align=\"center\"><a rel=\"noreferrer noopener\" href=\"https:\/\/sites.uel.br\/sebec\/wp-content\/uploads\/2022\/03\/Edital-002_2022-Resultado-Provisorio-Cursinho-NIS.pdf\" target=\"_blank\">Inscri\u00e7\u00f5es Deferidas e Indeferidas &#8211; Edital SEBEC n\u00b0 002\/2022<\/a><\/td><\/tr><tr><td class=\"has-text-align-center\" data-align=\"center\">07\/03\/2022 a 11\/03\/2022<\/td><td class=\"has-text-align-center\" data-align=\"center\"><a href=\"https:\/\/www.sistemasweb.uel.br\/index.php?contents=system\/insc\/index.php&amp;pagina=view\/inscricoes\/seleciona_evento.php&amp;cod_evento=7192\" data-type=\"URL\" data-id=\"https:\/\/www.sistemasweb.uel.br\/index.php?contents=system\/insc\/index.php&amp;pagina=view\/inscricoes\/seleciona_evento.php&amp;cod_evento=7192\" target=\"_blank\" rel=\"noreferrer noopener\">Inscri\u00e7\u00f5es<\/a><\/td><\/tr><tr><td class=\"has-text-align-center\" data-align=\"center\">25\/02\/2022<\/td><td class=\"has-text-align-center\" data-align=\"center\"><a rel=\"noreferrer noopener\" href=\"https:\/\/sites.uel.br\/sebec\/wp-content\/uploads\/2022\/03\/Errata-do-Edital-Conjunto-SEBEC-PROEX-001-2022.pdf\" target=\"_blank\">Errata do Edital Conjunto SEBEC\/PROEX n\u00b0 001\/2022<\/a><\/td><\/tr><tr><td class=\"has-text-align-center\" data-align=\"center\">24\/02\/2022<\/td><td class=\"has-text-align-center\" data-align=\"center\"><a rel=\"noreferrer noopener\" href=\"https:\/\/sites.uel.br\/sebec\/wp-content\/uploads\/2022\/03\/Edital-Conjunto-SEBEC-Proex-001-2022.pdf\" target=\"_blank\">Edital Conjunto SEBEC\/PROEX n\u00b0 001\/2022<\/a><\/td><\/tr><\/tbody><\/table><\/figure>\n\n\n\n<p><\/p>\n","protected":false},"excerpt":{"rendered":"<p>05\/04\/2022 a 07\/04\/2022 Matr\u00edcula das Inscri\u00e7\u00f5es Deferidas 25\/03\/2022 Resultado Final &#8211; Edital SEBEC n\u00b0 004\/2022 18\/03\/2022 a 21\/03\/2022 Pedido de Recurso 17\/03\/2022 Inscri\u00e7\u00f5es Deferidas e Indeferidas &#8211; Edital SEBEC n\u00b0 002\/2022 07\/03\/2022 a 11\/03\/2022 Inscri\u00e7\u00f5es 25\/02\/2022 Errata do Edital Conjunto SEBEC\/PROEX n\u00b0 001\/2022 24\/02\/2022 Edital Conjunto SEBEC\/PROEX n\u00b0 001\/2022<\/p>\n","protected":false},"author":1,"featured_media":0,"parent":0,"menu_order":0,"comment_status":"closed","ping_status":"closed","template":"","meta":{"_acf_changed":false,"footnotes":""},"class_list":["post-546","page","type-page","status-publish","hentry"],"acf":[],"_links":{"self":[{"href":"https:\/\/sites.uel.br\/sebec\/wp-json\/wp\/v2\/pages\/546","targetHints":{"allow":["GET"]}}],"collection":[{"href":"https:\/\/sites.uel.br\/sebec\/wp-json\/wp\/v2\/pages"}],"about":[{"href":"https:\/\/sites.uel.br\/sebec\/wp-json\/wp\/v2\/types\/page"}],"author":[{"embeddable":true,"href":"https:\/\/sites.uel.br\/sebec\/wp-json\/wp\/v2\/users\/1"}],"replies":[{"embeddable":true,"href":"https:\/\/sites.uel.br\/sebec\/wp-json\/wp\/v2\/comments?post=546"}],"version-history":[{"count":12,"href":"https:\/\/sites.uel.br\/sebec\/wp-json\/wp\/v2\/pages\/546\/revisions"}],"predecessor-version":[{"id":1226,"href":"https:\/\/sites.uel.br\/sebec\/wp-json\/wp\/v2\/pages\/546\/revisions\/1226"}],"wp:attachment":[{"href":"https:\/\/sites.uel.br\/sebec\/wp-json\/wp\/v2\/media?parent=546"}],"curies":[{"name":"wp","href":"https:\/\/api.w.org\/{rel}","templated":true}]}}