{"id":488,"date":"2022-03-24T13:31:46","date_gmt":"2022-03-24T16:31:46","guid":{"rendered":"https:\/\/sites.uel.br\/sebec\/?page_id=488"},"modified":"2023-07-17T15:54:44","modified_gmt":"2023-07-17T18:54:44","slug":"sobre-a-divisao-de-servico-social","status":"publish","type":"page","link":"https:\/\/sites.uel.br\/sebec\/sobre-a-divisao-de-servico-social\/","title":{"rendered":"Sobre o Servi\u00e7o Social"},"content":{"rendered":"\n<p><\/p>\n\n\n\n<p>O objeto profissional do Servi\u00e7o Social do SEBEC \u00e9 a assist\u00eancia estudantil e a seguran\u00e7a e sa\u00fade do trabalhador. Por isso, o objetivo do Servi\u00e7o Social \u00e9 atuar na defesa e garantia de direitos sociais e na gest\u00e3o de pol\u00edticas, programas e projetos sociais.<\/p>\n\n\n\n<p>O Servi\u00e7o Social opera no enfrentamento da desigualdade social, \u00e9tnico-racial e de g\u00eanero, no desenvolvimento de a\u00e7\u00f5es que visem o protagonismo e a autonomia dos cidad\u00e3os, compreendidos como toda a comunidade universit\u00e1ria da UEL. <\/p>\n\n\n\n<p>Assim sendo, o Servi\u00e7o Social promove em conjunto com demais \u00f3rg\u00e3os da Universidade Estadual de Londrina, pol\u00edticas institucionais em Direitos Humanos, Assist\u00eancia Social, Aten\u00e7\u00e3o Psicossocial, Sa\u00fade, Recursos Humanos e Educa\u00e7\u00e3o, com foco em A\u00e7\u00f5es Afirmativas, Perman\u00eancia Estudantil, Sa\u00fade do Trabalhador e Bem-Estar da Comunidade Universit\u00e1ria.<br><\/p>\n\n\n\n<p><strong>Saiba mais:<\/strong><\/p>\n\n\n\n<p>Ato Executivo UEL n\u00ba 44\/2022 &#8211; <a href=\"https:\/\/sistemas.uel.br\/files\/atonormativo\/ATO-EXECUTIVO\/2022\/44.pdf\">https:\/\/sistemas.uel.br\/files\/atonormativo\/ATO-EXECUTIVO\/2022\/44.pdf<\/a><\/p>\n\n\n\n<p>Lei n\u00ba 8.662\/1993 &#8211; Regulamenta\u00e7\u00e3o da Profiss\u00e3o &#8211; <a href=\"https:\/\/legislacao.presidencia.gov.br\/atos\/?tipo=LEI&amp;numero=8662&amp;ano=1993&amp;ato=1b1g3YU5ENFpWTaef\">https:\/\/legislacao.presidencia.gov.br\/atos\/?tipo=LEI&amp;numero=8662&amp;ano=1993&amp;ato=1b1g3YU5ENFpWTaef<\/a><\/p>\n\n\n\n<p>C\u00f3digo de \u00c9tica do\/a Assistente Social &#8211; <a href=\"https:\/\/www.cfess.org.br\/arquivos\/CEP_CFESS-SITE.pdf\">https:\/\/www.cfess.org.br\/arquivos\/CEP_CFESS-SITE.pdf<\/a><\/p>\n\n\n\n<p>Subs\u00eddios para Atua\u00e7\u00e3o de Assistentes Sociais na Pol\u00edtica de Educa\u00e7\u00e3o &#8211; <a href=\"http:\/\/www.cfess.org.br\/arquivos\/BROCHURACFESS_SUBSIDIOS-AS-EDUCACAO.pdf\">http:\/\/www.cfess.org.br\/arquivos\/BROCHURACFESS_SUBSIDIOS-AS-EDUCACAO.pdf<\/a><\/p>\n\n\n\n<p><\/p>\n","protected":false},"excerpt":{"rendered":"<p>O objeto profissional do Servi\u00e7o Social do SEBEC \u00e9 a assist\u00eancia estudantil e a seguran\u00e7a e sa\u00fade do trabalhador. Por isso, o objetivo do Servi\u00e7o Social \u00e9 atuar na defesa e garantia de direitos sociais e na gest\u00e3o de pol\u00edticas, programas e projetos sociais. O Servi\u00e7o Social opera no enfrentamento da desigualdade social, \u00e9tnico-racial e [&hellip;]<\/p>\n","protected":false},"author":1,"featured_media":0,"parent":0,"menu_order":0,"comment_status":"closed","ping_status":"closed","template":"","meta":{"_acf_changed":false,"footnotes":""},"class_list":["post-488","page","type-page","status-publish","hentry"],"acf":[],"_links":{"self":[{"href":"https:\/\/sites.uel.br\/sebec\/wp-json\/wp\/v2\/pages\/488","targetHints":{"allow":["GET"]}}],"collection":[{"href":"https:\/\/sites.uel.br\/sebec\/wp-json\/wp\/v2\/pages"}],"about":[{"href":"https:\/\/sites.uel.br\/sebec\/wp-json\/wp\/v2\/types\/page"}],"author":[{"embeddable":true,"href":"https:\/\/sites.uel.br\/sebec\/wp-json\/wp\/v2\/users\/1"}],"replies":[{"embeddable":true,"href":"https:\/\/sites.uel.br\/sebec\/wp-json\/wp\/v2\/comments?post=488"}],"version-history":[{"count":9,"href":"https:\/\/sites.uel.br\/sebec\/wp-json\/wp\/v2\/pages\/488\/revisions"}],"predecessor-version":[{"id":3145,"href":"https:\/\/sites.uel.br\/sebec\/wp-json\/wp\/v2\/pages\/488\/revisions\/3145"}],"wp:attachment":[{"href":"https:\/\/sites.uel.br\/sebec\/wp-json\/wp\/v2\/media?parent=488"}],"curies":[{"name":"wp","href":"https:\/\/api.w.org\/{rel}","templated":true}]}}

Sobre o Serviço Social

<p></p>



<p>O objeto profissional do Serviço Social do SEBEC é a assistência estudantil e a segurança e saúde do trabalhador. Por isso, o objetivo do Serviço Social é atuar na defesa e garantia de direitos sociais e na gestão de políticas, programas e projetos sociais.</p>



<p>O Serviço Social opera no enfrentamento da desigualdade social, étnico-racial e de gênero, no desenvolvimento de ações que visem o protagonismo e a autonomia dos cidadãos, compreendidos como toda a comunidade universitária da UEL. </p>



<p>Assim sendo, o Serviço Social promove em conjunto com demais órgãos da Universidade Estadual de Londrina, políticas institucionais em Direitos Humanos, Assistência Social, Atenção Psicossocial, Saúde, Recursos Humanos e Educação, com foco em Ações Afirmativas, Permanência Estudantil, Saúde do Trabalhador e Bem-Estar da Comunidade Universitária.<br></p>



<p><strong>Saiba mais:</strong></p>



<p>Ato Executivo UEL nº 44/2022 &#8211; <a href="https://sistemas.uel.br/files/atonormativo/ATO-EXECUTIVO/2022/44.pdf">https://sistemas.uel.br/files/atonormativo/ATO-EXECUTIVO/2022/44.pdf</a></p>



<p>Lei nº 8.662/1993 &#8211; Regulamentação da Profissão &#8211; <a href="https://legislacao.presidencia.gov.br/atos/?tipo=LEI&amp;numero=8662&amp;ano=1993&amp;ato=1b1g3YU5ENFpWTaef">https://legislacao.presidencia.gov.br/atos/?tipo=LEI&amp;numero=8662&amp;ano=1993&amp;ato=1b1g3YU5ENFpWTaef</a></p>



<p>Código de Ética do/a Assistente Social &#8211; <a href="https://www.cfess.org.br/arquivos/CEP_CFESS-SITE.pdf">https://www.cfess.org.br/arquivos/CEP_CFESS-SITE.pdf</a></p>



<p>Subsídios para Atuação de Assistentes Sociais na Política de Educação &#8211; <a href="http://www.cfess.org.br/arquivos/BROCHURACFESS_SUBSIDIOS-AS-EDUCACAO.pdf">http://www.cfess.org.br/arquivos/BROCHURACFESS_SUBSIDIOS-AS-EDUCACAO.pdf</a></p>



<p></p>

<p>O objeto profissional do Serviço Social do SEBEC é a assistência estudantil e a segurança e saúde do trabalhador. Por isso, o objetivo do Serviço Social é atuar na defesa e garantia de direitos sociais e na gestão de políticas, programas e projetos sociais. O Serviço Social opera no enfrentamento da desigualdade social, étnico-racial e [&hellip;]</p>
