{"id":476,"date":"2022-03-24T13:15:01","date_gmt":"2022-03-24T16:15:01","guid":{"rendered":"https:\/\/sites.uel.br\/sebec\/?page_id=476"},"modified":"2023-11-28T10:52:31","modified_gmt":"2023-11-28T13:52:31","slug":"restaurante-universitario","status":"publish","type":"page","link":"https:\/\/sites.uel.br\/sebec\/restaurante-universitario\/","title":{"rendered":""},"content":{"rendered":"<div class=\"wp-block-image\">\n<figure class=\"aligncenter size-large\"><img loading=\"lazy\" decoding=\"async\" width=\"1024\" height=\"278\" src=\"https:\/\/sites.uel.br\/sebec\/wp-content\/uploads\/2022\/03\/Banner-RU-1024x278.png\" alt=\"\" class=\"wp-image-696\" srcset=\"https:\/\/sites.uel.br\/sebec\/wp-content\/uploads\/2022\/03\/Banner-RU-1024x278.png 1024w, https:\/\/sites.uel.br\/sebec\/wp-content\/uploads\/2022\/03\/Banner-RU-300x82.png 300w, https:\/\/sites.uel.br\/sebec\/wp-content\/uploads\/2022\/03\/Banner-RU-768x209.png 768w, https:\/\/sites.uel.br\/sebec\/wp-content\/uploads\/2022\/03\/Banner-RU-1536x418.png 1536w, https:\/\/sites.uel.br\/sebec\/wp-content\/uploads\/2022\/03\/Banner-RU.png 1920w\" sizes=\"auto, (max-width: 1024px) 100vw, 1024px\" \/><\/figure>\n<\/div>\n\n\n<p><br><\/p>\n\n\n\n<p class=\"has-text-align-center has-cinza-claro-color has-verde-escuro-background-color has-text-color has-background\"><a href=\"https:\/\/sites.uel.br\/sebec\/?page_id=788\" data-type=\"URL\" data-id=\"https:\/\/sites.uel.br\/sebec\/?page_id=788\"><span style=\"color: #FFFFFF\"><strong>Avisos &#8211; Clique aqui!<\/strong><\/span><\/a><\/p>\n\n\n\n<p><br><\/p>\n\n\n\n<div class=\"wp-block-buttons is-content-justification-center is-layout-flex wp-container-core-buttons-is-layout-16018d1d wp-block-buttons-is-layout-flex\">\n<div class=\"wp-block-button\"><a class=\"wp-block-button__link has-cinza-claro-color has-verde-escuro-background-color has-text-color has-background wp-element-button\" href=\"https:\/\/sites.uel.br\/sebec\/?page_id=703\">Sobre o Restaurante Universit\u00e1rio<\/a><\/div>\n\n\n\n<div class=\"wp-block-button\"><a class=\"wp-block-button__link has-cinza-claro-color has-verde-escuro-background-color has-text-color has-background wp-element-button\" href=\"https:\/\/sites.uel.br\/sebec\/?page_id=1108\">Equipe Respons\u00e1vel<\/a><\/div>\n\n\n\n<div class=\"wp-block-button\"><a class=\"wp-block-button__link has-cinza-claro-color has-verde-escuro-background-color has-text-color has-background wp-element-button\" href=\"https:\/\/sites.uel.br\/sebec\/?page_id=770\">Achados e Perdidos<\/a><\/div>\n\n\n\n<div class=\"wp-block-button\"><a class=\"wp-block-button__link has-cinza-claro-color has-verde-escuro-background-color has-text-color has-background wp-element-button\" href=\"https:\/\/sites.uel.br\/sebec\/?page_id=876\">Cadastro de Usu\u00e1rio Especial<\/a><\/div>\n\n\n\n<div class=\"wp-block-button\"><a class=\"wp-block-button__link has-cinza-claro-color has-verde-escuro-background-color has-text-color has-background wp-element-button\" href=\"https:\/\/sites.uel.br\/sebec\/cardapio\/\">Card\u00e1pio <\/a><\/div>\n\n\n\n<div class=\"wp-block-button\"><a class=\"wp-block-button__link has-cinza-claro-color has-verde-escuro-background-color has-text-color has-background wp-element-button\" href=\"https:\/\/sites.uel.br\/sebec\/?page_id=719\">Localiza\u00e7\u00e3o<\/a><\/div>\n\n\n\n<div class=\"wp-block-button\"><a class=\"wp-block-button__link has-cinza-claro-color has-verde-escuro-background-color has-text-color has-background wp-element-button\" href=\"https:\/\/sites.uel.br\/sebec\/?page_id=806\">Procedimentos e Trabalhos<\/a><\/div>\n\n\n\n<div class=\"wp-block-button\"><a class=\"wp-block-button__link has-cinza-claro-color has-verde-escuro-background-color has-text-color has-background wp-element-button\" href=\"https:\/\/sites.uel.br\/sebec\/wp-content\/uploads\/2022\/03\/Protocolo-biosseguranca-RU.pdf\" target=\"_blank\" rel=\"noreferrer noopener\">Protocolo de Biosseguran\u00e7a<\/a><\/div>\n\n\n\n<div class=\"wp-block-button\"><a class=\"wp-block-button__link has-cinza-claro-color has-verde-escuro-background-color has-text-color has-background wp-element-button\" href=\"https:\/\/sites.uel.br\/sebec\/?page_id=952\">Refei\u00e7\u00f5es com Subs\u00eddio Ampliado<\/a><\/div>\n\n\n\n<div class=\"wp-block-button\"><a class=\"wp-block-button__link has-cinza-claro-color has-verde-escuro-background-color has-text-color has-background wp-element-button\" href=\"https:\/\/sites.uel.br\/sebec\/?page_id=779\">Ressarcimento de Cr\u00e9ditos<\/a><\/div>\n\n\n\n<div class=\"wp-block-button\"><a class=\"wp-block-button__link has-cinza-claro-color has-verde-escuro-background-color has-text-color has-background wp-element-button\" href=\"https:\/\/sites.uel.br\/sebec\/?page_id=704\">Valores das Refei\u00e7\u00f5es<\/a><\/div>\n\n\n\n<div class=\"wp-block-button\"><a class=\"wp-block-button__link has-cinza-claro-color has-verde-escuro-background-color has-text-color has-background wp-element-button\" href=\"https:\/\/sistemas.uel.br\/vendasru\/private\/aquisicao\" target=\"_blank\" rel=\"noreferrer noopener\">Vendas de Cr\u00e9ditos Online<\/a><\/div>\n\n\n\n<div class=\"wp-block-button\"><a class=\"wp-block-button__link has-cinza-claro-color has-verde-escuro-background-color has-text-color has-background wp-element-button\" href=\"https:\/\/sites.uel.br\/sebec\/2287-2\/\" target=\"_blank\" rel=\"noreferrer noopener\">RU em Dados<\/a><\/div>\n<\/div>\n\n\n\n<p><\/p>\n","protected":false},"excerpt":{"rendered":"<p>Avisos &#8211; Clique aqui!<\/p>\n","protected":false},"author":1,"featured_media":0,"parent":0,"menu_order":0,"comment_status":"closed","ping_status":"closed","template":"","meta":{"_acf_changed":false,"footnotes":""},"class_list":["post-476","page","type-page","status-publish","hentry"],"acf":[],"_links":{"self":[{"href":"https:\/\/sites.uel.br\/sebec\/wp-json\/wp\/v2\/pages\/476","targetHints":{"allow":["GET"]}}],"collection":[{"href":"https:\/\/sites.uel.br\/sebec\/wp-json\/wp\/v2\/pages"}],"about":[{"href":"https:\/\/sites.uel.br\/sebec\/wp-json\/wp\/v2\/types\/page"}],"author":[{"embeddable":true,"href":"https:\/\/sites.uel.br\/sebec\/wp-json\/wp\/v2\/users\/1"}],"replies":[{"embeddable":true,"href":"https:\/\/sites.uel.br\/sebec\/wp-json\/wp\/v2\/comments?post=476"}],"version-history":[{"count":50,"href":"https:\/\/sites.uel.br\/sebec\/wp-json\/wp\/v2\/pages\/476\/revisions"}],"predecessor-version":[{"id":3528,"href":"https:\/\/sites.uel.br\/sebec\/wp-json\/wp\/v2\/pages\/476\/revisions\/3528"}],"wp:attachment":[{"href":"https:\/\/sites.uel.br\/sebec\/wp-json\/wp\/v2\/media?parent=476"}],"curies":[{"name":"wp","href":"https:\/\/api.w.org\/{rel}","templated":true}]}}