{"id":429,"date":"2022-03-24T11:32:11","date_gmt":"2022-03-24T14:32:11","guid":{"rendered":"https:\/\/sites.uel.br\/sebec\/?page_id=429"},"modified":"2025-11-04T15:12:56","modified_gmt":"2025-11-04T18:12:56","slug":"ppp-e-ltcat","status":"publish","type":"page","link":"https:\/\/sites.uel.br\/sebec\/ppp-e-ltcat\/","title":{"rendered":"PPP e LTCAT"},"content":{"rendered":"\n<p>Os laudos <strong>PPP (Perfil Profissiogr\u00e1fico Previdenci\u00e1rio)<\/strong> e <strong>LTCAT (Laudo T\u00e9cnico das Condi\u00e7\u00f5es Ambientais do Trabalho)<\/strong> s\u00e3o documentos utilizados para registrar a exposi\u00e7\u00e3o dos trabalhadores a agentes nocivos no ambiente de trabalho. Servem como comprova\u00e7\u00e3o das condi\u00e7\u00f5es laborais para fins de reconhecimento de benef\u00edcios previdenci\u00e1rios.<\/p>\n\n\n\n<p>Para a solicita\u00e7\u00e3o do Perfil Profissiogr\u00e1fico Previdenci\u00e1rio &#8211; PPP e do Laudo T\u00e9cnico das Condi\u00e7\u00f5es Ambientais de Trabalho &#8211; LTCAT, preencher o <strong><a href=\"https:\/\/sites.uel.br\/sebec\/wp-content\/uploads\/2022\/03\/sec_req-diversos-requerimentos.doc\" data-type=\"URL\" data-id=\"https:\/\/sites.uel.br\/sebec\/wp-content\/uploads\/2022\/03\/sec_req-diversos-requerimentos.doc\" target=\"_blank\" rel=\"noreferrer noopener\">requerimento<\/a><\/strong> e protocolar via sistema <a href=\"https:\/\/www.eprotocolo.pr.gov.br\" target=\"_blank\" rel=\"noreferrer noopener\"><strong>eProtocolo<\/strong><\/a> para UEL\/PRORH.<\/p>\n\n\n\n<p><\/p>\n","protected":false},"excerpt":{"rendered":"<p>Os laudos PPP (Perfil Profissiogr\u00e1fico Previdenci\u00e1rio) e LTCAT (Laudo T\u00e9cnico das Condi\u00e7\u00f5es Ambientais do Trabalho) s\u00e3o documentos utilizados para registrar a exposi\u00e7\u00e3o dos trabalhadores a agentes nocivos no ambiente de trabalho. Servem como comprova\u00e7\u00e3o das condi\u00e7\u00f5es laborais para fins de reconhecimento de benef\u00edcios previdenci\u00e1rios. Para a solicita\u00e7\u00e3o do Perfil Profissiogr\u00e1fico Previdenci\u00e1rio &#8211; PPP e do [&hellip;]<\/p>\n","protected":false},"author":1,"featured_media":0,"parent":0,"menu_order":0,"comment_status":"closed","ping_status":"closed","template":"","meta":{"_acf_changed":false,"footnotes":""},"class_list":["post-429","page","type-page","status-publish","hentry"],"acf":[],"_links":{"self":[{"href":"https:\/\/sites.uel.br\/sebec\/wp-json\/wp\/v2\/pages\/429","targetHints":{"allow":["GET"]}}],"collection":[{"href":"https:\/\/sites.uel.br\/sebec\/wp-json\/wp\/v2\/pages"}],"about":[{"href":"https:\/\/sites.uel.br\/sebec\/wp-json\/wp\/v2\/types\/page"}],"author":[{"embeddable":true,"href":"https:\/\/sites.uel.br\/sebec\/wp-json\/wp\/v2\/users\/1"}],"replies":[{"embeddable":true,"href":"https:\/\/sites.uel.br\/sebec\/wp-json\/wp\/v2\/comments?post=429"}],"version-history":[{"count":10,"href":"https:\/\/sites.uel.br\/sebec\/wp-json\/wp\/v2\/pages\/429\/revisions"}],"predecessor-version":[{"id":4868,"href":"https:\/\/sites.uel.br\/sebec\/wp-json\/wp\/v2\/pages\/429\/revisions\/4868"}],"wp:attachment":[{"href":"https:\/\/sites.uel.br\/sebec\/wp-json\/wp\/v2\/media?parent=429"}],"curies":[{"name":"wp","href":"https:\/\/api.w.org\/{rel}","templated":true}]}}

<p>Os laudos <strong>PPP (Perfil Profissiográfico Previdenciário)</strong> e <strong>LTCAT (Laudo Técnico das Condições Ambientais do Trabalho)</strong> são documentos utilizados para registrar a exposição dos trabalhadores a agentes nocivos no ambiente de trabalho. Servem como comprovação das condições laborais para fins de reconhecimento de benefícios previdenciários.</p>



<p>Para a solicitação do Perfil Profissiográfico Previdenciário &#8211; PPP e do Laudo Técnico das Condições Ambientais de Trabalho &#8211; LTCAT, preencher o <strong><a href="https://sites.uel.br/sebec/wp-content/uploads/2022/03/sec_req-diversos-requerimentos.doc" data-type="URL" data-id="https://sites.uel.br/sebec/wp-content/uploads/2022/03/sec_req-diversos-requerimentos.doc" target="_blank" rel="noreferrer noopener">requerimento</a></strong> e protocolar via sistema <a href="https://www.eprotocolo.pr.gov.br" target="_blank" rel="noreferrer noopener"><strong>eProtocolo</strong></a> para UEL/PRORH.</p>



<p></p>

<p>Os laudos PPP (Perfil Profissiográfico Previdenciário) e LTCAT (Laudo Técnico das Condições Ambientais do Trabalho) são documentos utilizados para registrar a exposição dos trabalhadores a agentes nocivos no ambiente de trabalho. Servem como comprovação das condições laborais para fins de reconhecimento de benefícios previdenciários. Para a solicitação do Perfil Profissiográfico Previdenciário &#8211; PPP e do [&hellip;]</p>
