{"id":2669,"date":"2023-02-01T13:27:23","date_gmt":"2023-02-01T16:27:23","guid":{"rendered":"https:\/\/sites.uel.br\/sebec\/?page_id=2669"},"modified":"2023-02-13T14:06:02","modified_gmt":"2023-02-13T17:06:02","slug":"processo-de-selecao-para-vaga-no-centro-de-educacao-infantil-do-colegio-de-aplicacao-2023","status":"publish","type":"page","link":"https:\/\/sites.uel.br\/sebec\/processo-de-selecao-para-vaga-no-centro-de-educacao-infantil-do-colegio-de-aplicacao-2023\/","title":{"rendered":"Processo de Sele\u00e7\u00e3o para Vaga no Centro de Educa\u00e7\u00e3o Infantil do Col\u00e9gio de  Aplica\u00e7\u00e3o 2023"},"content":{"rendered":"\n<figure class=\"wp-block-table\"><table><tbody><tr><td class=\"has-text-align-center\" data-align=\"center\">17\/02\/2023 a 24\/02\/2023<\/td><td class=\"has-text-align-center\" data-align=\"center\">Inscri\u00e7\u00f5es<\/td><\/tr><tr><td class=\"has-text-align-center\" data-align=\"center\">01\/02\/2023<\/td><td class=\"has-text-align-center\" data-align=\"center\"><a href=\"https:\/\/drive.google.com\/file\/d\/1ePGANbNkQ9sh26EazK2d6VGPC82sZIdY\/view\" target=\"_blank\" rel=\"noreferrer noopener\">Edital Conjunto CAPL\/SEBEC &#8211; UEL n\u00b0 001\/2023<\/a><\/td><\/tr><tr><td class=\"has-text-align-center\" data-align=\"center\">13\/02\/2023<\/td><td class=\"has-text-align-center\" data-align=\"center\"><a href=\"https:\/\/sites.uel.br\/sebec\/wp-content\/uploads\/2023\/02\/SUSPENSAO-EDITAL-CEI-VAGAS-2023.pdf\">Suspens\u00e3o de Edital<\/a><\/td><\/tr><\/tbody><\/table><\/figure>\n","protected":false},"excerpt":{"rendered":"<p>17\/02\/2023 a 24\/02\/2023 Inscri\u00e7\u00f5es 01\/02\/2023 Edital Conjunto CAPL\/SEBEC &#8211; UEL n\u00b0 001\/2023 13\/02\/2023 Suspens\u00e3o de Edital<\/p>\n","protected":false},"author":7,"featured_media":0,"parent":0,"menu_order":0,"comment_status":"closed","ping_status":"closed","template":"","meta":{"_acf_changed":false,"footnotes":""},"class_list":["post-2669","page","type-page","status-publish","hentry"],"acf":[],"_links":{"self":[{"href":"https:\/\/sites.uel.br\/sebec\/wp-json\/wp\/v2\/pages\/2669","targetHints":{"allow":["GET"]}}],"collection":[{"href":"https:\/\/sites.uel.br\/sebec\/wp-json\/wp\/v2\/pages"}],"about":[{"href":"https:\/\/sites.uel.br\/sebec\/wp-json\/wp\/v2\/types\/page"}],"author":[{"embeddable":true,"href":"https:\/\/sites.uel.br\/sebec\/wp-json\/wp\/v2\/users\/7"}],"replies":[{"embeddable":true,"href":"https:\/\/sites.uel.br\/sebec\/wp-json\/wp\/v2\/comments?post=2669"}],"version-history":[{"count":3,"href":"https:\/\/sites.uel.br\/sebec\/wp-json\/wp\/v2\/pages\/2669\/revisions"}],"predecessor-version":[{"id":2738,"href":"https:\/\/sites.uel.br\/sebec\/wp-json\/wp\/v2\/pages\/2669\/revisions\/2738"}],"wp:attachment":[{"href":"https:\/\/sites.uel.br\/sebec\/wp-json\/wp\/v2\/media?parent=2669"}],"curies":[{"name":"wp","href":"https:\/\/api.w.org\/{rel}","templated":true}]}}