{"id":250,"date":"2022-02-16T15:09:10","date_gmt":"2022-02-16T18:09:10","guid":{"rendered":"https:\/\/sites.uel.br\/sebec\/?page_id=250"},"modified":"2022-02-17T13:35:22","modified_gmt":"2022-02-17T16:35:22","slug":"instrucoes-de-servico","status":"publish","type":"page","link":"https:\/\/sites.uel.br\/sebec\/instrucoes-de-servico\/","title":{"rendered":"Instru\u00e7\u00f5es de Servi\u00e7o"},"content":{"rendered":"\n<p><\/p>\n\n\n\n<p><a rel=\"noreferrer noopener\" href=\"https:\/\/sites.uel.br\/sebec\/wp-content\/uploads\/2022\/02\/instrucao_servico_prorh_005_2008.pdf\" target=\"_blank\"><strong>Instru\u00e7\u00e3o de Servi\u00e7o Conjunta PROEH\/SEBEC n\u00b0 005\/2008<\/strong> <\/a>\u2013  Normatiza os procedimentos a serem adotados por chefias, quando houver o risco ou danos devido ao uso de \u00e1lcool e\/ou de outras subst\u00e2ncias psicoativas por servidores (docentes e agentes universit\u00e1rios) da UEL.<\/p>\n\n\n\n<p><a rel=\"noreferrer noopener\" href=\"https:\/\/sites.uel.br\/sebec\/wp-content\/uploads\/2022\/02\/instrucao-de-servico_002-2011.pdf\" target=\"_blank\"><strong>Instru\u00e7\u00e3o de Servi\u00e7o SEBEC n\u00b0 02\/2011<\/strong><\/a> \u2013 Normatiza os procedimentos para compra de medica\u00e7\u00e3o para servidores que sofrerem acidentes de trabalho nos finais de semana, feriados e recesso.<\/p>\n\n\n\n<p><a rel=\"noreferrer noopener\" href=\"https:\/\/sites.uel.br\/sebec\/wp-content\/uploads\/2022\/02\/Instrucao-de-Servico-SEBEC.SESMT-003.12.pdf\" target=\"_blank\"><strong>Instru\u00e7\u00e3o de Servi\u00e7o SEBEC n\u00b0 03\/2012<\/strong><\/a> \u2013 Normatiza os procedimentos para solicita\u00e7\u00e3o da Gratifica\u00e7\u00e3o de Periculosidade e Insalubridade.<\/p>\n\n\n\n<p><a rel=\"noreferrer noopener\" href=\"https:\/\/sites.uel.br\/sebec\/wp-content\/uploads\/2022\/02\/Instrucao-de-Servico-SEBEC-001_2015-Readequacao.pdf\" data-type=\"URL\" data-id=\"https:\/\/sites.uel.br\/sebec\/wp-content\/uploads\/2022\/02\/Instrucao-de-Servico-SEBEC-001_2015-Readequacao.pdf\" target=\"_blank\"><strong>Instru\u00e7\u00e3o de Servi\u00e7o SEBEC n\u00b0 01\/2015<\/strong><\/a> \u2013 Normatiza os procedimentos para o acompanhamento de servidores com afastamento tempor\u00e1rio de fun\u00e7\u00e3o e a readapta\u00e7\u00e3o, nos termos da\u00a0Resolu\u00e7\u00e3o <strong><a rel=\"noreferrer noopener\" href=\"https:\/\/sistemas.uel.br\/files\/atonormativo\/RESOLUCOES\/2014\/102.pdf\" data-type=\"URL\" data-id=\"https:\/\/sistemas.uel.br\/files\/atonormativo\/RESOLUCOES\/2014\/102.pdf\" target=\"_blank\">CA n\u00b0 102\/2014<\/a><\/strong>. (Necess\u00e1rio o preenchimento do <strong>Anexo I <\/strong>pela chefia.)<\/p>\n\n\n\n<ul class=\"wp-block-list\"><li><a rel=\"noreferrer noopener\" href=\"https:\/\/sites.uel.br\/sebec\/wp-content\/uploads\/2022\/02\/Instrucao-de-Servico-SEBEC-2015-Readequacao-ANEXO-I-impressao.pdf\" data-type=\"URL\" data-id=\"https:\/\/sites.uel.br\/sebec\/wp-content\/uploads\/2022\/02\/Instrucao-de-Servico-SEBEC-2015-Readequacao-ANEXO-I-impressao.pdf\" target=\"_blank\"><strong>Anexo I\u00a0<\/strong>\u2013 Instru\u00e7\u00e3o de Servi\u00e7o SEBEC n\u00b0 01\/2015<\/a><\/li><\/ul>\n\n\n\n<p><\/p>\n","protected":false},"excerpt":{"rendered":"<p>Instru\u00e7\u00e3o de Servi\u00e7o Conjunta PROEH\/SEBEC n\u00b0 005\/2008 \u2013 Normatiza os procedimentos a serem adotados por chefias, quando houver o risco ou danos devido ao uso de \u00e1lcool e\/ou de outras subst\u00e2ncias psicoativas por servidores (docentes e agentes universit\u00e1rios) da UEL. Instru\u00e7\u00e3o de Servi\u00e7o SEBEC n\u00b0 02\/2011 \u2013 Normatiza os procedimentos para compra de medica\u00e7\u00e3o para [&hellip;]<\/p>\n","protected":false},"author":1,"featured_media":0,"parent":0,"menu_order":0,"comment_status":"closed","ping_status":"closed","template":"","meta":{"_acf_changed":false,"footnotes":""},"class_list":["post-250","page","type-page","status-publish","hentry"],"acf":[],"_links":{"self":[{"href":"https:\/\/sites.uel.br\/sebec\/wp-json\/wp\/v2\/pages\/250","targetHints":{"allow":["GET"]}}],"collection":[{"href":"https:\/\/sites.uel.br\/sebec\/wp-json\/wp\/v2\/pages"}],"about":[{"href":"https:\/\/sites.uel.br\/sebec\/wp-json\/wp\/v2\/types\/page"}],"author":[{"embeddable":true,"href":"https:\/\/sites.uel.br\/sebec\/wp-json\/wp\/v2\/users\/1"}],"replies":[{"embeddable":true,"href":"https:\/\/sites.uel.br\/sebec\/wp-json\/wp\/v2\/comments?post=250"}],"version-history":[{"count":11,"href":"https:\/\/sites.uel.br\/sebec\/wp-json\/wp\/v2\/pages\/250\/revisions"}],"predecessor-version":[{"id":311,"href":"https:\/\/sites.uel.br\/sebec\/wp-json\/wp\/v2\/pages\/250\/revisions\/311"}],"wp:attachment":[{"href":"https:\/\/sites.uel.br\/sebec\/wp-json\/wp\/v2\/media?parent=250"}],"curies":[{"name":"wp","href":"https:\/\/api.w.org\/{rel}","templated":true}]}}

Instruções de Serviço

<p></p>



<p><a rel="noreferrer noopener" href="https://sites.uel.br/sebec/wp-content/uploads/2022/02/instrucao_servico_prorh_005_2008.pdf" target="_blank"><strong>Instrução de Serviço Conjunta PROEH/SEBEC n° 005/2008</strong> </a>–  Normatiza os procedimentos a serem adotados por chefias, quando houver o risco ou danos devido ao uso de álcool e/ou de outras substâncias psicoativas por servidores (docentes e agentes universitários) da UEL.</p>



<p><a rel="noreferrer noopener" href="https://sites.uel.br/sebec/wp-content/uploads/2022/02/instrucao-de-servico_002-2011.pdf" target="_blank"><strong>Instrução de Serviço SEBEC n° 02/2011</strong></a> – Normatiza os procedimentos para compra de medicação para servidores que sofrerem acidentes de trabalho nos finais de semana, feriados e recesso.</p>



<p><a rel="noreferrer noopener" href="https://sites.uel.br/sebec/wp-content/uploads/2022/02/Instrucao-de-Servico-SEBEC.SESMT-003.12.pdf" target="_blank"><strong>Instrução de Serviço SEBEC n° 03/2012</strong></a> – Normatiza os procedimentos para solicitação da Gratificação de Periculosidade e Insalubridade.</p>



<p><a rel="noreferrer noopener" href="https://sites.uel.br/sebec/wp-content/uploads/2022/02/Instrucao-de-Servico-SEBEC-001_2015-Readequacao.pdf" data-type="URL" data-id="https://sites.uel.br/sebec/wp-content/uploads/2022/02/Instrucao-de-Servico-SEBEC-001_2015-Readequacao.pdf" target="_blank"><strong>Instrução de Serviço SEBEC n° 01/2015</strong></a> – Normatiza os procedimentos para o acompanhamento de servidores com afastamento temporário de função e a readaptação, nos termos da Resolução <strong><a rel="noreferrer noopener" href="https://sistemas.uel.br/files/atonormativo/RESOLUCOES/2014/102.pdf" data-type="URL" data-id="https://sistemas.uel.br/files/atonormativo/RESOLUCOES/2014/102.pdf" target="_blank">CA n° 102/2014</a></strong>. (Necessário o preenchimento do <strong>Anexo I </strong>pela chefia.)</p>



<ul class="wp-block-list"><li><a rel="noreferrer noopener" href="https://sites.uel.br/sebec/wp-content/uploads/2022/02/Instrucao-de-Servico-SEBEC-2015-Readequacao-ANEXO-I-impressao.pdf" data-type="URL" data-id="https://sites.uel.br/sebec/wp-content/uploads/2022/02/Instrucao-de-Servico-SEBEC-2015-Readequacao-ANEXO-I-impressao.pdf" target="_blank"><strong>Anexo I </strong>– Instrução de Serviço SEBEC n° 01/2015</a></li></ul>



<p></p>

<p>Instrução de Serviço Conjunta PROEH/SEBEC n° 005/2008 – Normatiza os procedimentos a serem adotados por chefias, quando houver o risco ou danos devido ao uso de álcool e/ou de outras substâncias psicoativas por servidores (docentes e agentes universitários) da UEL. Instrução de Serviço SEBEC n° 02/2011 – Normatiza os procedimentos para compra de medicação para [&hellip;]</p>
