{"id":25,"date":"2022-02-04T11:55:54","date_gmt":"2022-02-04T14:55:54","guid":{"rendered":"https:\/\/sites.uel.br\/sebec\/?page_id=25"},"modified":"2022-02-04T11:55:54","modified_gmt":"2022-02-04T14:55:54","slug":"historico","status":"publish","type":"page","link":"https:\/\/sites.uel.br\/sebec\/historico\/","title":{"rendered":"Hist\u00f3rico"},"content":{"rendered":"\n<p><\/p>\n\n\n\n<p>O Servi\u00e7o de Bem-Estar \u00e0 Comunidade \u2013 SEBEC, \u00f3rg\u00e3o de apoio da Reitoria da UEL, teve sua primeira estrutura criada em janeiro de 1970 com a denomina\u00e7\u00e3o de Coordenadoria de Sa\u00fade e Servi\u00e7o Social \u2013 COSASS, j\u00e1 nesta oportunidade visando coordenar a\u00e7\u00f5es de assist\u00eancia ao corpo discente e trabalhadores da institui\u00e7\u00e3o. Em 1972 o \u00f3rg\u00e3o subdividiu-se em duas divis\u00f5es que atendiam como Divis\u00e3o de Sa\u00fade e Divis\u00e3o de Servi\u00e7o Social e esta \u00faltima ficou ainda subdividida em dois setores, de Servi\u00e7o Social Universit\u00e1rio e Servi\u00e7o Social do Trabalho.<\/p>\n\n\n\n<p>Em 1976, o \u00f3rg\u00e3o passa a integrar a Coordenadoria de Extens\u00e3o \u00e0 Comunidade \u2013 CEC, como Diretoria de Sa\u00fade e Servi\u00e7o Social \u2013 DISASS e em 1977 passa por nova mudan\u00e7a de nomenclatura, denominando-se Diretoria de Bem-Estar a Comunidade \u2013 DIBEC, regulamentada pela Resolu\u00e7\u00e3o n\u00ba 402\/77.<\/p>\n\n\n\n<p>O DIBEC adquire ent\u00e3o uma estrutura mais complexa composta pela Divis\u00e3o de Sa\u00fade com os setores de Medicina Assistencial, Higiene e Seguran\u00e7a do Trabalho e Medicina Comunit\u00e1ria. A Divis\u00e3o de Servi\u00e7o Social passa a contar com os setores de Servi\u00e7o Social do Trabalho, Servi\u00e7o Social Escolar e Servi\u00e7o Social da Comunidade. Em 1982 o DIBEC passa a compor a estrutura da Coordenadoria de Recursos Humanos \u2013 CRH, permanecendo com esta estrutura at\u00e9 1989.<\/p>\n\n\n\n<p>Em 1989, quando de uma reforma administrativa na UEL, o DIBEC passa a ser considerado \u00f3rg\u00e3o de apoio da reitoria sob a denomina\u00e7\u00e3o de N\u00facleo de Bem-Estar \u00e0 Comunidade \u2013 NUBEC, com a compreens\u00e3o de que seus servi\u00e7os n\u00e3o se restringiam somente ao corpo de servidores da institui\u00e7\u00e3o e sim a todo coletivo da comunidade universit\u00e1ria, t\u00e9cnico administrativos, docentes e discentes, n\u00e3o fazendo sentido ent\u00e3o estar atrelado \u00e0 Coordenadoria de Recursos Humanos.<\/p>\n\n\n\n<p>O NUBEC oferece ent\u00e3o seus servi\u00e7os organizados atrav\u00e9s das Divis\u00f5es de Odontologia, Medicina, Servi\u00e7o Social e Apoio Administrativo. Em 1992 acresce-se \u00e0 estrutura do NUBEC a Divis\u00e3o de Creche, rec\u00e9m-criada, e a Divis\u00e3o de Higiene e Seguran\u00e7a do Trabalho \u2013 resolu\u00e7\u00f5es n\u00ba 1320\/89, 1321\/89, 1425\/89 e 1968\/92. Em 1995, cria-se a Divis\u00e3o de Enfermagem e o Restaurante Universit\u00e1rio tamb\u00e9m passa a ser Divis\u00e3o do NUBEC em 1997 quando de sua abertura \u2013 Ato Executivo n\u00ba 030\/1997.<\/p>\n\n\n\n<p>Por for\u00e7a da Resolu\u00e7\u00e3o de n\u00ba 167\/2002, s\u00e3o transferidos alguns servi\u00e7os do NUBEC para a estrutura da Diretoria Superintendente Hospital Universit\u00e1rio, quais sejam: a Divis\u00e3o M\u00e9dica, Divis\u00e3o de Enfermagem e a Divis\u00e3o Odontol\u00f3gica. A proposta aprovada de transfer\u00eancia dos servi\u00e7os de sa\u00fade teve como filosofia caracterizar a atividade como atendimento b\u00e1sico em sa\u00fade segundo as previs\u00f5es do Sistema \u00danico de Sa\u00fade \u2013 SUS.<\/p>\n\n\n\n<p>Nova altera\u00e7\u00e3o ocorre no \u00f3rg\u00e3o, em virtude da aprova\u00e7\u00e3o do novo Estatuto e Regimento Geral da UEL passando a ser denominado pelo ato executivo de n\u00ba 008\/2004 e 010\/2004, de Servi\u00e7o de Bem-Estar \u00e0 Comunidade \u2013 SEBEC, per\u00edodo tamb\u00e9m que ocorre a transfer\u00eancia da Divis\u00e3o de Creche para o Col\u00e9gio de Aplica\u00e7\u00e3o \u2013 Resolu\u00e7\u00e3o CU n\u00ba 07\/2005. Em 2006 atrav\u00e9s do Ato executivo n\u00ba 139\/2006 a Divis\u00e3o de Higiene e seguran\u00e7a do Trabalho muda sua nomenclatura para Divis\u00e3o de Servi\u00e7o especializado em Engenharia de Seguran\u00e7a e Medicina do Trabalho \u2013 SESMT.<\/p>\n\n\n\n<p>At\u00e9 a presente data, o SEBEC \u00e9 assim denominado e responde diretamente ao gabinete da vice-reitoria conforme organograma da institui\u00e7\u00e3o.<\/p>\n","protected":false},"excerpt":{"rendered":"<p>O Servi\u00e7o de Bem-Estar \u00e0 Comunidade \u2013 SEBEC, \u00f3rg\u00e3o de apoio da Reitoria da UEL, teve sua primeira estrutura criada em janeiro de 1970 com a denomina\u00e7\u00e3o de Coordenadoria de Sa\u00fade e Servi\u00e7o Social \u2013 COSASS, j\u00e1 nesta oportunidade visando coordenar a\u00e7\u00f5es de assist\u00eancia ao corpo discente e trabalhadores da institui\u00e7\u00e3o. Em 1972 o \u00f3rg\u00e3o [&hellip;]<\/p>\n","protected":false},"author":1,"featured_media":0,"parent":0,"menu_order":0,"comment_status":"closed","ping_status":"closed","template":"","meta":{"_acf_changed":false,"footnotes":""},"class_list":["post-25","page","type-page","status-publish","hentry"],"acf":[],"_links":{"self":[{"href":"https:\/\/sites.uel.br\/sebec\/wp-json\/wp\/v2\/pages\/25","targetHints":{"allow":["GET"]}}],"collection":[{"href":"https:\/\/sites.uel.br\/sebec\/wp-json\/wp\/v2\/pages"}],"about":[{"href":"https:\/\/sites.uel.br\/sebec\/wp-json\/wp\/v2\/types\/page"}],"author":[{"embeddable":true,"href":"https:\/\/sites.uel.br\/sebec\/wp-json\/wp\/v2\/users\/1"}],"replies":[{"embeddable":true,"href":"https:\/\/sites.uel.br\/sebec\/wp-json\/wp\/v2\/comments?post=25"}],"version-history":[{"count":2,"href":"https:\/\/sites.uel.br\/sebec\/wp-json\/wp\/v2\/pages\/25\/revisions"}],"predecessor-version":[{"id":3137,"href":"https:\/\/sites.uel.br\/sebec\/wp-json\/wp\/v2\/pages\/25\/revisions\/3137"}],"wp:attachment":[{"href":"https:\/\/sites.uel.br\/sebec\/wp-json\/wp\/v2\/media?parent=25"}],"curies":[{"name":"wp","href":"https:\/\/api.w.org\/{rel}","templated":true}]}}