{"id":1346,"date":"2022-04-13T11:06:54","date_gmt":"2022-04-13T14:06:54","guid":{"rendered":"https:\/\/sites.uel.br\/sebec\/?page_id=1346"},"modified":"2022-04-13T11:06:54","modified_gmt":"2022-04-13T14:06:54","slug":"processo-de-selecao-para-vaga-no-centro-de-educacao-infantil-do-colegio-de-aplicacao-2021","status":"publish","type":"page","link":"https:\/\/sites.uel.br\/sebec\/processo-de-selecao-para-vaga-no-centro-de-educacao-infantil-do-colegio-de-aplicacao-2021\/","title":{"rendered":"Processo de Sele\u00e7\u00e3o para Vaga no Centro de Educa\u00e7\u00e3o Infantil do Col\u00e9gio de Aplica\u00e7\u00e3o 2021"},"content":{"rendered":"\n<p><\/p>\n\n\n\n<figure class=\"wp-block-table\"><table><tbody><tr><td class=\"has-text-align-center\" data-align=\"center\">10\/05\/2021<\/td><td class=\"has-text-align-center\" data-align=\"center\"><a href=\"https:\/\/sites.uel.br\/sebec\/wp-content\/uploads\/2022\/04\/Edital-017_2021-Resultado-Final-do-CEI.pdf\" target=\"_blank\" rel=\"noreferrer noopener\">Resultado Final &#8211; Edital SEBEC n\u00ba 017\/2021<\/a><\/td><\/tr><tr><td class=\"has-text-align-center\" data-align=\"center\">04\/05\/2021<\/td><td class=\"has-text-align-center\" data-align=\"center\">Recursos<\/td><\/tr><tr><td class=\"has-text-align-center\" data-align=\"center\">03\/05\/2021<\/td><td class=\"has-text-align-center\" data-align=\"center\"><a href=\"https:\/\/sites.uel.br\/sebec\/wp-content\/uploads\/2022\/04\/Edital-016_2021-Resultado-preliminar-CEI.pdf\" target=\"_blank\" rel=\"noreferrer noopener\">Resultado Preliminar &#8211; Edital SEBEC n\u00ba 016\/2021<\/a><\/td><\/tr><tr><td class=\"has-text-align-center\" data-align=\"center\">22\/03\/2021<\/td><td class=\"has-text-align-center\" data-align=\"center\"><a href=\"http:\/\/www.uel.br\/aplicacao\/pages\/processo-seletivo-interno-para-servidores-uel-2021.php\" target=\"_blank\" rel=\"noreferrer noopener\">1\u00aa Etapa na P\u00e1gina do Col\u00e9gio Aplica\u00e7\u00e3o<\/a><\/td><\/tr><tr><td class=\"has-text-align-center\" data-align=\"center\">22\/02\/2021<\/td><td class=\"has-text-align-center\" data-align=\"center\"><a href=\"https:\/\/sites.uel.br\/sebec\/wp-content\/uploads\/2022\/04\/Edital-2021-CEI.pdf\" target=\"_blank\" rel=\"noreferrer noopener\">Edital Conjunto CAPL\/SEBEC n\u00ba 001\/2021<\/a><\/td><\/tr><\/tbody><\/table><\/figure>\n","protected":false},"excerpt":{"rendered":"<p>10\/05\/2021 Resultado Final &#8211; Edital SEBEC n\u00ba 017\/2021 04\/05\/2021 Recursos 03\/05\/2021 Resultado Preliminar &#8211; Edital SEBEC n\u00ba 016\/2021 22\/03\/2021 1\u00aa Etapa na P\u00e1gina do Col\u00e9gio Aplica\u00e7\u00e3o 22\/02\/2021 Edital Conjunto CAPL\/SEBEC n\u00ba 001\/2021<\/p>\n","protected":false},"author":1,"featured_media":0,"parent":0,"menu_order":0,"comment_status":"closed","ping_status":"closed","template":"","meta":{"_acf_changed":false,"footnotes":""},"class_list":["post-1346","page","type-page","status-publish","hentry"],"acf":[],"_links":{"self":[{"href":"https:\/\/sites.uel.br\/sebec\/wp-json\/wp\/v2\/pages\/1346","targetHints":{"allow":["GET"]}}],"collection":[{"href":"https:\/\/sites.uel.br\/sebec\/wp-json\/wp\/v2\/pages"}],"about":[{"href":"https:\/\/sites.uel.br\/sebec\/wp-json\/wp\/v2\/types\/page"}],"author":[{"embeddable":true,"href":"https:\/\/sites.uel.br\/sebec\/wp-json\/wp\/v2\/users\/1"}],"replies":[{"embeddable":true,"href":"https:\/\/sites.uel.br\/sebec\/wp-json\/wp\/v2\/comments?post=1346"}],"version-history":[{"count":1,"href":"https:\/\/sites.uel.br\/sebec\/wp-json\/wp\/v2\/pages\/1346\/revisions"}],"predecessor-version":[{"id":1351,"href":"https:\/\/sites.uel.br\/sebec\/wp-json\/wp\/v2\/pages\/1346\/revisions\/1351"}],"wp:attachment":[{"href":"https:\/\/sites.uel.br\/sebec\/wp-json\/wp\/v2\/media?parent=1346"}],"curies":[{"name":"wp","href":"https:\/\/api.w.org\/{rel}","templated":true}]}}

Processo de Seleção para Vaga no Centro de Educação Infantil do Colégio de Aplicação 2021

<p></p>



<figure class="wp-block-table"><table><tbody><tr><td class="has-text-align-center" data-align="center">10/05/2021</td><td class="has-text-align-center" data-align="center"><a href="https://sites.uel.br/sebec/wp-content/uploads/2022/04/Edital-017_2021-Resultado-Final-do-CEI.pdf" target="_blank" rel="noreferrer noopener">Resultado Final &#8211; Edital SEBEC nº 017/2021</a></td></tr><tr><td class="has-text-align-center" data-align="center">04/05/2021</td><td class="has-text-align-center" data-align="center">Recursos</td></tr><tr><td class="has-text-align-center" data-align="center">03/05/2021</td><td class="has-text-align-center" data-align="center"><a href="https://sites.uel.br/sebec/wp-content/uploads/2022/04/Edital-016_2021-Resultado-preliminar-CEI.pdf" target="_blank" rel="noreferrer noopener">Resultado Preliminar &#8211; Edital SEBEC nº 016/2021</a></td></tr><tr><td class="has-text-align-center" data-align="center">22/03/2021</td><td class="has-text-align-center" data-align="center"><a href="http://www.uel.br/aplicacao/pages/processo-seletivo-interno-para-servidores-uel-2021.php" target="_blank" rel="noreferrer noopener">1ª Etapa na Página do Colégio Aplicação</a></td></tr><tr><td class="has-text-align-center" data-align="center">22/02/2021</td><td class="has-text-align-center" data-align="center"><a href="https://sites.uel.br/sebec/wp-content/uploads/2022/04/Edital-2021-CEI.pdf" target="_blank" rel="noreferrer noopener">Edital Conjunto CAPL/SEBEC nº 001/2021</a></td></tr></tbody></table></figure>

<p>10/05/2021 Resultado Final &#8211; Edital SEBEC nº 017/2021 04/05/2021 Recursos 03/05/2021 Resultado Preliminar &#8211; Edital SEBEC nº 016/2021 22/03/2021 1ª Etapa na Página do Colégio Aplicação 22/02/2021 Edital Conjunto CAPL/SEBEC nº 001/2021</p>
