{"id":13,"date":"2022-02-04T11:42:13","date_gmt":"2022-02-04T14:42:13","guid":{"rendered":"https:\/\/sites.uel.br\/sebec\/?page_id=13"},"modified":"2025-04-01T11:40:36","modified_gmt":"2025-04-01T14:40:36","slug":"contato","status":"publish","type":"page","link":"https:\/\/sites.uel.br\/sebec\/contato\/","title":{"rendered":"Contato"},"content":{"rendered":"\n<p><\/p>\n\n\n\n<p class=\"has-verde-escuro-color has-text-color\"><strong>Dire\u00e7\u00e3o<\/strong><\/p>\n\n\n\n<p>E-mail \u2013&nbsp;sebec@uel.br&nbsp;<\/p>\n\n\n\n<p><\/p>\n\n\n\n<p class=\"has-verde-escuro-color has-text-color\"><strong>Divis\u00e3o de Apoio Administrativo<\/strong><\/p>\n\n\n\n<p>Telefone \u2013 (43) 3371-4452 ou 3371-4462<\/p>\n\n\n\n<p>Whatsapp \u2013 (43) 3371-4452\u00a0(apenas mensagens por texto)<\/p>\n\n\n\n<p>E-mail \u2013&nbsp;sebec@uel.br&nbsp;<\/p>\n\n\n\n<p><\/p>\n\n\n\n<p class=\"has-verde-escuro-color has-text-color\"><strong>Divis\u00e3o de Servi\u00e7o Social  e Sa\u00fade Mental &#8211; Campus&nbsp;<\/strong><\/p>\n\n\n\n<p><strong>Servi\u00e7o Social<\/strong><\/p>\n\n\n\n<p>Telefone \u2013 (43) 3371-4222 \/ (43) 3371-4045  \/ (43) 3371-4049<\/p>\n\n\n\n<p>Whatsapp \u2013 (43) 3371-4222&nbsp;(apenas mensagens por texto)<\/p>\n\n\n\n<p>E-mail \u2013&nbsp;servicosocialsebec@uel.br<\/p>\n\n\n\n<p><strong>Sa\u00fade Mental<\/strong><\/p>\n\n\n\n<p>Whatsapp \u2013 (43) 99146-0786&nbsp;(apenas mensagens por texto)<\/p>\n\n\n\n<p>E-mail \u2013&nbsp;psicologia.sebec@uel.br<\/p>\n\n\n\n<p><\/p>\n\n\n\n<p class=\"has-verde-escuro-color has-text-color\"><strong>Divis\u00e3o de Servi\u00e7o Social e Sa\u00fade Mental &#8211; HU<\/strong><\/p>\n\n\n\n<p>Telefone \u2013 (43) 3371-2377<\/p>\n\n\n\n<p>Whatsapp \u2013 (43) 3371-4049&nbsp;(apenas mensagens por texto)<\/p>\n\n\n\n<p>E-mail \u2013&nbsp;servicosocialsebec@uel.br<\/p>\n\n\n\n<p><\/p>\n\n\n\n<p class=\"has-verde-escuro-color has-text-color\"><strong>Divis\u00e3o de Moradia Estudantil<\/strong><\/p>\n\n\n\n<p>Telefone \u2013 (43) 3371-5925<\/p>\n\n\n\n<p>Whatsapp \u2013 (43) 99146-0884&nbsp;(apenas mensagens por texto)<\/p>\n\n\n\n<p>E-mail \u2013&nbsp;moradia@uel.br<\/p>\n\n\n\n<p><\/p>\n\n\n\n<p class=\"has-verde-escuro-color has-text-color\"><strong>Divis\u00e3o de Restaurante Universit\u00e1rio<\/strong><\/p>\n\n\n\n<p>Telefone \u2013 (43) 3371-4754 ou 3371-4756<\/p>\n\n\n\n<p>Whatsapp \u2013 (43) 3371-4754&nbsp;(apenas mensagens por texto)<\/p>\n\n\n\n<p>E-mail \u2013&nbsp;ruel@uel.br<\/p>\n\n\n\n<p><\/p>\n\n\n\n<p class=\"has-verde-escuro-color has-text-color\"><strong>Servi\u00e7o Especializado em Engenharia de Seguran\u00e7a e em Medicina do Trabalho&nbsp;&#8211; Campus<\/strong><\/p>\n\n\n\n<p>Telefone \u2013 (43) 3371-4391<\/p>\n\n\n\n<p>E-mail \u2013&nbsp;sesmt@uel.br<\/p>\n\n\n\n<p><\/p>\n\n\n\n<p class=\"has-verde-escuro-color has-text-color\"><strong>Servi\u00e7o Especializado em Engenharia de Seguran\u00e7a e em Medicina do Trabalho &#8211; HU<\/strong><\/p>\n\n\n\n<p>Telefone \u2013 (43) 3371-2774<\/p>\n\n\n\n<p>E-mail \u2013&nbsp;sesmthu@uel.br<\/p>\n\n\n\n<p><\/p>\n\n\n\n<p><\/p>\n\n\n\n<p><\/p>\n\n\n\n<p><\/p>\n","protected":false},"excerpt":{"rendered":"<p>Dire\u00e7\u00e3o E-mail \u2013&nbsp;sebec@uel.br&nbsp; Divis\u00e3o de Apoio Administrativo Telefone \u2013 (43) 3371-4452 ou 3371-4462 Whatsapp \u2013 (43) 3371-4452\u00a0(apenas mensagens por texto) E-mail \u2013&nbsp;sebec@uel.br&nbsp; Divis\u00e3o de Servi\u00e7o Social e Sa\u00fade Mental &#8211; Campus&nbsp; Servi\u00e7o Social Telefone \u2013 (43) 3371-4222 \/ (43) 3371-4045 \/ (43) 3371-4049 Whatsapp \u2013 (43) 3371-4222&nbsp;(apenas mensagens por texto) E-mail \u2013&nbsp;servicosocialsebec@uel.br Sa\u00fade Mental Whatsapp [&hellip;]<\/p>\n","protected":false},"author":1,"featured_media":0,"parent":0,"menu_order":0,"comment_status":"closed","ping_status":"closed","template":"","meta":{"_acf_changed":false,"footnotes":""},"class_list":["post-13","page","type-page","status-publish","hentry"],"acf":[],"_links":{"self":[{"href":"https:\/\/sites.uel.br\/sebec\/wp-json\/wp\/v2\/pages\/13","targetHints":{"allow":["GET"]}}],"collection":[{"href":"https:\/\/sites.uel.br\/sebec\/wp-json\/wp\/v2\/pages"}],"about":[{"href":"https:\/\/sites.uel.br\/sebec\/wp-json\/wp\/v2\/types\/page"}],"author":[{"embeddable":true,"href":"https:\/\/sites.uel.br\/sebec\/wp-json\/wp\/v2\/users\/1"}],"replies":[{"embeddable":true,"href":"https:\/\/sites.uel.br\/sebec\/wp-json\/wp\/v2\/comments?post=13"}],"version-history":[{"count":19,"href":"https:\/\/sites.uel.br\/sebec\/wp-json\/wp\/v2\/pages\/13\/revisions"}],"predecessor-version":[{"id":4447,"href":"https:\/\/sites.uel.br\/sebec\/wp-json\/wp\/v2\/pages\/13\/revisions\/4447"}],"wp:attachment":[{"href":"https:\/\/sites.uel.br\/sebec\/wp-json\/wp\/v2\/media?parent=13"}],"curies":[{"name":"wp","href":"https:\/\/api.w.org\/{rel}","templated":true}]}}