{"id":1094,"date":"2022-04-01T14:26:31","date_gmt":"2022-04-01T17:26:31","guid":{"rendered":"https:\/\/sites.uel.br\/sebec\/?page_id=1094"},"modified":"2024-05-21T17:16:21","modified_gmt":"2024-05-21T20:16:21","slug":"esquipe-responsavel","status":"publish","type":"page","link":"https:\/\/sites.uel.br\/sebec\/esquipe-responsavel\/","title":{"rendered":"Equipe Respons\u00e1vel"},"content":{"rendered":"\n<p><\/p>\n\n\n\n<p class=\"has-verde-escuro-color has-text-color\"><strong>Equipe Respons\u00e1vel da Divis\u00e3o de Apoio Administrativo:<\/strong><\/p>\n\n\n\n<p>Juliana Kerche F\u00e1varo (Chefe de Divis\u00e3o)<\/p>\n\n\n\n<p>Luciane Cristina Maia Salvador<\/p>\n\n\n\n<p>Marcelo Fernando Piccelli <\/p>\n\n\n\n<p>Reginaldo Dias Bezerra<\/p>\n\n\n\n<p>S\u00e9rgio Mauricio Sandrini <\/p>\n\n\n\n<p>E-mail:<strong> <\/strong>sebec@uel.br <\/p>\n\n\n\n<p>Ramais: (43) 3371-4452 \/&nbsp;3371-4462 \/ 3371-4553<\/p>\n","protected":false},"excerpt":{"rendered":"<p>Equipe Respons\u00e1vel da Divis\u00e3o de Apoio Administrativo: Juliana Kerche F\u00e1varo (Chefe de Divis\u00e3o) Luciane Cristina Maia Salvador Marcelo Fernando Piccelli Reginaldo Dias Bezerra S\u00e9rgio Mauricio Sandrini E-mail: sebec@uel.br Ramais: (43) 3371-4452 \/&nbsp;3371-4462 \/ 3371-4553<\/p>\n","protected":false},"author":1,"featured_media":0,"parent":0,"menu_order":0,"comment_status":"closed","ping_status":"closed","template":"","meta":{"_acf_changed":false,"footnotes":""},"class_list":["post-1094","page","type-page","status-publish","hentry"],"acf":[],"_links":{"self":[{"href":"https:\/\/sites.uel.br\/sebec\/wp-json\/wp\/v2\/pages\/1094","targetHints":{"allow":["GET"]}}],"collection":[{"href":"https:\/\/sites.uel.br\/sebec\/wp-json\/wp\/v2\/pages"}],"about":[{"href":"https:\/\/sites.uel.br\/sebec\/wp-json\/wp\/v2\/types\/page"}],"author":[{"embeddable":true,"href":"https:\/\/sites.uel.br\/sebec\/wp-json\/wp\/v2\/users\/1"}],"replies":[{"embeddable":true,"href":"https:\/\/sites.uel.br\/sebec\/wp-json\/wp\/v2\/comments?post=1094"}],"version-history":[{"count":7,"href":"https:\/\/sites.uel.br\/sebec\/wp-json\/wp\/v2\/pages\/1094\/revisions"}],"predecessor-version":[{"id":3914,"href":"https:\/\/sites.uel.br\/sebec\/wp-json\/wp\/v2\/pages\/1094\/revisions\/3914"}],"wp:attachment":[{"href":"https:\/\/sites.uel.br\/sebec\/wp-json\/wp\/v2\/media?parent=1094"}],"curies":[{"name":"wp","href":"https:\/\/api.w.org\/{rel}","templated":true}]}}