{"id":1020,"date":"2022-04-01T10:27:16","date_gmt":"2022-04-01T13:27:16","guid":{"rendered":"https:\/\/sites.uel.br\/sebec\/?page_id=1020"},"modified":"2022-08-18T08:03:41","modified_gmt":"2022-08-18T11:03:41","slug":"atencao-cotidiana-em-saude-mental-e-direitos-humanos","status":"publish","type":"page","link":"https:\/\/sites.uel.br\/sebec\/atencao-cotidiana-em-saude-mental-e-direitos-humanos\/","title":{"rendered":"Aten\u00e7\u00e3o Cotidiana em Sa\u00fade Mental e Direitos Humanos"},"content":{"rendered":"\n<p><\/p>\n\n\n\n<p>A Se\u00e7\u00e3o de Sa\u00fade Mental do SEBEC promove atividades preventivas e de aten\u00e7\u00e3o cotidiana em sa\u00fade mental e direitos humanos a partir de <em>Lives<\/em>, Rodas de Conversa, Palestras, entre outras atividade.<\/p>\n\n\n\n<p><\/p>\n\n\n\n<p><strong>Pr\u00e1ticas de Medita\u00e7\u00e3o<\/strong><\/p>\n\n\n\n<p><\/p>\n\n\n\n<p>Pr\u00e1ticas de medita\u00e7\u00e3o com sess\u00f5es semanais para estudantes, docentes e t\u00e9cnicos(as) da UEL, com objetivo de incentivar pr\u00e1ticas que promovam bem-estar, cuidado com a sa\u00fade em geral, concentra\u00e7\u00e3o e equil\u00edbrio emocional entre a Comunidade Universit\u00e1ria da UEL.<\/p>\n\n\n\n<p><\/p>\n\n\n<div class=\"wp-block-image\">\n<figure class=\"aligncenter size-large\"><img loading=\"lazy\" decoding=\"async\" width=\"1024\" height=\"1024\" src=\"https:\/\/sites.uel.br\/sebec\/wp-content\/uploads\/2022\/08\/WhatsApp-Image-2022-08-18-at-07.33.32-1024x1024.jpeg\" alt=\"\" class=\"wp-image-2063\" srcset=\"https:\/\/sites.uel.br\/sebec\/wp-content\/uploads\/2022\/08\/WhatsApp-Image-2022-08-18-at-07.33.32-1024x1024.jpeg 1024w, https:\/\/sites.uel.br\/sebec\/wp-content\/uploads\/2022\/08\/WhatsApp-Image-2022-08-18-at-07.33.32-300x300.jpeg 300w, https:\/\/sites.uel.br\/sebec\/wp-content\/uploads\/2022\/08\/WhatsApp-Image-2022-08-18-at-07.33.32-150x150.jpeg 150w, https:\/\/sites.uel.br\/sebec\/wp-content\/uploads\/2022\/08\/WhatsApp-Image-2022-08-18-at-07.33.32-768x768.jpeg 768w, https:\/\/sites.uel.br\/sebec\/wp-content\/uploads\/2022\/08\/WhatsApp-Image-2022-08-18-at-07.33.32.jpeg 1280w\" sizes=\"auto, (max-width: 1024px) 100vw, 1024px\" \/><figcaption><strong>Link da sess\u00e3o semanal<\/strong>: <a href=\"https:\/\/meet.google.com\/ipt-vinj-exk\" target=\"_blank\" rel=\"noreferrer noopener\">https:\/\/meet.google.com\/ipt-vinj-exk<\/a><\/figcaption><\/figure>\n<\/div>\n\n\n<p class=\"has-text-align-center\">Temos um grupo no WhatsApp para troca de informa\u00e7\u00f5es, <a rel=\"noreferrer noopener\" href=\"https:\/\/chat.whatsapp.com\/LrqGhvLkkTHFhCnaODfTfR\" data-type=\"URL\" data-id=\"https:\/\/chat.whatsapp.com\/LrqGhvLkkTHFhCnaODfTfR\" target=\"_blank\"><strong>clique aqui<\/strong><\/a><strong> <\/strong>para aceitar o convite.<\/p>\n","protected":false},"excerpt":{"rendered":"<p>A Se\u00e7\u00e3o de Sa\u00fade Mental do SEBEC promove atividades preventivas e de aten\u00e7\u00e3o cotidiana em sa\u00fade mental e direitos humanos a partir de Lives, Rodas de Conversa, Palestras, entre outras atividade. Pr\u00e1ticas de Medita\u00e7\u00e3o Pr\u00e1ticas de medita\u00e7\u00e3o com sess\u00f5es semanais para estudantes, docentes e t\u00e9cnicos(as) da UEL, com objetivo de incentivar pr\u00e1ticas que promovam bem-estar, [&hellip;]<\/p>\n","protected":false},"author":1,"featured_media":0,"parent":0,"menu_order":0,"comment_status":"closed","ping_status":"closed","template":"","meta":{"_acf_changed":false,"footnotes":""},"class_list":["post-1020","page","type-page","status-publish","hentry"],"acf":[],"_links":{"self":[{"href":"https:\/\/sites.uel.br\/sebec\/wp-json\/wp\/v2\/pages\/1020","targetHints":{"allow":["GET"]}}],"collection":[{"href":"https:\/\/sites.uel.br\/sebec\/wp-json\/wp\/v2\/pages"}],"about":[{"href":"https:\/\/sites.uel.br\/sebec\/wp-json\/wp\/v2\/types\/page"}],"author":[{"embeddable":true,"href":"https:\/\/sites.uel.br\/sebec\/wp-json\/wp\/v2\/users\/1"}],"replies":[{"embeddable":true,"href":"https:\/\/sites.uel.br\/sebec\/wp-json\/wp\/v2\/comments?post=1020"}],"version-history":[{"count":15,"href":"https:\/\/sites.uel.br\/sebec\/wp-json\/wp\/v2\/pages\/1020\/revisions"}],"predecessor-version":[{"id":2065,"href":"https:\/\/sites.uel.br\/sebec\/wp-json\/wp\/v2\/pages\/1020\/revisions\/2065"}],"wp:attachment":[{"href":"https:\/\/sites.uel.br\/sebec\/wp-json\/wp\/v2\/media?parent=1020"}],"curies":[{"name":"wp","href":"https:\/\/api.w.org\/{rel}","templated":true}]}}

Atenção Cotidiana em Saúde Mental e Direitos Humanos

<p></p>



<p>A Seção de Saúde Mental do SEBEC promove atividades preventivas e de atenção cotidiana em saúde mental e direitos humanos a partir de <em>Lives</em>, Rodas de Conversa, Palestras, entre outras atividade.</p>



<p></p>



<p><strong>Práticas de Meditação</strong></p>



<p></p>



<p>Práticas de meditação com sessões semanais para estudantes, docentes e técnicos(as) da UEL, com objetivo de incentivar práticas que promovam bem-estar, cuidado com a saúde em geral, concentração e equilíbrio emocional entre a Comunidade Universitária da UEL.</p>



<p></p>


<div class="wp-block-image">
<figure class="aligncenter size-large"><img loading="lazy" decoding="async" width="1024" height="1024" src="https://sites.uel.br/sebec/wp-content/uploads/2022/08/WhatsApp-Image-2022-08-18-at-07.33.32-1024x1024.jpeg" alt="" class="wp-image-2063" srcset="https://sites.uel.br/sebec/wp-content/uploads/2022/08/WhatsApp-Image-2022-08-18-at-07.33.32-1024x1024.jpeg 1024w, https://sites.uel.br/sebec/wp-content/uploads/2022/08/WhatsApp-Image-2022-08-18-at-07.33.32-300x300.jpeg 300w, https://sites.uel.br/sebec/wp-content/uploads/2022/08/WhatsApp-Image-2022-08-18-at-07.33.32-150x150.jpeg 150w, https://sites.uel.br/sebec/wp-content/uploads/2022/08/WhatsApp-Image-2022-08-18-at-07.33.32-768x768.jpeg 768w, https://sites.uel.br/sebec/wp-content/uploads/2022/08/WhatsApp-Image-2022-08-18-at-07.33.32.jpeg 1280w" sizes="auto, (max-width: 1024px) 100vw, 1024px" /><figcaption><strong>Link da sessão semanal</strong>: <a href="https://meet.google.com/ipt-vinj-exk" target="_blank" rel="noreferrer noopener">https://meet.google.com/ipt-vinj-exk</a></figcaption></figure>
</div>


<p class="has-text-align-center">Temos um grupo no WhatsApp para troca de informações, <a rel="noreferrer noopener" href="https://chat.whatsapp.com/LrqGhvLkkTHFhCnaODfTfR" data-type="URL" data-id="https://chat.whatsapp.com/LrqGhvLkkTHFhCnaODfTfR" target="_blank"><strong>clique aqui</strong></a><strong> </strong>para aceitar o convite.</p>

<p>A Seção de Saúde Mental do SEBEC promove atividades preventivas e de atenção cotidiana em saúde mental e direitos humanos a partir de Lives, Rodas de Conversa, Palestras, entre outras atividade. Práticas de Meditação Práticas de meditação com sessões semanais para estudantes, docentes e técnicos(as) da UEL, com objetivo de incentivar práticas que promovam bem-estar, [&hellip;]</p>
