{"id":76,"date":"2025-03-17T16:37:32","date_gmt":"2025-03-17T19:37:32","guid":{"rendered":"https:\/\/sites.uel.br\/sauel\/?page_id=76"},"modified":"2025-03-19T10:30:42","modified_gmt":"2025-03-19T13:30:42","slug":"comissao-permanente-de-avaliacao","status":"publish","type":"page","link":"https:\/\/sites.uel.br\/sauel\/comissao-permanente-de-avaliacao\/","title":{"rendered":"Comiss\u00e3o Permanente de Avalia\u00e7\u00e3o de Documentos (CPAD)"},"content":{"rendered":"\n<p>A Comiss\u00e3o Permanente de Avalia\u00e7\u00e3o de Documentos \u2013 CPAD ser\u00e1 constitu\u00edda pelos seguintes membros:<\/p>\n\n\n\n<ol class=\"wp-block-list\">\n<li>Diretor do SAUEL (Presidente);<\/li>\n\n\n\n<li>Secret\u00e1rio do SAUEL;<\/li>\n\n\n\n<li>Respons\u00e1vel pela Divis\u00e3o de Arquivo Intermedi\u00e1rio;<\/li>\n\n\n\n<li>Respons\u00e1vel pela Divis\u00e3o de Arquivo Permanente;<\/li>\n\n\n\n<li>Um docente indicado pelo Departamento de Hist\u00f3ria;<\/li>\n\n\n\n<li>Um docente do Curso de Arquivologia indicado pelo Departamento de Ci\u00eancia da Informa\u00e7\u00e3o;<\/li>\n\n\n\n<li>Um profissional de O &amp; M indicado pela Pr\u00f3-Reitoria de Planejamento;<\/li>\n\n\n\n<li>Um advogado da Procuradoria Jur\u00eddica;<\/li>\n\n\n\n<li>Representante do Departamento de Arquivo P\u00fablico do Paran\u00e1 &#8211; DEAP.<\/li>\n<\/ol>\n\n\n\n<p>Compete \u00e0 Comiss\u00e3o Permanente de Avalia\u00e7\u00e3o de Documentos (CPAD), \u00f3rg\u00e3o de car\u00e1ter permanente do SAUEL, elaborar e acompanhar, juntamente com as Comiss\u00f5es Setoriais de Avalia\u00e7\u00e3o de Documentos, o processo de avalia\u00e7\u00e3o de documentos da Universidade, competindo-lhe ainda:<\/p>\n\n\n\n<ol class=\"wp-block-list\">\n<li>Constituir e estabelecer as atribui\u00e7\u00f5es das Comiss\u00f5es Setoriais de Avalia\u00e7\u00e3o de Documentos;<\/li>\n\n\n\n<li>Orientar e normatizar a produ\u00e7\u00e3o e o fluxo de documentos;<\/li>\n\n\n\n<li>Analisar a incorpora\u00e7\u00e3o e acervo de pessoas f\u00edsicas ou jur\u00eddicas de direito privado, cuja cust\u00f3dia foi assumida pelo SAUEL, por ser considerado de interesse para a Universidade;<\/li>\n\n\n\n<li>Assessorar o Conselho T\u00e9cnico do SAUEL em quest\u00f5es de sua compet\u00eancia;<\/li>\n\n\n\n<li>Garantir a preserva\u00e7\u00e3o do patrim\u00f4nio documental da UEL<\/li>\n\n\n\n<li>Elaborar e\/ou atualizar os C\u00f3digos de Classifica\u00e7\u00e3o de Documentos e as Tabelas de Temporalidade de Documentos, relativos \u00e0s Atividades Fim, submetendo \u00e0 aprova\u00e7\u00e3o do titular da Institui\u00e7\u00e3o e do titular do DEAP\/SEAP;<\/li>\n\n\n\n<li>Orientar juntamente com o DEAP\/SEAP, a aplica\u00e7\u00e3o da Tabela de Temporalidade Meio e Fim na massa documental&nbsp; gerada pela Universidade.<\/li>\n<\/ol>\n\n\n\n<p><strong>Composi\u00e7\u00e3o da CPAD:<\/strong><\/p>\n\n\n\n<p>Portaria n\u00ba 1633\/2023<\/p>\n\n\n\n<p>Instituir a&nbsp;<strong>Comiss\u00e3o Permanente de Avalia\u00e7\u00e3o de Documentos da Universidade Estadual de Londrina (CPAD\/UEL)<\/strong>, que ser\u00e1 composta pelos seguintes membros:<\/p>\n\n\n\n<ul class=\"wp-block-list\">\n<li>Alvaro Barreto Alves Neto \u2013 Presidente<\/li>\n\n\n\n<li>Marisa Aparecida Ferreira de Oliveira \u2013 Secret\u00e1ria<\/li>\n\n\n\n<li>Val\u00e9ria Diatchuk (SAUEL &#8211; DAI)<\/li>\n\n\n\n<li>Eliza Emiko Suzuki Morita (SAUEL-DAP)<\/li>\n\n\n\n<li>Marco Ant\u00f4nio Neves Soares (CLCH)<\/li>\n\n\n\n<li>Eliandro dos Santos Costa (Arquivologia)<\/li>\n\n\n\n<li>Carlos Alberto Biz &#8211; Titular (PROPLAN)<\/li>\n\n\n\n<li>Luis Fernando Casarim &#8211; Suplente (PROPLAN)<\/li>\n\n\n\n<li>M\u00e1rcia Gabriela Bilbao de Vieja (PJU)<\/li>\n\n\n\n<li>Gilberto Martins Ayres (DEAP)<\/li>\n\n\n\n<li>Denise Cristina Mansur (DEAP)<\/li>\n\n\n\n<li>Thais Regina Franciscon de Paula (DEAP)<\/li>\n<\/ul>\n\n\n\n<p><\/p>\n","protected":false},"excerpt":{"rendered":"<p>A Comiss\u00e3o Permanente de Avalia\u00e7\u00e3o de Documentos \u2013 CPAD ser\u00e1 constitu\u00edda pelos seguintes membros: Compete \u00e0 Comiss\u00e3o Permanente de Avalia\u00e7\u00e3o de Documentos (CPAD), \u00f3rg\u00e3o de car\u00e1ter permanente do SAUEL, elaborar e acompanhar, juntamente com as Comiss\u00f5es Setoriais de Avalia\u00e7\u00e3o de Documentos, o processo de avalia\u00e7\u00e3o de documentos da Universidade, competindo-lhe ainda: Composi\u00e7\u00e3o da CPAD: Portaria [&hellip;]<\/p>\n","protected":false},"author":7,"featured_media":0,"parent":0,"menu_order":0,"comment_status":"closed","ping_status":"closed","template":"","meta":{"_acf_changed":false,"_themeisle_gutenberg_block_has_review":false,"footnotes":""},"class_list":["post-76","page","type-page","status-publish","hentry"],"acf":[],"_links":{"self":[{"href":"https:\/\/sites.uel.br\/sauel\/wp-json\/wp\/v2\/pages\/76","targetHints":{"allow":["GET"]}}],"collection":[{"href":"https:\/\/sites.uel.br\/sauel\/wp-json\/wp\/v2\/pages"}],"about":[{"href":"https:\/\/sites.uel.br\/sauel\/wp-json\/wp\/v2\/types\/page"}],"author":[{"embeddable":true,"href":"https:\/\/sites.uel.br\/sauel\/wp-json\/wp\/v2\/users\/7"}],"replies":[{"embeddable":true,"href":"https:\/\/sites.uel.br\/sauel\/wp-json\/wp\/v2\/comments?post=76"}],"version-history":[{"count":8,"href":"https:\/\/sites.uel.br\/sauel\/wp-json\/wp\/v2\/pages\/76\/revisions"}],"predecessor-version":[{"id":147,"href":"https:\/\/sites.uel.br\/sauel\/wp-json\/wp\/v2\/pages\/76\/revisions\/147"}],"wp:attachment":[{"href":"https:\/\/sites.uel.br\/sauel\/wp-json\/wp\/v2\/media?parent=76"}],"curies":[{"name":"wp","href":"https:\/\/api.w.org\/{rel}","templated":true}]}}