{"id":165,"date":"2024-04-23T10:10:37","date_gmt":"2024-04-23T13:10:37","guid":{"rendered":"https:\/\/sites.uel.br\/saca\/?page_id=165"},"modified":"2024-07-08T10:45:11","modified_gmt":"2024-07-08T13:45:11","slug":"apresentacao-de-trabalhos","status":"publish","type":"page","link":"https:\/\/sites.uel.br\/saca\/apresentacao-de-trabalhos\/","title":{"rendered":"Apresenta\u00e7\u00e3o de trabalhos"},"content":{"rendered":"\n<p>O modelo escolhido para impress\u00e3o dever\u00e1 apresentar cord\u00e3o para fixa\u00e7\u00e3o.<\/p>\n\n\n\n<p>Cada participante ser\u00e1 respons\u00e1vel por fixar seu pr\u00f3prio banner no dia do evento e hor\u00e1rio determinado.<\/p>\n\n\n\n<p>O local para fixa\u00e7\u00e3o ser\u00e1 identificado. <\/p>\n\n\n\n<p>At\u00e9 o dia 05\/07\/2024 ser\u00e1 divulgado a data para apresenta\u00e7\u00e3o de cada banner.<\/p>\n\n\n\n<div class=\"wp-block-file\"><a id=\"wp-block-file--media-84a958da-02b0-4ce0-af01-7d1840d45cb2\" href=\"https:\/\/sites.uel.br\/saca\/wp-content\/uploads\/2024\/04\/Banner-XI-SACA-2024.pptx\">Banner-XI-SACA-2024<\/a><a href=\"https:\/\/sites.uel.br\/saca\/wp-content\/uploads\/2024\/04\/Banner-XI-SACA-2024.pptx\" class=\"wp-block-file__button wp-element-button\" download aria-describedby=\"wp-block-file--media-84a958da-02b0-4ce0-af01-7d1840d45cb2\">Baixar<\/a><\/div>\n\n\n\n<p>Confira abaixo a rela\u00e7\u00e3o de trabalhos e os dias de apresenta\u00e7\u00e3o.<\/p>\n\n\n\n<p>D\u00favidas entrar em contato pelo e-mail uel.agro.cientifica@gmail.com<\/p>\n\n\n\n<div data-wp-interactive=\"core\/file\" class=\"wp-block-file\"><object data-wp-bind--hidden=\"!state.hasPdfPreview\" hidden class=\"wp-block-file__embed\" data=\"https:\/\/sites.uel.br\/saca\/wp-content\/uploads\/2024\/07\/Relacao-resumos.pdf\" type=\"application\/pdf\" style=\"width:100%;height:600px\" aria-label=\"Incorporado de Relacao-resumos.\"><\/object><a id=\"wp-block-file--media-65768797-3a30-49ec-b1bf-6c8e4718e30e\" href=\"https:\/\/sites.uel.br\/saca\/wp-content\/uploads\/2024\/07\/Relacao-resumos.pdf\">Relacao-resumos<\/a><a href=\"https:\/\/sites.uel.br\/saca\/wp-content\/uploads\/2024\/07\/Relacao-resumos.pdf\" class=\"wp-block-file__button wp-element-button\" download aria-describedby=\"wp-block-file--media-65768797-3a30-49ec-b1bf-6c8e4718e30e\">Baixar<\/a><\/div>\n\n\n\n<p>D\u00favidas entrar em contato pelo e-mail uel.agro.cientifica@gmail.com<\/p>\n","protected":false},"excerpt":{"rendered":"<p>O modelo escolhido para impress\u00e3o dever\u00e1 apresentar cord\u00e3o para fixa\u00e7\u00e3o. Cada participante ser\u00e1 respons\u00e1vel por fixar seu pr\u00f3prio banner no dia do evento e hor\u00e1rio determinado. O local para fixa\u00e7\u00e3o ser\u00e1 identificado. At\u00e9 o dia 05\/07\/2024 ser\u00e1 divulgado a data para apresenta\u00e7\u00e3o de cada banner. Confira abaixo a rela\u00e7\u00e3o de trabalhos e os dias de [&hellip;]<\/p>\n","protected":false},"author":7,"featured_media":0,"parent":0,"menu_order":0,"comment_status":"closed","ping_status":"closed","template":"","meta":{"_acf_changed":false,"footnotes":""},"class_list":["post-165","page","type-page","status-publish","hentry"],"acf":[],"_links":{"self":[{"href":"https:\/\/sites.uel.br\/saca\/wp-json\/wp\/v2\/pages\/165","targetHints":{"allow":["GET"]}}],"collection":[{"href":"https:\/\/sites.uel.br\/saca\/wp-json\/wp\/v2\/pages"}],"about":[{"href":"https:\/\/sites.uel.br\/saca\/wp-json\/wp\/v2\/types\/page"}],"author":[{"embeddable":true,"href":"https:\/\/sites.uel.br\/saca\/wp-json\/wp\/v2\/users\/7"}],"replies":[{"embeddable":true,"href":"https:\/\/sites.uel.br\/saca\/wp-json\/wp\/v2\/comments?post=165"}],"version-history":[{"count":5,"href":"https:\/\/sites.uel.br\/saca\/wp-json\/wp\/v2\/pages\/165\/revisions"}],"predecessor-version":[{"id":267,"href":"https:\/\/sites.uel.br\/saca\/wp-json\/wp\/v2\/pages\/165\/revisions\/267"}],"wp:attachment":[{"href":"https:\/\/sites.uel.br\/saca\/wp-json\/wp\/v2\/media?parent=165"}],"curies":[{"name":"wp","href":"https:\/\/api.w.org\/{rel}","templated":true}]}}