{"id":13,"date":"2024-02-21T14:15:06","date_gmt":"2024-02-21T17:15:06","guid":{"rendered":"https:\/\/sites.uel.br\/saca\/?page_id=13"},"modified":"2024-04-12T08:27:01","modified_gmt":"2024-04-12T11:27:01","slug":"apresentacao","status":"publish","type":"page","link":"https:\/\/sites.uel.br\/saca\/","title":{"rendered":"Apresenta\u00e7\u00e3o"},"content":{"rendered":"\n<figure class=\"wp-block-image size-large\"><img loading=\"lazy\" decoding=\"async\" width=\"1024\" height=\"325\" src=\"https:\/\/sites.uel.br\/saca\/wp-content\/uploads\/2024\/04\/cropped-Horizontal_Lavanda1-1-1024x325.png\" alt=\"\" class=\"wp-image-127\" srcset=\"https:\/\/sites.uel.br\/saca\/wp-content\/uploads\/2024\/04\/cropped-Horizontal_Lavanda1-1-1024x325.png 1024w, https:\/\/sites.uel.br\/saca\/wp-content\/uploads\/2024\/04\/cropped-Horizontal_Lavanda1-1-300x95.png 300w, https:\/\/sites.uel.br\/saca\/wp-content\/uploads\/2024\/04\/cropped-Horizontal_Lavanda1-1-768x244.png 768w, https:\/\/sites.uel.br\/saca\/wp-content\/uploads\/2024\/04\/cropped-Horizontal_Lavanda1-1-1536x488.png 1536w, https:\/\/sites.uel.br\/saca\/wp-content\/uploads\/2024\/04\/cropped-Horizontal_Lavanda1-1-2048x650.png 2048w\" sizes=\"auto, (max-width: 1024px) 100vw, 1024px\" \/><\/figure>\n\n\n\n<p>O Simp\u00f3sio de Atualiza\u00e7\u00e3o em Ci\u00eancias Agron\u00f4micas (SACA) \u00e9 um evento promovido pelo AGRO.UEL, que engloba o Departamento de Agronomia da Universidade Estadual de Londrina (UEL), Programa de P\u00f3s-Gradua\u00e7\u00e3o em Agronomia, CONSOAGRO e o Centro Acad\u00eamico do Curso de Agronomia.<\/p>\n\n\n\n<p>&nbsp; &nbsp; &nbsp;&nbsp; O evento \u00e9 promovido anualmente desde 2012 e j\u00e1 foi realizado com sucesso nove vezes, alcan\u00e7ando o p\u00fablico de mais de 500 participantes por evento. Devido ao sucesso do SACA, v\u00e1rios estudantes de outras institui\u00e7\u00f5es de Londrina e regi\u00e3o, tamb\u00e9m marcam presen\u00e7a.<\/p>\n\n\n\n<p>&nbsp; &nbsp; &nbsp;&nbsp; O objetivo do evento \u00e9 apresentar novas tecnologias da \u00e1rea agr\u00edcola, trazer \u00e0 realidade dos alunos temas que s\u00e3o pouco discutidos em aulas e atualizar os profissionais formados e atuantes em empresas do setor sobre as principais linhas de pesquisa e extens\u00e3o na \u00e1rea agr\u00f4nomica, e mais especificamente vislumbra promover o contato entre os alunos de agronomia e esses profissionais. &nbsp; &nbsp; &nbsp; &nbsp; &nbsp; &nbsp; &nbsp; &nbsp;<\/p>\n\n\n\n<p>&nbsp; &nbsp; &nbsp;&nbsp; Para tal, o evento oferece ao participante, palestras nas diversas \u00e1reas do setor agron\u00f4mico, mesas redondas, minicursos, visitas t\u00e9cnicas, apresenta\u00e7\u00e3o de p\u00f4steres e quiz.&nbsp;<\/p>\n","protected":false},"excerpt":{"rendered":"<p>O Simp\u00f3sio de Atualiza\u00e7\u00e3o em Ci\u00eancias Agron\u00f4micas (SACA) \u00e9 um evento promovido pelo AGRO.UEL, que engloba o Departamento de Agronomia da Universidade Estadual de Londrina (UEL), Programa de P\u00f3s-Gradua\u00e7\u00e3o em Agronomia, CONSOAGRO e o Centro Acad\u00eamico do Curso de Agronomia. &nbsp; &nbsp; &nbsp;&nbsp; O evento \u00e9 promovido anualmente desde 2012 e j\u00e1 foi realizado com [&hellip;]<\/p>\n","protected":false},"author":7,"featured_media":0,"parent":0,"menu_order":0,"comment_status":"closed","ping_status":"closed","template":"","meta":{"_acf_changed":false,"footnotes":""},"class_list":["post-13","page","type-page","status-publish","hentry"],"acf":[],"_links":{"self":[{"href":"https:\/\/sites.uel.br\/saca\/wp-json\/wp\/v2\/pages\/13","targetHints":{"allow":["GET"]}}],"collection":[{"href":"https:\/\/sites.uel.br\/saca\/wp-json\/wp\/v2\/pages"}],"about":[{"href":"https:\/\/sites.uel.br\/saca\/wp-json\/wp\/v2\/types\/page"}],"author":[{"embeddable":true,"href":"https:\/\/sites.uel.br\/saca\/wp-json\/wp\/v2\/users\/7"}],"replies":[{"embeddable":true,"href":"https:\/\/sites.uel.br\/saca\/wp-json\/wp\/v2\/comments?post=13"}],"version-history":[{"count":2,"href":"https:\/\/sites.uel.br\/saca\/wp-json\/wp\/v2\/pages\/13\/revisions"}],"predecessor-version":[{"id":128,"href":"https:\/\/sites.uel.br\/saca\/wp-json\/wp\/v2\/pages\/13\/revisions\/128"}],"wp:attachment":[{"href":"https:\/\/sites.uel.br\/saca\/wp-json\/wp\/v2\/media?parent=13"}],"curies":[{"name":"wp","href":"https:\/\/api.w.org\/{rel}","templated":true}]}}