{"id":114,"date":"2024-04-11T10:15:40","date_gmt":"2024-04-11T13:15:40","guid":{"rendered":"https:\/\/sites.uel.br\/saca\/?page_id=114"},"modified":"2024-07-08T15:42:56","modified_gmt":"2024-07-08T18:42:56","slug":"programacao","status":"publish","type":"page","link":"https:\/\/sites.uel.br\/saca\/programacao\/","title":{"rendered":"Programa\u00e7\u00e3o"},"content":{"rendered":"\n<p><strong>Ter\u00e7a-feira (09\/07\/2024)<\/strong><\/p>\n\n\n\n<p>08:00 &#8211; 08:30 Credenciamento e entrega de materiais<\/p>\n\n\n\n<p>08:30 &#8211; 09:15 Abertura e homenagens<\/p>\n\n\n\n<p>09:15 &#8211; 10:30 Viver pelo desafio. Vencer pelo prop\u00f3sito <\/p>\n\n\n\n<p><em>Palestrante: Ed. F\u00edsica Richards Moura<\/em><\/p>\n\n\n\n<p>10:30 &#8211; 11:00 <strong>Coffee Break<\/strong><\/p>\n\n\n\n<p>11:00 &#8211; 11:50 Indicadores digitais para monitoramento agr\u00edcola: o conhecimento como base da tecnologia em campo&nbsp;<\/p>\n\n\n\n<p><em>Palestrante:<\/em> <em>Dr.<\/em> <em>Lu\u00eds Guilherme Teixeira Crusiol<\/em><\/p>\n\n\n\n<p><strong>Almo\u00e7o<\/strong><\/p>\n\n\n\n<p>13:20 \u2013 14:00 <strong>Apresenta\u00e7\u00e3o de Poster<\/strong><\/p>\n\n\n\n<p><strong>Painel 1<\/strong>: Impactos das mudan\u00e7as clim\u00e1ticas na agricultura<\/p>\n\n\n\n<p><em>Moderador: Dr. Marcelo Augusto Aguiar e Silva<\/em><\/p>\n\n\n\n<p>14:00 \u2013 14:45 Mudan\u00e7as clim\u00e1ticas: aquecimento global, eventos clim\u00e1ticos extremos e seus impactos<\/p>\n\n\n\n<p><em>Palestrante: Dr. Paulo Henrique Caramori<\/em><\/p>\n\n\n\n<p>14:45 \u2013 15:05 <strong>Momento SACA<\/strong>: Multibelt: O Agro aonde voc\u00ea n\u00e3o imagina<\/p>\n\n\n\n<p><em>Palestrante: Andr\u00e9 Emmel M\u00e1rio<\/em><\/p>\n\n\n\n<p>15:05 \u2013 15:50 Desafios clim\u00e1ticos para a produ\u00e7\u00e3o de gr\u00e3os<\/p>\n\n\n\n<p><em>Palestrante:<\/em> <em>Dr. Jos\u00e9 Renato Bou\u00e7as Farias<\/em><\/p>\n\n\n\n<p>15:50 \u2013 16:20 <strong>Coffee Break<\/strong><\/p>\n\n\n\n<p>16:20 \u2013 17:05 Impacto das mudan\u00e7as clim\u00e1ticas sobre doen\u00e7as de plantas<\/p>\n\n\n\n<p><em>Palestrante: Dra. Emilia Hamada<\/em><\/p>\n\n\n\n<p>17:05 \u2013 17:40<strong> Mesa Redonda<\/strong><\/p>\n\n\n\n<p>17:40 \u2013 18:00 <strong>Quizz<\/strong><\/p>\n\n\n\n<p><strong>Quarta-feira (10\/07\/2024)<\/strong><\/p>\n\n\n\n<p><strong>Painel 2<\/strong>: Resist\u00eancia de Insetos, Pat\u00f3genos e Plantas daninhas a Agrot\u00f3xicos<\/p>\n\n\n\n<p>8:00 \u2013 8:45 50 anos de glifosato: hist\u00f3ria e futuro<\/p>\n\n\n\n<p><em>Palestrante: Dra. Nubia Correia<\/em><\/p>\n\n\n\n<p>8:45 \u2013 9:30 Resist\u00eancia a fungicidas: riscos e manejo<\/p>\n\n\n\n<p><em>Palestrante:<\/em> <em>Dra.<\/em> <em>Fl\u00e1via Elis de Mello<\/em><\/p>\n\n\n\n<p>09:30 &#8211; 09:50 <strong>Momento SACA<\/strong> &#8211; De Sangosse: Profiss\u00e3o agr\u00f4nomo: o mercado de trabalho brasileiro<\/p>\n\n\n\n<p><em>Palestrante: Fl\u00e1vio Matarazzo<\/em><\/p>\n\n\n\n<p>9:50 &#8211; 10:20 <strong>Coffee Break<\/strong><\/p>\n\n\n\n<p>10:20 \u2013 11:05 Estrat\u00e9gias de manejo da resist\u00eancia de pragas \u00e0s ferramentas de controle em sistemas intensivos de cultivos<\/p>\n\n\n\n<p><em>Palestrante:<\/em> <em>Dr. Geraldo Papa<\/em><\/p>\n\n\n\n<p>11:05 \u2013 12:00 <strong>Mesa Redonda<\/strong><\/p>\n\n\n\n<p><strong>Almo\u00e7o<\/strong><\/p>\n\n\n\n<p>13:20 \u2013 14:00 <strong>Apresenta\u00e7\u00e3o de Poster<\/strong><\/p>\n\n\n\n<p>14:00 \u2013 14:50 Pr\u00e1ticas agron\u00f4micas para a prote\u00e7\u00e3o no cultivo de OGMs<\/p>\n\n\n\n<p><em>Palestrante:<\/em> <em>Eng. Agr. Paulo Fabris<\/em><\/p>\n\n\n\n<p>15:00 \u2013 15:45 Apresenta\u00e7\u00e3o oral de trabalhos premiados<\/p>\n\n\n\n<p>15:45 \u2013 16:15 <strong>Coffee Break<\/strong><\/p>\n\n\n\n<p>16:15 &#8211; 16:35 Momento SACA<\/p>\n\n\n\n<p>16:35 \u2013 17:25 Fisiologia e nutri\u00e7\u00e3o em culturas gran\u00edferas<\/p>\n\n\n\n<p><em>Palestrante:<\/em> <em>Dr. Carlos Alexandre Costa Crusciol<\/em><\/p>\n\n\n\n<p>17:35 \u2013 18:00 <strong>Quizz<\/strong><\/p>\n\n\n\n<p><strong>Quinta-feira (11\/07\/2024)<\/strong><\/p>\n\n\n\n<p>8:00 \u2013 8:50 Aplica\u00e7\u00e3o com drone: situa\u00e7\u00e3o atual, desafios, perspectivas<\/p>\n\n\n\n<p><em>Palestrante:<\/em> <em>Dr. Henrique Campos<\/em><\/p>\n\n\n\n<p>9:00 \u2013 9:50 Desafios da agricultura de baixo carbono at\u00e9 2030: plano ABC+<\/p>\n\n\n\n<p><em>Palestrante:<\/em> <em>Dr. Breno Menezes de Campos<\/em><\/p>\n\n\n\n<p>10:00 \u2013 10:30 <strong>Coffee Break<\/strong><\/p>\n\n\n\n<p>10:30 \u2013 11:20 Potencial da Silvicultura no Brasil<\/p>\n\n\n\n<p><em>Palestrante:<\/em> <em><em>Eng. Agr.<\/em><\/em> <em>Pedro Francio Filho<\/em><\/p>\n\n\n\n<p>11:30 &#8211; 12:00 Momento SACA<\/p>\n\n\n\n<p><strong>Almo\u00e7o<\/strong><\/p>\n\n\n\n<p>13:20 \u2013 14:00 <strong>Apresenta\u00e7\u00e3o de Poster<\/strong><\/p>\n\n\n\n<p><strong>Casos de sucesso: a experi\u00eancias de produtores e consultores<\/strong><\/p>\n\n\n\n<p>14:00 \u2013 14:15 Pr\u00e1ticas conservacionistas para estabilidade produtiva<\/p>\n\n\n\n<p><em>Palestrante: S\u00e9rgio Ricardo Ito<\/em><\/p>\n\n\n\n<p>14:15 &#8211; 14:35 Pr\u00e1ticas conservacionistas para estabilidade produtiva<\/p>\n\n\n\n<p><em>Consultor: Alexandre Yamamoto\/Marcel Romanini Fontana<\/em><\/p>\n\n\n\n<p>14:50 &#8211; 15:10<strong> Momento SACA<\/strong>: Mosaic<\/p>\n\n\n\n<p>15:10 \u2013 15:25 Mulheres do Caf\u00e9 do Norte Pioneiro do PR<\/p>\n\n\n\n<p><em>Palestrante: Silvana Ap de Souza Gon\u00e7alves<\/em><\/p>\n\n\n\n<p>15:25 &#8211; 15:45 Mulheres do Caf\u00e9 do Norte Pioneiro do PR<\/p>\n\n\n\n<p><em>Consultor: Ot\u00e1vio Sandrin<\/em><\/p>\n\n\n\n<p>16:00 &#8211; 16:30 Coffee break<\/p>\n\n\n\n<p>16:30 &#8211; 16:45 Transi\u00e7\u00e3o agroecol\u00f3gica da produ\u00e7\u00e3o de Hortifruti e a certifica\u00e7\u00e3o org\u00e2nica<\/p>\n\n\n\n<p><em>Palestrante: J\u00falia Nunes dos Santos<\/em><\/p>\n\n\n\n<p>16:45 &#8211; 17:05 Transi\u00e7\u00e3o agroecol\u00f3gica da produ\u00e7\u00e3o de Hortifruti e a certifica\u00e7\u00e3o org\u00e2nica<\/p>\n\n\n\n<p><em>Consultor: Dr. Felipe Favoretto Furlan<\/em><\/p>\n\n\n\n<p>17:45 \u2013 18:00 <strong>Premia\u00e7\u00f5es e Encerramento<\/strong><\/p>\n\n\n\n<p><strong>Sexta-feira (12\/07\/2024)<\/strong><\/p>\n\n\n\n<p>8:00 \u2013 10:00 <strong>Minicursos<\/strong><\/p>\n\n\n\n<p>10:00 \u2013 10:20 <strong>Coffee Break<\/strong><\/p>\n\n\n\n<p>10:20 \u2013 12:00 <strong>Minicursos<\/strong><\/p>\n\n\n\n<p><strong>Minicursos<\/strong>:<\/p>\n\n\n\n<p>08:00 &#8211; 12:00 <strong>Tecnologia de aplica\u00e7\u00e3o a\u00e9rea<\/strong> <\/p>\n\n\n\n<p><em>Palestrante: Dr. Henrique <\/em>Borges Neves Campos<\/p>\n\n\n\n<p>08:00 &#8211; 12:00 <strong>Avalia\u00e7\u00e3o fisiol\u00f3gica em plantas<\/strong><\/p>\n\n\n\n<p><em>Palestrante: Dr. Diego Gomes<\/em><\/p>\n\n\n\n<p>08:00 &#8211; 12:00 <strong>Comunica\u00e7\u00e3o e orat\u00f3ria<\/strong><\/p>\n\n\n\n<p><em>Palestrante: Me. Paulo Sergio Negri<\/em><\/p>\n\n\n\n<p>08:00 &#8211; 12:00 <strong>Planejamento e an\u00e1lise de experimentos utilizando o Software R<\/strong><\/p>\n\n\n\n<p><em>Palestrante: Dr. Guilherme Biz<\/em><\/p>\n\n\n\n<p>08:00 &#8211; 12:00 <strong>Novas tecnologias para o cultivo do morangueiro<\/strong><\/p>\n\n\n\n<p><em>Palestrante: Dr. Juliano Tadeu Vilela de Resende<\/em><\/p>\n\n\n\n<p>08:00 &#8211; 12:00 <strong>Manejo Integrado de Pragas (MIP)<\/strong><\/p>\n\n\n\n<p><em>Palestrante: Dr. Adriano Thibes Hoshino<\/em><\/p>\n\n\n\n<p>08:00 &#8211; 12:00 <strong>Coletor de esporos: descri\u00e7\u00e3o, uso e resultados no manejo da ferrugem-asi\u00e1tica da soja<\/strong><\/p>\n\n\n\n<p><em>Palestrante: Dr. Wagner Teigi Igarashi<\/em><\/p>\n\n\n\n<p>14:00 &#8211; 18:00 <strong>Visita t\u00e9cnica a Laborsolo<\/strong><\/p>\n\n\n\n<p><em>Palestrante: Conrado Cagliari Fioretto<\/em><\/p>\n\n\n\n<p><strong>Local de realiza\u00e7\u00e3o:<\/strong><\/p>\n\n\n\n<p>09 a 11 de julho de 2024: Anfiteatro Cyro Grossi \u2013 CCB\/UEL, Rodovia Celso Garcia Cid, PR-445, Km 380 &#8211; Campus Universit\u00e1rio, Londrina &#8211; PR, 86057-970.<\/p>\n\n\n\n<p>12 de julho de 2024: Anfiteatro Maior e Salas do Centro de Ci\u00eancias Agr\u00e1rias e Fazenda Escola da Universidade Estadual de Londrina, Rodovia Celso Garcia Cid, PR-445, Km 380 &#8211; Campus Universit\u00e1rio, Londrina &#8211; PR, 86057-970.<\/p>\n","protected":false},"excerpt":{"rendered":"<p>Ter\u00e7a-feira (09\/07\/2024) 08:00 &#8211; 08:30 Credenciamento e entrega de materiais 08:30 &#8211; 09:15 Abertura e homenagens 09:15 &#8211; 10:30 Viver pelo desafio. Vencer pelo prop\u00f3sito Palestrante: Ed. F\u00edsica Richards Moura 10:30 &#8211; 11:00 Coffee Break 11:00 &#8211; 11:50 Indicadores digitais para monitoramento agr\u00edcola: o conhecimento como base da tecnologia em campo&nbsp; Palestrante: Dr. Lu\u00eds Guilherme [&hellip;]<\/p>\n","protected":false},"author":7,"featured_media":0,"parent":0,"menu_order":0,"comment_status":"closed","ping_status":"closed","template":"","meta":{"_acf_changed":false,"footnotes":""},"class_list":["post-114","page","type-page","status-publish","hentry"],"acf":[],"_links":{"self":[{"href":"https:\/\/sites.uel.br\/saca\/wp-json\/wp\/v2\/pages\/114","targetHints":{"allow":["GET"]}}],"collection":[{"href":"https:\/\/sites.uel.br\/saca\/wp-json\/wp\/v2\/pages"}],"about":[{"href":"https:\/\/sites.uel.br\/saca\/wp-json\/wp\/v2\/types\/page"}],"author":[{"embeddable":true,"href":"https:\/\/sites.uel.br\/saca\/wp-json\/wp\/v2\/users\/7"}],"replies":[{"embeddable":true,"href":"https:\/\/sites.uel.br\/saca\/wp-json\/wp\/v2\/comments?post=114"}],"version-history":[{"count":49,"href":"https:\/\/sites.uel.br\/saca\/wp-json\/wp\/v2\/pages\/114\/revisions"}],"predecessor-version":[{"id":272,"href":"https:\/\/sites.uel.br\/saca\/wp-json\/wp\/v2\/pages\/114\/revisions\/272"}],"wp:attachment":[{"href":"https:\/\/sites.uel.br\/saca\/wp-json\/wp\/v2\/media?parent=114"}],"curies":[{"name":"wp","href":"https:\/\/api.w.org\/{rel}","templated":true}]}}