{"id":98,"date":"2023-04-20T15:37:01","date_gmt":"2023-04-20T18:37:01","guid":{"rendered":"https:\/\/sites.uel.br\/protagoniza\/?page_id=98"},"modified":"2023-05-24T15:18:46","modified_gmt":"2023-05-24T18:18:46","slug":"escola","status":"publish","type":"page","link":"https:\/\/sites.uel.br\/protagoniza\/escola\/","title":{"rendered":"Escolas"},"content":{"rendered":"\n<p>Nesta aba, \u00e9 poss\u00edvel conhecer mais de perto o trabalho desenvolvido em cada um dos col\u00e9gios alcan\u00e7ados pelo &#8220;Protagozina&#8221;.<\/p>\n\n\n\n<p><\/p>\n","protected":false},"excerpt":{"rendered":"<p>Nesta aba, \u00e9 poss\u00edvel conhecer mais de perto o trabalho desenvolvido em cada um dos col\u00e9gios alcan\u00e7ados pelo &#8220;Protagozina&#8221;.<\/p>\n","protected":false},"author":8,"featured_media":0,"parent":0,"menu_order":0,"comment_status":"closed","ping_status":"closed","template":"","meta":{"footnotes":""},"class_list":["post-98","page","type-page","status-publish","hentry"],"acf":[],"_links":{"self":[{"href":"https:\/\/sites.uel.br\/protagoniza\/wp-json\/wp\/v2\/pages\/98","targetHints":{"allow":["GET"]}}],"collection":[{"href":"https:\/\/sites.uel.br\/protagoniza\/wp-json\/wp\/v2\/pages"}],"about":[{"href":"https:\/\/sites.uel.br\/protagoniza\/wp-json\/wp\/v2\/types\/page"}],"author":[{"embeddable":true,"href":"https:\/\/sites.uel.br\/protagoniza\/wp-json\/wp\/v2\/users\/8"}],"replies":[{"embeddable":true,"href":"https:\/\/sites.uel.br\/protagoniza\/wp-json\/wp\/v2\/comments?post=98"}],"version-history":[{"count":3,"href":"https:\/\/sites.uel.br\/protagoniza\/wp-json\/wp\/v2\/pages\/98\/revisions"}],"predecessor-version":[{"id":218,"href":"https:\/\/sites.uel.br\/protagoniza\/wp-json\/wp\/v2\/pages\/98\/revisions\/218"}],"wp:attachment":[{"href":"https:\/\/sites.uel.br\/protagoniza\/wp-json\/wp\/v2\/media?parent=98"}],"curies":[{"name":"wp","href":"https:\/\/api.w.org\/{rel}","templated":true}]}}