{"id":87,"date":"2023-04-20T15:35:22","date_gmt":"2023-04-20T18:35:22","guid":{"rendered":"https:\/\/sites.uel.br\/protagoniza\/?page_id=87"},"modified":"2023-04-25T10:11:43","modified_gmt":"2023-04-25T13:11:43","slug":"o-que-fazemos","status":"publish","type":"page","link":"https:\/\/sites.uel.br\/protagoniza\/o-que-fazemos\/","title":{"rendered":"O que fazemos"},"content":{"rendered":"\n<hr class=\"wp-block-separator has-alpha-channel-opacity is-style-wide\"\/>\n\n\n\n<p>Nosso prop\u00f3sito \u00e9 a consolida\u00e7\u00e3o em capacita\u00e7\u00e3o\/forma\u00e7\u00e3o de jovens carentes para exercer o seu protagonismo no sentido de criar um sonho de neg\u00f3cio, para posteriormente ter condi\u00e7\u00f5es s\u00f3lidas para ser um empreendedor motivado e comprometido com o meio em que vive, mediante a\u00e7\u00f5es empreendedoras, sustent\u00e1veis, criativas e inovadoras.<\/p>\n","protected":false},"excerpt":{"rendered":"<p>Nosso prop\u00f3sito \u00e9 a consolida\u00e7\u00e3o em capacita\u00e7\u00e3o\/forma\u00e7\u00e3o de jovens carentes para exercer o seu protagonismo no sentido de criar um sonho de neg\u00f3cio, para posteriormente ter condi\u00e7\u00f5es s\u00f3lidas para ser um empreendedor motivado e comprometido com o meio em que vive, mediante a\u00e7\u00f5es empreendedoras, sustent\u00e1veis, criativas e inovadoras.<\/p>\n","protected":false},"author":8,"featured_media":0,"parent":0,"menu_order":0,"comment_status":"closed","ping_status":"closed","template":"","meta":{"footnotes":""},"class_list":["post-87","page","type-page","status-publish","hentry"],"acf":[],"_links":{"self":[{"href":"https:\/\/sites.uel.br\/protagoniza\/wp-json\/wp\/v2\/pages\/87","targetHints":{"allow":["GET"]}}],"collection":[{"href":"https:\/\/sites.uel.br\/protagoniza\/wp-json\/wp\/v2\/pages"}],"about":[{"href":"https:\/\/sites.uel.br\/protagoniza\/wp-json\/wp\/v2\/types\/page"}],"author":[{"embeddable":true,"href":"https:\/\/sites.uel.br\/protagoniza\/wp-json\/wp\/v2\/users\/8"}],"replies":[{"embeddable":true,"href":"https:\/\/sites.uel.br\/protagoniza\/wp-json\/wp\/v2\/comments?post=87"}],"version-history":[{"count":4,"href":"https:\/\/sites.uel.br\/protagoniza\/wp-json\/wp\/v2\/pages\/87\/revisions"}],"predecessor-version":[{"id":197,"href":"https:\/\/sites.uel.br\/protagoniza\/wp-json\/wp\/v2\/pages\/87\/revisions\/197"}],"wp:attachment":[{"href":"https:\/\/sites.uel.br\/protagoniza\/wp-json\/wp\/v2\/media?parent=87"}],"curies":[{"name":"wp","href":"https:\/\/api.w.org\/{rel}","templated":true}]}}