{"id":5,"date":"2022-12-15T15:57:03","date_gmt":"2022-12-15T18:57:03","guid":{"rendered":"https:\/\/sites.uel.br\/prorh\/?page_id=5"},"modified":"2024-05-16T14:58:24","modified_gmt":"2024-05-16T17:58:24","slug":"pagina-inicial","status":"publish","type":"page","link":"https:\/\/sites.uel.br\/prorh\/","title":{"rendered":"P\u00e1gina Inicial"},"content":{"rendered":"\n<div class=\"wp-block-uel-card\">\n<h3 class=\"wp-block-heading is-style-highlighted-heading\">ACESSO R\u00c1PIDO<\/h3>\n\n\n\n<hr class=\"wp-block-separator has-text-color has-alpha-channel-opacity has-background is-style-wide\" style=\"background-color:#4d4d4d66;color:#4d4d4d66\"\/>\n\n\n<div id=\"metaslider-id-182\" style=\"width: 100%; margin: 0 auto;\" class=\"ml-slider-3-108-0 metaslider metaslider-flex metaslider-182 ml-slider has-dots-nav has-carousel-mode ms-theme-default\" role=\"region\" aria-label=\"Acesso R\u00e1pido\" data-height=\"155\" data-width=\"155\">\n    <div id=\"metaslider_container_182\">\n        <div id=\"metaslider_182\">\n            <ul class='slides'>\n                <li style=\"display: none; width: 100%;\" class=\"slide-186 ms-image \" aria-roledescription=\"slide\" data-date=\"2023-04-19 10:34:54\" data-filename=\"Prancheta-13-Copia.png\" data-slide-type=\"image\"><a href=\"https:\/\/sites.uel.br\/prorh\/calendario-administrativo\/\" target=\"_blank\" aria-label=\"View Slide Details\" class=\"metaslider_image_link\"><img loading=\"lazy\" decoding=\"async\" width=\"2022\" height=\"2023\" src=\"https:\/\/sites.uel.br\/prorh\/wp-content\/uploads\/2023\/04\/Prancheta-13-Copia.png\" class=\"slider-182 slide-186 msDefaultImage\" alt=\"\" rel=\"\" title=\"Calend\u00e1rio Administrativo\" srcset=\"https:\/\/sites.uel.br\/prorh\/wp-content\/uploads\/2023\/04\/Prancheta-13-Copia.png 2022w, https:\/\/sites.uel.br\/prorh\/wp-content\/uploads\/2023\/04\/Prancheta-13-Copia-300x300.png 300w, https:\/\/sites.uel.br\/prorh\/wp-content\/uploads\/2023\/04\/Prancheta-13-Copia-1024x1024.png 1024w, https:\/\/sites.uel.br\/prorh\/wp-content\/uploads\/2023\/04\/Prancheta-13-Copia-150x150.png 150w, https:\/\/sites.uel.br\/prorh\/wp-content\/uploads\/2023\/04\/Prancheta-13-Copia-768x768.png 768w, https:\/\/sites.uel.br\/prorh\/wp-content\/uploads\/2023\/04\/Prancheta-13-Copia-1536x1536.png 1536w, https:\/\/sites.uel.br\/prorh\/wp-content\/uploads\/2023\/04\/Prancheta-13-Copia-155x155.png 155w\" sizes=\"auto, (max-width: 2022px) 100vw, 2022px\" \/><\/a><\/li>\n                <li style=\"display: none; width: 100%;\" class=\"slide-187 ms-image \" aria-roledescription=\"slide\" data-date=\"2023-04-19 10:34:55\" data-filename=\"Prancheta-15-Copia-Copia-3.png\" data-slide-type=\"image\"><a href=\"https:\/\/sites.uel.br\/prorh\/formularios\/\" target=\"_blank\" aria-label=\"View Slide Details\" class=\"metaslider_image_link\"><img loading=\"lazy\" decoding=\"async\" width=\"2023\" height=\"2023\" src=\"https:\/\/sites.uel.br\/prorh\/wp-content\/uploads\/2023\/04\/Prancheta-15-Copia-Copia-3.png\" class=\"slider-182 slide-187 msDefaultImage\" alt=\"\" rel=\"\" title=\"Formul\u00e1rios\" srcset=\"https:\/\/sites.uel.br\/prorh\/wp-content\/uploads\/2023\/04\/Prancheta-15-Copia-Copia-3.png 2023w, https:\/\/sites.uel.br\/prorh\/wp-content\/uploads\/2023\/04\/Prancheta-15-Copia-Copia-3-300x300.png 300w, https:\/\/sites.uel.br\/prorh\/wp-content\/uploads\/2023\/04\/Prancheta-15-Copia-Copia-3-1024x1024.png 1024w, https:\/\/sites.uel.br\/prorh\/wp-content\/uploads\/2023\/04\/Prancheta-15-Copia-Copia-3-150x150.png 150w, https:\/\/sites.uel.br\/prorh\/wp-content\/uploads\/2023\/04\/Prancheta-15-Copia-Copia-3-768x768.png 768w, https:\/\/sites.uel.br\/prorh\/wp-content\/uploads\/2023\/04\/Prancheta-15-Copia-Copia-3-1536x1536.png 1536w, https:\/\/sites.uel.br\/prorh\/wp-content\/uploads\/2023\/04\/Prancheta-15-Copia-Copia-3-155x155.png 155w\" sizes=\"auto, (max-width: 2023px) 100vw, 2023px\" \/><\/a><\/li>\n                <li style=\"display: none; width: 100%;\" class=\"slide-188 ms-image \" aria-roledescription=\"slide\" data-date=\"2023-04-19 10:34:55\" data-filename=\"Prancheta-21-Copia-Copia-3.png\" data-slide-type=\"image\"><a href=\"https:\/\/sistemas.uel.br\/index2\" target=\"_blank\" aria-label=\"View Slide Details\" class=\"metaslider_image_link\"><img loading=\"lazy\" decoding=\"async\" width=\"2023\" height=\"2023\" src=\"https:\/\/sites.uel.br\/prorh\/wp-content\/uploads\/2023\/04\/Prancheta-21-Copia-Copia-3.png\" class=\"slider-182 slide-188 msDefaultImage\" alt=\"\" rel=\"\" title=\"Sistemas\" srcset=\"https:\/\/sites.uel.br\/prorh\/wp-content\/uploads\/2023\/04\/Prancheta-21-Copia-Copia-3.png 2023w, https:\/\/sites.uel.br\/prorh\/wp-content\/uploads\/2023\/04\/Prancheta-21-Copia-Copia-3-300x300.png 300w, https:\/\/sites.uel.br\/prorh\/wp-content\/uploads\/2023\/04\/Prancheta-21-Copia-Copia-3-1024x1024.png 1024w, https:\/\/sites.uel.br\/prorh\/wp-content\/uploads\/2023\/04\/Prancheta-21-Copia-Copia-3-150x150.png 150w, https:\/\/sites.uel.br\/prorh\/wp-content\/uploads\/2023\/04\/Prancheta-21-Copia-Copia-3-768x768.png 768w, https:\/\/sites.uel.br\/prorh\/wp-content\/uploads\/2023\/04\/Prancheta-21-Copia-Copia-3-1536x1536.png 1536w, https:\/\/sites.uel.br\/prorh\/wp-content\/uploads\/2023\/04\/Prancheta-21-Copia-Copia-3-155x155.png 155w\" sizes=\"auto, (max-width: 2023px) 100vw, 2023px\" \/><\/a><\/li>\n                <li style=\"display: none; width: 100%;\" class=\"slide-1052 ms-image \" aria-roledescription=\"slide\" data-date=\"2023-09-25 17:08:41\" data-filename=\"holerite.png\" data-slide-type=\"image\"><a href=\"https:\/\/sistemas.uel.br\/portaldoservidor\/index\" target=\"_self\" aria-label=\"View Slide Details\" class=\"metaslider_image_link\"><img loading=\"lazy\" decoding=\"async\" width=\"2023\" height=\"2023\" src=\"https:\/\/sites.uel.br\/prorh\/wp-content\/uploads\/2023\/09\/holerite.png\" class=\"slider-182 slide-1052 msDefaultImage\" alt=\"\" rel=\"\" title=\"holerite\" srcset=\"https:\/\/sites.uel.br\/prorh\/wp-content\/uploads\/2023\/09\/holerite.png 2023w, https:\/\/sites.uel.br\/prorh\/wp-content\/uploads\/2023\/09\/holerite-300x300.png 300w, https:\/\/sites.uel.br\/prorh\/wp-content\/uploads\/2023\/09\/holerite-1024x1024.png 1024w, https:\/\/sites.uel.br\/prorh\/wp-content\/uploads\/2023\/09\/holerite-150x150.png 150w, https:\/\/sites.uel.br\/prorh\/wp-content\/uploads\/2023\/09\/holerite-768x768.png 768w, https:\/\/sites.uel.br\/prorh\/wp-content\/uploads\/2023\/09\/holerite-1536x1536.png 1536w\" sizes=\"auto, (max-width: 2023px) 100vw, 2023px\" \/><\/a><\/li>\n                <li style=\"display: none; width: 100%;\" class=\"slide-1049 ms-image \" aria-roledescription=\"slide\" data-date=\"2023-09-25 17:08:34\" data-filename=\"aposentadoria.png\" data-slide-type=\"image\"><a href=\"https:\/\/sistemas.uel.br\/portaldoservidor\/simulador\" target=\"_self\" aria-label=\"View Slide Details\" class=\"metaslider_image_link\"><img loading=\"lazy\" decoding=\"async\" width=\"2023\" height=\"2023\" src=\"https:\/\/sites.uel.br\/prorh\/wp-content\/uploads\/2023\/09\/aposentadoria.png\" class=\"slider-182 slide-1049 msDefaultImage\" alt=\"\" rel=\"\" title=\"aposentadoria\" srcset=\"https:\/\/sites.uel.br\/prorh\/wp-content\/uploads\/2023\/09\/aposentadoria.png 2023w, https:\/\/sites.uel.br\/prorh\/wp-content\/uploads\/2023\/09\/aposentadoria-300x300.png 300w, https:\/\/sites.uel.br\/prorh\/wp-content\/uploads\/2023\/09\/aposentadoria-1024x1024.png 1024w, https:\/\/sites.uel.br\/prorh\/wp-content\/uploads\/2023\/09\/aposentadoria-150x150.png 150w, https:\/\/sites.uel.br\/prorh\/wp-content\/uploads\/2023\/09\/aposentadoria-768x768.png 768w, https:\/\/sites.uel.br\/prorh\/wp-content\/uploads\/2023\/09\/aposentadoria-1536x1536.png 1536w\" sizes=\"auto, (max-width: 2023px) 100vw, 2023px\" \/><\/a><\/li>\n                <li style=\"display: none; width: 100%;\" class=\"slide-1050 ms-image \" aria-roledescription=\"slide\" data-date=\"2023-09-25 17:08:34\" data-filename=\"oportunidades.png\" data-slide-type=\"image\"><a href=\"https:\/\/sites.uel.br\/prorh\/processos-de-selecao\/\" target=\"_self\" aria-label=\"View Slide Details\" class=\"metaslider_image_link\"><img loading=\"lazy\" decoding=\"async\" width=\"2023\" height=\"2023\" src=\"https:\/\/sites.uel.br\/prorh\/wp-content\/uploads\/2023\/09\/oportunidades.png\" class=\"slider-182 slide-1050 msDefaultImage\" alt=\"\" rel=\"\" title=\"oportunidades\" srcset=\"https:\/\/sites.uel.br\/prorh\/wp-content\/uploads\/2023\/09\/oportunidades.png 2023w, https:\/\/sites.uel.br\/prorh\/wp-content\/uploads\/2023\/09\/oportunidades-300x300.png 300w, https:\/\/sites.uel.br\/prorh\/wp-content\/uploads\/2023\/09\/oportunidades-1024x1024.png 1024w, https:\/\/sites.uel.br\/prorh\/wp-content\/uploads\/2023\/09\/oportunidades-150x150.png 150w, https:\/\/sites.uel.br\/prorh\/wp-content\/uploads\/2023\/09\/oportunidades-768x768.png 768w, https:\/\/sites.uel.br\/prorh\/wp-content\/uploads\/2023\/09\/oportunidades-1536x1536.png 1536w\" sizes=\"auto, (max-width: 2023px) 100vw, 2023px\" \/><\/a><\/li>\n            <\/ul>\n        <\/div>\n        \n    <\/div>\n<\/div>\n<\/div>\n\n\n\n<div class=\"wp-block-columns is-layout-flex wp-container-core-columns-is-layout-9d6595d7 wp-block-columns-is-layout-flex\">\n<div class=\"wp-block-column is-layout-flow wp-block-column-is-layout-flow\" style=\"flex-basis:75%\">\n<div class=\"wp-block-uel-card\">\n<h3 class=\"wp-block-heading is-style-highlighted-heading\">NOVIDADES<\/h3>\n\n\n\n<hr class=\"wp-block-separator has-text-color has-alpha-channel-opacity has-background is-style-wide\" style=\"background-color:#4d4d4d66;color:#4d4d4d66\"\/>\n\n\n<div class=\"noticias-recentes\"><a class=\"noticia-padrao d-flex flex-column flex-md-row align-items-start\" href=\"https:\/\/sites.uel.br\/prorh\/estagio\/2024\/01\/30\/comunicado-sobre-estagio-curricular-nao-obrigatorio-de-bolsas-seap-pr\/\"><article class=\"ml-0 ml-md-2 corpo-noticia-padrao\"><p class=\"antetitulo mb-0\">EST\u00c1GIO<\/p><p class=\"titulo mb-2\">Comunicado sobre est\u00e1gio curricular n\u00e3o obrigat\u00f3rio de bolsas SEAP\/PR<\/p><p class=\"descricao\">A Pr\u00f3-Reitoria de Recursos Humanos-PRORH e a Prograd-Divis\u00e3o Central de Est\u00e1gios informam que as vagas de est\u00e1gios curriculares n\u00e3o obrigat\u00f3rios (remunerados) de Bolsa SEAP ser\u00e3o publicadas a partir do dia 30\/01\/2024. Os estudantes de gradua\u00e7\u00e3o da UEL ou de Outras Institui\u00e7\u00f5es interessados, dever\u00e3o se inscrever pelo site: www.centraldeestagio.pr.gov.br e entrar em contato com a unidade [&hellip;]<\/p><\/article><\/a><hr class=\"mt-2 mb-2 d-none d-md-block\"><a class=\"noticia-padrao d-flex flex-column flex-md-row align-items-start\" href=\"https:\/\/sites.uel.br\/prorh\/sem-categoria\/2023\/09\/20\/recolhimento-previdenciario-sobre-insalubridade-e-periculosidade\/\"><article class=\"ml-0 ml-md-2 corpo-noticia-padrao\"><p class=\"antetitulo mb-0\"><\/p><p class=\"titulo mb-2\">Recolhimento Previdenci\u00e1rio sobre Insalubridade e Periculosidade<\/p><p class=\"descricao\">Tendo em vista parecer emitido pela Procuradoria Geral do Estado do Paran\u00e1 &#8211; PGE\/PCRH de n\u00ba 060\/2023 de 28\/08\/2023, que&nbsp;indica pela interrup\u00e7\u00e3o imediata dos descontos previdenci\u00e1rios incidentes sobre os adicionais de Insalubridade e Periculosidade,&nbsp;em conformidade ao entendimento exarado pelo Supremo Tribunal Federal \u2013 STF no julgamento do Tema 163, ao artigo 4\u00ba, par\u00e1grafo 8\u00ba, da [&hellip;]<\/p><\/article><\/a><hr class=\"mt-2 mb-2 d-none d-md-block\"><a class=\"noticia-padrao d-flex flex-column flex-md-row align-items-start\" href=\"https:\/\/sites.uel.br\/prorh\/sem-categoria\/2023\/09\/20\/programa-de-indenizacao-das-licencas-especiais-premio\/\"><article class=\"ml-0 ml-md-2 corpo-noticia-padrao\"><p class=\"antetitulo mb-0\"><\/p><p class=\"titulo mb-2\">Programa de indeniza\u00e7\u00e3o das licen\u00e7as especiais pr\u00eamio<\/p><p class=\"descricao\">Considerando as tratativas iniciadas no m\u00eas de mar\u00e7o de 2023 (e-protocolo n. 20.204.321-6), visando converter administrativamente em pec\u00fania, as licen\u00e7as especiais-pr\u00eamio dos servidores da UEL j\u00e1 adquiridas \/ n\u00e3o fru\u00eddas e n\u00e3o prescritas, conforme as possibilidades dispostas no Decreto Estadual n\u00ba 4.631\/2020, que regulamenta o programa de indeniza\u00e7\u00e3o de licen\u00e7as especiais, previsto no artigo 6\u00ba [&hellip;]<\/p><\/article><\/a><hr class=\"mt-2 mb-2 d-none d-md-block\"><a class=\"noticia-padrao d-flex flex-column flex-md-row align-items-start\" href=\"https:\/\/sites.uel.br\/prorh\/sem-categoria\/2022\/12\/16\/implantacao-das-promocoes-e-progressoes-do-exercicio-2022\/\"><article class=\"ml-0 ml-md-2 corpo-noticia-padrao\"><p class=\"antetitulo mb-0\"><\/p><p class=\"titulo mb-2\">Implanta\u00e7\u00e3o das promo\u00e7\u00f5es e progress\u00f5es do exerc\u00edcio 2022<\/p><p class=\"descricao\">Considerando o Despacho Governamental de 29\/08\/2022, que autoriza a implanta\u00e7\u00e3o das promo\u00e7\u00f5es e progress\u00f5es cujos crit\u00e9rios foram adimplidos no exerc\u00edcio 2022; Considerando que a PRORH j\u00e1 vinha se preparando operacionalmente para assim que a referida autoriza\u00e7\u00e3o ocorresse, realizasse a implanta\u00e7\u00e3o; Informamos que as promo\u00e7\u00f5es e progress\u00f5es dos servidores que adimpliram os requisitos legais at\u00e9 o [&hellip;]<\/p><\/article><\/a><div class=\"clearfix\" style=\"width: 100%;\"><\/div><a href=\"https:\/\/sites.uel.br\/prorh\/posts\" class=\"mt-4 noticias-recentes_todas\">Ver mais<\/a><\/div><\/div>\n\n\n\n<div class=\"wp-block-uel-card\">\n<h3 class=\"wp-block-heading is-style-highlighted-heading\">EDITAIS<\/h3>\n\n\n\n<hr class=\"wp-block-separator has-text-color has-alpha-channel-opacity has-background is-style-wide\" style=\"background-color:#4d4d4d66;color:#4d4d4d66\"\/>\n\n\n<div class=\"editais-block\"><div class=\"col-md-4\"><a href=\"https:\/\/sites.uel.br\/prorh\/categoria-edital\/pss\/\" rel=\"tag\">PSS<\/a><a class=\"editais-block__item-block\" href=\"https:\/\/www.cops.uel.br\/v2\/Selecao\/DetalharSelecao\/Selecao\/398\"><div class=\"editais-block__titulo\"><span>Edital Prorh n\u00ba 108\/2026 \u2013 PSS T\u00e9cnico<\/span><\/div><div class=\"editais-block__resumo\"><span>Processo Seletivo Simplificado para a fun\u00e7\u00e3o de Tradutor\/Int\u00e9rprete de L\u00ednguas.<\/span><\/div><div class=\"editais-block__publicado\"><span>3 semanas atr\u00e1s<\/span><\/div><\/a><\/div><div class=\"col-md-4\"><a href=\"https:\/\/sites.uel.br\/prorh\/categoria-edital\/pss\/\" rel=\"tag\">PSS<\/a><a class=\"editais-block__item-block\" href=\"https:\/\/www.cops.uel.br\/v2\/Selecao\/DetalharSelecao\/Selecao\/393\"><div class=\"editais-block__titulo\"><span>Edital Prorh n\u00ba 055\/2026 \u2013 PSS T\u00e9cnico<\/span><\/div><div class=\"editais-block__resumo\"><span>Processo Seletivo Simplificado para a fun\u00e7\u00e3o de Contador e Pegagogo\/Educa\u00e7\u00e3o Especial.<\/span><\/div><div class=\"editais-block__publicado\"><span>2 meses atr\u00e1s<\/span><\/div><\/a><\/div><div class=\"col-md-4\"><a href=\"https:\/\/sites.uel.br\/prorh\/categoria-edital\/pss\/\" rel=\"tag\">PSS<\/a><a class=\"editais-block__item-block\" href=\"https:\/\/www.cops.uel.br\/v2\/Selecao\/DetalharSelecao\/Selecao\/394\"><div class=\"editais-block__titulo\"><span>Edital Prorh n\u00ba 054\/2026 \u2013 PSS T\u00e9cnico<\/span><\/div><div class=\"editais-block__resumo\"><span>Processo Seletivo Simplificado para a fun\u00e7\u00e3o de Arquiteto.<\/span><\/div><div class=\"editais-block__publicado\"><span>2 meses atr\u00e1s<\/span><\/div><\/a><\/div><div class=\"col-md-4\"><a href=\"https:\/\/sites.uel.br\/prorh\/categoria-edital\/pss\/\" rel=\"tag\">PSS<\/a><a class=\"editais-block__item-block\" href=\"https:\/\/www.cops.uel.br\/v2\/Selecao\/DetalharSelecao\/Selecao\/392\"><div class=\"editais-block__titulo\"><span>Edital Prorh n\u00ba 019\/2026 \u2013 PSS T\u00e9cnico<\/span><\/div><div class=\"editais-block__resumo\"><span>Processo Seletivo Simplificado para a fun\u00e7\u00e3o de M\u00e9dico\/Cl\u00ednico Geral.<\/span><\/div><div class=\"editais-block__publicado\"><span>3 meses atr\u00e1s<\/span><\/div><\/a><\/div><div class=\"clearfix\" style=\"width: 100%;\"><\/div><a href=\"https:\/\/sites.uel.br\/prorh\/editais\/\" class=\"mt-4 editais__todas\">Ver mais<\/a><\/div><\/div>\n<\/div>\n\n\n\n<div class=\"wp-block-column is-layout-flow wp-block-column-is-layout-flow\" style=\"flex-basis:25%\">\n<div class=\"gcse-search\"><\/div>\n\n\n\n<div class=\"wp-block-buttons is-layout-flex wp-block-buttons-is-layout-flex\">\n<div class=\"wp-block-button has-custom-width wp-block-button__width-100 has-custom-font-size is-style-outline has-medium-font-size is-style-outline--1\"><a class=\"wp-block-button__link has-white-color has-text-color has-background wp-element-button\" href=\"https:\/\/sistemas.uel.br\/portaldoservidor\" style=\"border-radius:0px;background-color:#00753b\" target=\"_blank\" rel=\"noreferrer noopener\">Portal do Servidor<\/a><\/div>\n\n\n\n<div class=\"wp-block-button has-custom-width wp-block-button__width-100 has-custom-font-size is-style-outline has-medium-font-size is-style-outline--2\"><a class=\"wp-block-button__link has-white-color has-text-color has-background wp-element-button\" href=\"https:\/\/sistemas.uel.br\/portaltransparencia\/rh\/servidoresAtivos\" style=\"border-radius:0px;background-color:#00753b\" target=\"_blank\" rel=\"noreferrer noopener\">Servidores Ativos<\/a><\/div>\n\n\n\n<div class=\"wp-block-button has-custom-width wp-block-button__width-100 has-custom-font-size is-style-outline has-medium-font-size is-style-outline--3\"><a class=\"wp-block-button__link has-white-color has-text-color has-background wp-element-button\" href=\"https:\/\/sites.uel.br\/prorh\/aposentadoria\/\" style=\"border-radius:0px;background-color:#00753b\" target=\"_blank\" rel=\"noreferrer noopener\">Aposentadoria e Benef\u00edcios<\/a><\/div>\n\n\n\n<div class=\"wp-block-button has-custom-width wp-block-button__width-100 has-custom-font-size is-style-outline has-medium-font-size is-style-outline--4\"><a class=\"wp-block-button__link has-white-color has-text-color has-background wp-element-button\" href=\"https:\/\/sistemas.uel.br\/portaltransparencia\/rh\/rubricasFolhaPagamento\" style=\"border-radius:0px;background-color:#00753b\" target=\"_blank\" rel=\"noreferrer noopener\">Folha de Pagamento<\/a><\/div>\n\n\n\n<div class=\"wp-block-button has-custom-width wp-block-button__width-100 has-custom-font-size is-style-outline has-medium-font-size is-style-outline--5\"><a class=\"wp-block-button__link has-white-color has-text-color has-background wp-element-button\" href=\"https:\/\/sites.uel.br\/prorh\/credito-consignado\/\" style=\"border-radius:0px;background-color:#00753b\" target=\"_blank\" rel=\"noreferrer noopener\">Empr\u00e9stimo Consignado<\/a><\/div>\n\n\n\n<div class=\"wp-block-button has-custom-width wp-block-button__width-100 has-custom-font-size is-style-outline has-medium-font-size is-style-outline--6\"><a class=\"wp-block-button__link has-white-color has-text-color has-background wp-element-button\" href=\"https:\/\/www.sistemasweb.uel.br\/index.php?contents=system\/wrh\/cr\/crh_valida_info_0.php\" style=\"border-radius:0px;background-color:#00753b\" target=\"_blank\" rel=\"noreferrer noopener\">Carta de Rendimentos<\/a><\/div>\n\n\n\n<div class=\"wp-block-button has-custom-width wp-block-button__width-100 has-custom-font-size is-style-outline has-medium-font-size is-style-outline--7\"><a class=\"wp-block-button__link has-white-color has-text-color has-background wp-element-button\" href=\"https:\/\/www.sistemasweb.uel.br\/system\/wrh\/pf\/EstatutoServidor_6174_70.pdf\" style=\"border-radius:0px;background-color:#00753b\" target=\"_blank\" rel=\"noreferrer noopener\">Estatuto do Servidor P\u00fablico<strong> <\/strong>(Lei 6174\/70)<\/a><\/div>\n<\/div>\n\n\n\n<div style=\"height:20px\" aria-hidden=\"true\" class=\"wp-block-spacer\"><\/div>\n\n\n\n<figure class=\"wp-block-image size-large\"><a href=\"https:\/\/operobal.uel.br\/tag\/uel-contra-o-racismo\/\"><img loading=\"lazy\" decoding=\"async\" width=\"1024\" height=\"576\" src=\"https:\/\/sites.uel.br\/prorh\/wp-content\/uploads\/2023\/10\/campanha-1024x576.png\" alt=\"\" class=\"wp-image-1185\" srcset=\"https:\/\/sites.uel.br\/prorh\/wp-content\/uploads\/2023\/10\/campanha-1024x576.png 1024w, https:\/\/sites.uel.br\/prorh\/wp-content\/uploads\/2023\/10\/campanha-300x169.png 300w, https:\/\/sites.uel.br\/prorh\/wp-content\/uploads\/2023\/10\/campanha-768x432.png 768w, https:\/\/sites.uel.br\/prorh\/wp-content\/uploads\/2023\/10\/campanha-1536x864.png 1536w, https:\/\/sites.uel.br\/prorh\/wp-content\/uploads\/2023\/10\/campanha-2048x1152.png 2048w\" sizes=\"auto, (max-width: 1024px) 100vw, 1024px\" \/><\/a><\/figure>\n<\/div>\n<\/div>\n","protected":false},"excerpt":{"rendered":"","protected":false},"author":2,"featured_media":0,"parent":0,"menu_order":0,"comment_status":"closed","ping_status":"closed","template":"","meta":{"_acf_changed":false,"_themeisle_gutenberg_block_has_review":false,"footnotes":""},"class_list":["post-5","page","type-page","status-publish","hentry"],"acf":[],"_links":{"self":[{"href":"https:\/\/sites.uel.br\/prorh\/wp-json\/wp\/v2\/pages\/5","targetHints":{"allow":["GET"]}}],"collection":[{"href":"https:\/\/sites.uel.br\/prorh\/wp-json\/wp\/v2\/pages"}],"about":[{"href":"https:\/\/sites.uel.br\/prorh\/wp-json\/wp\/v2\/types\/page"}],"author":[{"embeddable":true,"href":"https:\/\/sites.uel.br\/prorh\/wp-json\/wp\/v2\/users\/2"}],"replies":[{"embeddable":true,"href":"https:\/\/sites.uel.br\/prorh\/wp-json\/wp\/v2\/comments?post=5"}],"version-history":[{"count":30,"href":"https:\/\/sites.uel.br\/prorh\/wp-json\/wp\/v2\/pages\/5\/revisions"}],"predecessor-version":[{"id":1999,"href":"https:\/\/sites.uel.br\/prorh\/wp-json\/wp\/v2\/pages\/5\/revisions\/1999"}],"wp:attachment":[{"href":"https:\/\/sites.uel.br\/prorh\/wp-json\/wp\/v2\/media?parent=5"}],"curies":[{"name":"wp","href":"https:\/\/api.w.org\/{rel}","templated":true}]}}