{"id":1486,"date":"2024-04-16T08:33:19","date_gmt":"2024-04-16T11:33:19","guid":{"rendered":"https:\/\/sites.uel.br\/prorh\/?page_id=1486"},"modified":"2024-04-16T08:34:14","modified_gmt":"2024-04-16T11:34:14","slug":"40_2020","status":"publish","type":"page","link":"https:\/\/sites.uel.br\/prorh\/40_2020\/","title":{"rendered":"PRORH &#8211; Processo Seletivo Simplificado 040\/2020"},"content":{"rendered":"\n<table class=\"editais-table\" width=\"100%\" cellspacing=\"0\" cellpadding=\"0\" border=\"1\">\n    <thead>\n        <tr>\n            <th>ATIVIDADES<\/th>\n            <th>DATA\/PER\u00cdODO DE PUBLICA\u00c7\u00c3O NESTE SITE<\/th>\n        <\/tr>\n    <\/thead>\n              <tr> \n                <td> \n                    &nbsp;<img loading=\"lazy\" decoding=\"async\" src=\"https:\/\/sites.uel.br\/prorh\/wp-content\/uploads\/PSS\/img\/padrao\/px_6AC335_green.gif\" width=\"7\" height=\"7\">\n\t\t\t\t\t<a href=\"https:\/\/sites.uel.br\/prorh\/wp-content\/uploads\/PSS\/040_2020_abert.pdf\" class=\"Glink\" target=\"_blank\" rel=\"noopener\"> Edital do Processo Seletivo Simplificado PRORH n\u00ba 040\/2020<\/a> \n                <\/td>\n\t\t\t\t <td align=\"center\">\n                    11\/08\/2020&nbsp;&#8211;&nbsp;08h00m                    \n                <\/td>\t\t\t\n                \n              <\/tr>\n\t\t\t<tr> \n\t\t\t    <td>\n\t\t\t\t\t&nbsp;<img loading=\"lazy\" decoding=\"async\" src=\"https:\/\/sites.uel.br\/prorh\/wp-content\/uploads\/PSS\/img\/padrao\/px_6AC335_green.gif\" width=\"7\" height=\"7\"><a href=\"https:\/\/sites.uel.br\/prorh\/wp-content\/uploads\/PSS050_2020_homol.pdf\" class=\"Glink\" target=\"_blank\" rel=\"noopener\"> Edital PRORH n\u00ba 050\/2020 &#8211; Homologa\u00e7\u00e3o<\/a>\t\t\t\t<\/td>\n\t\t\t\t<td align=\"center\">\n\t\t\t\t\t16\/09\/2020&nbsp;&#8211;&nbsp;17h00m\t\t\t\t<\/td>\n            <\/tr>\t\n\t\t\t<tr> \n\t\t\t    <td>\n\t\t\t\t\t&nbsp;<img loading=\"lazy\" decoding=\"async\" src=\"https:\/\/sites.uel.br\/prorh\/wp-content\/uploads\/PSS\/img\/padrao\/px_6AC335_green.gif\" width=\"7\" height=\"7\"><a href=\"https:\/\/sites.uel.br\/prorh\/wp-content\/uploads\/PSS068_2020_result.pdf\" class=\"Glink\" target=\"_blank\" rel=\"noopener\"> Edital PRORH n\u00ba 068\/2020 &#8211; Resultado Final<\/a>\t\t\t\t<\/td>\n\t\t\t\t<td align=\"center\">\n\t\t\t\t\t09\/10\/2020&nbsp;&#8211;&nbsp;17h00m\t\t\t\t<\/td>\n            <\/tr>\t\n        <tr> \n\t\t\t<td>\t\t\t\t\t\n\t\t\t\t&nbsp;<br>\n\t\t\t\t&nbsp;<img loading=\"lazy\" decoding=\"async\" src=\"https:\/\/sites.uel.br\/prorh\/wp-content\/uploads\/PSS\/img\/padrao\/px_6AC335_green.gif\" width=\"7\" height=\"7\">\n\t\t\t\t<a href=\"https:\/\/sites.uel.br\/prorh\/wp-content\/uploads\/PSS\/069_2020_retifica.pdf\" c=\"\" lass=\"Glink\" target=\"_blank\" rel=\"noopener\"> \n                Edital PRORH n\u00ba 069\/2020 &#8211; Retifica o Resultado Final publicado pelo Edital 068\/2020 <\/a>\t\t\t\t\n\t\t\t\t<br>&nbsp;\n\t\t\t<\/td>\n\t\t\t<td align=\"center\">\n\t\t\t\t16\/10\/2020\n\t\t\t<\/td>\n\t\t<\/tr>\t\t\t\t\t\t\n\n        <tr> \n\t\t\t<td>\t\t\t\t\t\n\t\t\t\t&nbsp;<br>\n\t\t\t\t&nbsp;<img loading=\"lazy\" decoding=\"async\" src=\"https:\/\/sites.uel.br\/prorh\/wp-content\/uploads\/PSS\/img\/padrao\/px_6AC335_green.gif\" width=\"7\" height=\"7\">\n\t\t\t\t<a href=\"https:\/\/sites.uel.br\/prorh\/wp-content\/uploads\/PSS\/070_2020_homol_result.pdf\" c=\"\" lass=\"Glink\" target=\"_blank\" rel=\"noopener\"> \n                Edital PRORH n\u00ba 070\/2020 &#8211; Homologacao do Resultado Final <\/a>\n\t\t\t\t<br>&nbsp;\n\t\t\t<\/td>\n\t\t\t<td align=\"center\">\n\t\t\t\t16\/10\/2020\n\t\t\t<\/td>\n\t\t<\/tr>\t\t\n              <\/tr>\n\n\t\t<tr><td>\t  &nbsp;<img loading=\"lazy\" decoding=\"async\" src=\"https:\/\/sites.uel.br\/prorh\/wp-content\/uploads\/PSS\/img\/padrao\/px_6AC335_green.gif\" width=\"7\" height=\"7\">    <a href=\"https:\/\/sites.uel.br\/prorh\/wp-content\/uploads\/PSS\/071_2020_amplia.pdf\" class=\"Glink\" target=\"_blank\" rel=\"noopener\"> Edital de Amplia\u00e7\u00e3o de Vagas n\u00ba 071\/2020<\/a><\/td><td align=\"center\">20\/10\/2020<\/td><\/tr><tr><td>\t  &nbsp;<img loading=\"lazy\" decoding=\"async\" src=\"https:\/\/sites.uel.br\/prorh\/wp-content\/uploads\/PSS\/img\/padrao\/px_6AC335_green.gif\" width=\"7\" height=\"7\">    <a href=\"https:\/\/sites.uel.br\/prorh\/wp-content\/uploads\/PSS\/072_2020_convoca.pdf\" class=\"Glink\" target=\"_blank\" rel=\"noopener\"> Edital de Convoca\u00e7\u00e3o n\u00ba 072\/2020<\/a><\/td><td align=\"center\">20\/10\/2020<\/td><\/tr><tr><td>\t  &nbsp;<img loading=\"lazy\" decoding=\"async\" src=\"https:\/\/sites.uel.br\/prorh\/wp-content\/uploads\/PSS\/img\/padrao\/px_6AC335_green.gif\" width=\"7\" height=\"7\">    <a href=\"https:\/\/sites.uel.br\/prorh\/wp-content\/uploads\/PSS\/082_2020_convoca.pdf\" class=\"Glink\" target=\"_blank\" rel=\"noopener\"> Edital de Convoca\u00e7\u00e3o n\u00ba 082\/2020<\/a><\/td><td align=\"center\">30\/10\/2020<\/td><\/tr><tr><td>\t  &nbsp;<img loading=\"lazy\" decoding=\"async\" src=\"https:\/\/sites.uel.br\/prorh\/wp-content\/uploads\/PSS\/img\/padrao\/px_6AC335_green.gif\" width=\"7\" height=\"7\">    <a href=\"https:\/\/sites.uel.br\/prorh\/wp-content\/uploads\/PSS\/090_2020_amplia.pdf\" class=\"Glink\" target=\"_blank\" rel=\"noopener\"> Edital de Amplia\u00e7\u00e3o de Vagas n\u00ba 090\/2020<\/a><\/td><td align=\"center\">02\/12\/2020<\/td><\/tr><tr><td>\t  &nbsp;<img loading=\"lazy\" decoding=\"async\" src=\"https:\/\/sites.uel.br\/prorh\/wp-content\/uploads\/PSS\/img\/padrao\/px_6AC335_green.gif\" width=\"7\" height=\"7\">    <a href=\"https:\/\/sites.uel.br\/prorh\/wp-content\/uploads\/PSS\/091_2020_convoca.pdf\" class=\"Glink\" target=\"_blank\" rel=\"noopener\"> Edital de Convoca\u00e7\u00e3o n\u00ba 091\/2020<\/a><\/td><td align=\"center\">02\/12\/2020<\/td><\/tr><tr><td>\t  &nbsp;<img loading=\"lazy\" decoding=\"async\" src=\"https:\/\/sites.uel.br\/prorh\/wp-content\/uploads\/PSS\/img\/padrao\/px_6AC335_green.gif\" width=\"7\" height=\"7\">    <a href=\"https:\/\/sites.uel.br\/prorh\/wp-content\/uploads\/PSS\/001_2021_amplia.pdf\" class=\"Glink\" target=\"_blank\" rel=\"noopener\"> Edital de Amplia\u00e7\u00e3o de Vagas n\u00ba 001\/2021<\/a><\/td><td align=\"center\">15\/01\/2021<\/td><\/tr><tr><td>\t  &nbsp;<img loading=\"lazy\" decoding=\"async\" src=\"https:\/\/sites.uel.br\/prorh\/wp-content\/uploads\/PSS\/img\/padrao\/px_6AC335_green.gif\" width=\"7\" height=\"7\">    <a href=\"https:\/\/sites.uel.br\/prorh\/wp-content\/uploads\/PSS\/002_2021_convoca.pdf\" class=\"Glink\" target=\"_blank\" rel=\"noopener\"> Edital de Convoca\u00e7\u00e3o n\u00ba 002\/2021<\/a><\/td><td align=\"center\">15\/01\/2021<\/td><\/tr><tr><td>\t  &nbsp;<img loading=\"lazy\" decoding=\"async\" src=\"https:\/\/sites.uel.br\/prorh\/wp-content\/uploads\/PSS\/img\/padrao\/px_6AC335_green.gif\" width=\"7\" height=\"7\">    <a href=\"https:\/\/sites.uel.br\/prorh\/wp-content\/uploads\/PSS\/019_2021_amplia.pdf\" class=\"Glink\" target=\"_blank\" rel=\"noopener\"> Edital de Amplia\u00e7\u00e3o de Vagas n\u00ba 019\/2021<\/a><\/td><td align=\"center\">22\/03\/2021<\/td><\/tr><tr><td>\t  &nbsp;<img loading=\"lazy\" decoding=\"async\" src=\"https:\/\/sites.uel.br\/prorh\/wp-content\/uploads\/PSS\/img\/padrao\/px_6AC335_green.gif\" width=\"7\" height=\"7\">    <a href=\"https:\/\/sites.uel.br\/prorh\/wp-content\/uploads\/PSS\/020_2021_convoca.pdf\" class=\"Glink\" target=\"_blank\" rel=\"noopener\"> Edital de Convoca\u00e7\u00e3o n\u00ba 020\/2021<\/a><\/td><td align=\"center\">22\/03\/2021<\/td><\/tr><tr><td>\t  &nbsp;<img loading=\"lazy\" decoding=\"async\" src=\"https:\/\/sites.uel.br\/prorh\/wp-content\/uploads\/PSS\/img\/padrao\/px_6AC335_green.gif\" width=\"7\" height=\"7\">    <a href=\"https:\/\/sites.uel.br\/prorh\/wp-content\/uploads\/PSS\/031_2021_amplia.pdf\" class=\"Glink\" target=\"_blank\" rel=\"noopener\"> Edital de Amplia\u00e7\u00e3o de Vagas n\u00ba 031\/2021<\/a><\/td><td align=\"center\">23\/04\/2021<\/td><\/tr><tr><td>\t  &nbsp;<img loading=\"lazy\" decoding=\"async\" src=\"https:\/\/sites.uel.br\/prorh\/wp-content\/uploads\/PSS\/img\/padrao\/px_6AC335_green.gif\" width=\"7\" height=\"7\">    <a href=\"https:\/\/sites.uel.br\/prorh\/wp-content\/uploads\/PSS\/032_2021_convoca.pdf\" class=\"Glink\" target=\"_blank\" rel=\"noopener\"> Edital de Convoca\u00e7\u00e3o n\u00ba 032\/2020<\/a><\/td><td align=\"center\">23\/04\/2021<\/td><\/tr><tr><td>\t  &nbsp;<img loading=\"lazy\" decoding=\"async\" src=\"https:\/\/sites.uel.br\/prorh\/wp-content\/uploads\/PSS\/img\/padrao\/px_6AC335_green.gif\" width=\"7\" height=\"7\">    <a href=\"https:\/\/sites.uel.br\/prorh\/wp-content\/uploads\/PSS\/046_2021_amplia.pdf\" class=\"Glink\" target=\"_blank\" rel=\"noopener\"> Edital de Amplia\u00e7\u00e3o de Vagas n\u00ba 046\/2021<\/a><\/td><td align=\"center\">21\/06\/2021<\/td><\/tr><tr><td>\t  &nbsp;<img loading=\"lazy\" decoding=\"async\" src=\"https:\/\/sites.uel.br\/prorh\/wp-content\/uploads\/PSS\/img\/padrao\/px_6AC335_green.gif\" width=\"7\" height=\"7\">    <a href=\"https:\/\/sites.uel.br\/prorh\/wp-content\/uploads\/PSS\/047_2021_convoca.pdf\" class=\"Glink\" target=\"_blank\" rel=\"noopener\"> Edital de Convoca\u00e7\u00e3o n\u00ba 047\/2021<\/a><\/td><td align=\"center\">21\/06\/2021<\/td><\/tr><tr><td>\t  &nbsp;<img loading=\"lazy\" decoding=\"async\" src=\"https:\/\/sites.uel.br\/prorh\/wp-content\/uploads\/PSS\/img\/padrao\/px_6AC335_green.gif\" width=\"7\" height=\"7\">    <a href=\"https:\/\/sites.uel.br\/prorh\/wp-content\/uploads\/PSS\/002_2022_amplia.pdf\" class=\"Glink\" target=\"_blank\" rel=\"noopener\"> Edital de Amplia\u00e7\u00e3o de Vagas n\u00ba 002\/2022<\/a><\/td><td align=\"center\">14\/01\/2022<\/td><\/tr><tr><td>\t  &nbsp;<img loading=\"lazy\" decoding=\"async\" src=\"https:\/\/sites.uel.br\/prorh\/wp-content\/uploads\/PSS\/img\/padrao\/px_6AC335_green.gif\" width=\"7\" height=\"7\">    <a href=\"https:\/\/sites.uel.br\/prorh\/wp-content\/uploads\/PSS\/003_2022_convoca.pdf\" class=\"Glink\" target=\"_blank\" rel=\"noopener\"> Edital de Convoca\u00e7\u00e3o n\u00ba 003\/2022<\/a><\/td><td align=\"center\">14\/01\/2022<\/td><\/tr><tr><td>\t  &nbsp;<img loading=\"lazy\" decoding=\"async\" src=\"https:\/\/sites.uel.br\/prorh\/wp-content\/uploads\/PSS\/img\/padrao\/px_6AC335_green.gif\" width=\"7\" height=\"7\">    <a href=\"https:\/\/sites.uel.br\/prorh\/wp-content\/uploads\/PSS\/030_2022_amplia.pdf\" class=\"Glink\" target=\"_blank\" rel=\"noopener\"> Edital de Amplia\u00e7\u00e3o de Vagas n\u00ba 030\/2022<\/a><\/td><td align=\"center\">25\/03\/2022<\/td><\/tr><tr><td>\t  &nbsp;<img loading=\"lazy\" decoding=\"async\" src=\"https:\/\/sites.uel.br\/prorh\/wp-content\/uploads\/PSS\/img\/padrao\/px_6AC335_green.gif\" width=\"7\" height=\"7\">    <a href=\"https:\/\/sites.uel.br\/prorh\/wp-content\/uploads\/PSS\/031_2022_convoca.pdf\" class=\"Glink\" target=\"_blank\" rel=\"noopener\"> Edital de Convoca\u00e7\u00e3o n\u00ba 031\/2022<\/a><\/td><td align=\"center\">25\/03\/2022<\/td><\/tr><tr><td>\t  &nbsp;<img loading=\"lazy\" decoding=\"async\" src=\"https:\/\/sites.uel.br\/prorh\/wp-content\/uploads\/PSS\/img\/padrao\/px_6AC335_green.gif\" width=\"7\" height=\"7\">    <a href=\"https:\/\/sites.uel.br\/prorh\/wp-content\/uploads\/PSS\/033_2022_amplia.pdf\" class=\"Glink\" target=\"_blank\" rel=\"noopener\"> Edital de Amplia\u00e7\u00e3o de Vagas n\u00ba 033\/2022<\/a><\/td><td align=\"center\">05\/04\/2022<\/td><\/tr><tr><td>\t  &nbsp;<img loading=\"lazy\" decoding=\"async\" src=\"https:\/\/sites.uel.br\/prorh\/wp-content\/uploads\/PSS\/img\/padrao\/px_6AC335_green.gif\" width=\"7\" height=\"7\">    <a href=\"https:\/\/sites.uel.br\/prorh\/wp-content\/uploads\/PSS\/034_2022_convoca.pdf\" class=\"Glink\" target=\"_blank\" rel=\"noopener\"> Edital de Convoca\u00e7\u00e3o n\u00ba 034\/2022<\/a><\/td><td align=\"center\">05\/04\/2022<\/td><\/tr><tr><td>\t  &nbsp;<img loading=\"lazy\" decoding=\"async\" src=\"https:\/\/sites.uel.br\/prorh\/wp-content\/uploads\/PSS\/img\/padrao\/px_6AC335_green.gif\" width=\"7\" height=\"7\">    <a href=\"https:\/\/sites.uel.br\/prorh\/wp-content\/uploads\/PSS\/067_2022_amplia.pdf\" class=\"Glink\" target=\"_blank\" rel=\"noopener\"> Edital de Amplia\u00e7\u00e3o de Vagas n\u00ba 067\/2022<\/a><\/td><td align=\"center\">06\/07\/2022<\/td><\/tr><tr><td>\t  &nbsp;<img loading=\"lazy\" decoding=\"async\" src=\"https:\/\/sites.uel.br\/prorh\/wp-content\/uploads\/PSS\/img\/padrao\/px_6AC335_green.gif\" width=\"7\" height=\"7\">    <a href=\"https:\/\/sites.uel.br\/prorh\/wp-content\/uploads\/PSS\/068_2022_convoca.pdf\" class=\"Glink\" target=\"_blank\" rel=\"noopener\"> Edital de Convoca\u00e7\u00e3o n\u00ba 068\/2022<\/a><\/td><td align=\"center\">06\/07\/2022<\/td><\/tr><tr><td>\t  &nbsp;<img loading=\"lazy\" decoding=\"async\" src=\"https:\/\/sites.uel.br\/prorh\/wp-content\/uploads\/PSS\/img\/padrao\/px_6AC335_green.gif\" width=\"7\" height=\"7\">    <a href=\"https:\/\/sites.uel.br\/prorh\/wp-content\/uploads\/PSS\/128_2022_prorroga.pdf\" class=\"Glink\" target=\"_blank\" rel=\"noopener\"> Edital de Prorroga\u00e7\u00e3o do Resultado de PSS (Edital PRORH n\u00ba 040\/2020) n\u00ba 128\/2022<\/a><\/td><td align=\"center\">07\/10\/2022<\/td><\/tr><tr><td>\t  &nbsp;<img loading=\"lazy\" decoding=\"async\" src=\"https:\/\/sites.uel.br\/prorh\/wp-content\/uploads\/PSS\/img\/padrao\/px_6AC335_green.gif\" width=\"7\" height=\"7\">    <a href=\"https:\/\/sites.uel.br\/prorh\/wp-content\/uploads\/PSS\/147_2022_amplia.pdf\" class=\"Glink\" target=\"_blank\" rel=\"noopener\"> Edital de Amplia\u00e7\u00e3o de Vagas n\u00ba 147\/2022<\/a><\/td><td align=\"center\">09\/12\/2022<\/td><\/tr><tr><td>\t  &nbsp;<img loading=\"lazy\" decoding=\"async\" src=\"https:\/\/sites.uel.br\/prorh\/wp-content\/uploads\/PSS\/img\/padrao\/px_6AC335_green.gif\" width=\"7\" height=\"7\">    <a href=\"https:\/\/sites.uel.br\/prorh\/wp-content\/uploads\/PSS\/148_2022_convoca.pdf\" class=\"Glink\" target=\"_blank\" rel=\"noopener\"> Edital de Convoca\u00e7\u00e3o n\u00ba 148\/2022<\/a><\/td><td align=\"center\">09\/12\/2022<\/td><\/tr><tr><td>\t  &nbsp;<img loading=\"lazy\" decoding=\"async\" src=\"https:\/\/sites.uel.br\/prorh\/wp-content\/uploads\/PSS\/img\/padrao\/px_6AC335_green.gif\" width=\"7\" height=\"7\">    <a href=\"https:\/\/sites.uel.br\/prorh\/wp-content\/uploads\/PSS\/045_2023_amplia.pdf\" class=\"Glink\" target=\"_blank\" rel=\"noopener\"> Edital de Amplia\u00e7\u00e3o de Vagas n\u00ba 045\/2023<\/a><\/td><td align=\"center\">30\/03\/2023<\/td><\/tr><tr><td>\t  &nbsp;<img loading=\"lazy\" decoding=\"async\" src=\"https:\/\/sites.uel.br\/prorh\/wp-content\/uploads\/PSS\/img\/padrao\/px_6AC335_green.gif\" width=\"7\" height=\"7\">    <a href=\"https:\/\/sites.uel.br\/prorh\/wp-content\/uploads\/PSS\/046_2023_convoca.pdf\" class=\"Glink\" target=\"_blank\" rel=\"noopener\"> Edital de Convoca\u00e7\u00e3o n\u00ba 046\/2023<\/a><\/td><td align=\"center\">30\/03\/2023<\/td><\/tr><tr><td>\t  &nbsp;<img loading=\"lazy\" decoding=\"async\" src=\"https:\/\/sites.uel.br\/prorh\/wp-content\/uploads\/PSS\/img\/padrao\/px_6AC335_green.gif\" width=\"7\" height=\"7\">    <a href=\"https:\/\/sites.uel.br\/prorh\/wp-content\/uploads\/PSS\/107_2023_amplia.pdf\" class=\"Glink\" target=\"_blank\" rel=\"noopener\"> Edital de Amplia\u00e7\u00e3o de Vagas n\u00ba 107\/2023<\/a><\/td><td align=\"center\">23\/08\/2023<\/td><\/tr><tr><td>\t  &nbsp;<img loading=\"lazy\" decoding=\"async\" src=\"https:\/\/sites.uel.br\/prorh\/wp-content\/uploads\/PSS\/img\/padrao\/px_6AC335_green.gif\" width=\"7\" height=\"7\">    <a href=\"https:\/\/sites.uel.br\/prorh\/wp-content\/uploads\/PSS\/108_2023_convoca.pdf\" class=\"Glink\" target=\"_blank\" rel=\"noopener\"> Edital de Convoca\u00e7\u00e3o n\u00ba 108\/2023<\/a><\/td><td align=\"center\">23\/08\/2023<\/td><\/tr><tr><td>\t  &nbsp;<img loading=\"lazy\" decoding=\"async\" src=\"https:\/\/sites.uel.br\/prorh\/wp-content\/uploads\/PSS\/img\/padrao\/px_6AC335_green.gif\" width=\"7\" height=\"7\">    <a href=\"https:\/\/sites.uel.br\/prorh\/wp-content\/uploads\/PSS\/110_2023_amplia.pdf\" class=\"Glink\" target=\"_blank\" rel=\"noopener\"> Edital de Amplia\u00e7\u00e3o de Vagas n\u00ba 110\/2023<\/a><\/td><td align=\"center\">01\/09\/2023<\/td><\/tr><tr><td>\t  &nbsp;<img loading=\"lazy\" decoding=\"async\" src=\"https:\/\/sites.uel.br\/prorh\/wp-content\/uploads\/PSS\/img\/padrao\/px_6AC335_green.gif\" width=\"7\" height=\"7\">    <a href=\"https:\/\/sites.uel.br\/prorh\/wp-content\/uploads\/PSS\/111_2023_convoca.pdf\" class=\"Glink\" target=\"_blank\" rel=\"noopener\"> Edital de Convoca\u00e7\u00e3o n\u00ba 111\/2023<\/a><\/td><td align=\"center\">01\/09\/2023<\/td><\/tr><tr><td>\t  &nbsp;<img loading=\"lazy\" decoding=\"async\" src=\"http:\/\/www.uel.br\/arquivo-prorh\/img\/padrao\/px_6AC335_green.gif\" width=\"7\" height=\"7\">    <a href=\"https:\/\/sites.uel.br\/prorh\/wp-content\/uploads\/PSS\/141_2023_amplia.pdf\" class=\"Glink\" target=\"_blank\" rel=\"noopener\"> Edital de Amplia\u00e7\u00e3o de Vagas n\u00ba 141\/2023<\/a><\/td><td align=\"center\">04\/12\/2023<\/td><\/tr><tr><td>\t  &nbsp;<img loading=\"lazy\" decoding=\"async\" src=\"http:\/\/www.uel.br\/arquivo-prorh\/img\/padrao\/px_6AC335_green.gif\" width=\"7\" height=\"7\">    <a href=\"https:\/\/sites.uel.br\/prorh\/wp-content\/uploads\/PSS\/142_2023_convoca.pdf\" class=\"Glink\" target=\"_blank\" rel=\"noopener\"> Edital de Convoca\u00e7\u00e3o n\u00ba 142\/2023<\/a><\/td><td align=\"center\">04\/12\/2023<\/td><\/tr><tr><td>\t  &nbsp;<img loading=\"lazy\" decoding=\"async\" src=\"http:\/\/www.uel.br\/arquivo-prorh\/img\/padrao\/px_6AC335_green.gif\" width=\"7\" height=\"7\">    <a href=\"https:\/\/sites.uel.br\/prorh\/wp-content\/uploads\/PSS\/044_2024_amplia.pdf\" class=\"Glink\" target=\"_blank\" rel=\"noopener\"> Edital de Amplia\u00e7\u00e3o de Vagas n\u00ba 044\/2024<\/a><\/td><td align=\"center\">08\/04\/2024<\/td><\/tr><tr><td>\t  &nbsp;<img loading=\"lazy\" decoding=\"async\" src=\"http:\/\/www.uel.br\/arquivo-prorh\/img\/padrao\/px_6AC335_green.gif\" width=\"7\" height=\"7\">    <a href=\"https:\/\/sites.uel.br\/prorh\/wp-content\/uploads\/PSS\/045_2024_convoca.pdf\" class=\"Glink\" target=\"_blank\" rel=\"noopener\"> Edital de Convoca\u00e7\u00e3o n\u00ba 045\/2024<\/a><\/td><td align=\"center\">08\/04\/2024<\/td><\/tr>\t\t\t\t\t\n\t\t\n<!--\t********************************************************************************************************************************************************************************************************************************** -->\n\n\n\t\t\t\t\n\t\t\t\t\n\t\t\t\t\n\t\t\t\t\n\t\t\t\t\n\t\t\t\t\n\t\t\t\t\n            <\/tbody><\/table>\n                                <br>\n                                <table cellspacing=\"10\" cellpadding=\"0\">\n                                    <tbody><tr>\n                                        <td bgcolor=\"#B0AEAE\">\n                                            &nbsp;&nbsp;&nbsp;\n                                        <\/td>\n                                        <td>\n                                            Conclu\u00eddo &nbsp;&nbsp;&nbsp;&nbsp;&nbsp;\n                                        <\/td>\n                                        <td bgcolor=\"#6AC335\">\n                                            &nbsp;&nbsp;&nbsp;\n                                        <\/td>\n                                        <td>\n                                            Em andamento&nbsp;&nbsp;&nbsp;&nbsp;&nbsp;\n                                        <\/td>\n                                        <td bgcolor=\"#F86E6E\">\n                                            &nbsp;&nbsp;&nbsp;\n                                        <\/td>\n                                        <td>\n                                            Aguardando&nbsp;&nbsp;&nbsp;&nbsp;&nbsp;\n                                        <\/td>\n                                    <\/tr>\n                                <\/tbody><\/table>\n                            <\/td>\n                        <\/tr>\n                    <\/tbody><\/table>\n                <\/td>\n            <\/tr>\n        <\/tbody><\/table>\n","protected":false},"excerpt":{"rendered":"<p>ATIVIDADES DATA\/PER\u00cdODO DE PUBLICA\u00c7\u00c3O NESTE SITE &nbsp; Edital do Processo Seletivo Simplificado PRORH n\u00ba 040\/2020 11\/08\/2020&nbsp;&#8211;&nbsp;08h00m &nbsp; Edital PRORH n\u00ba 050\/2020 &#8211; Homologa\u00e7\u00e3o 16\/09\/2020&nbsp;&#8211;&nbsp;17h00m &nbsp; Edital PRORH n\u00ba 068\/2020 &#8211; Resultado Final 09\/10\/2020&nbsp;&#8211;&nbsp;17h00m &nbsp; &nbsp; Edital PRORH n\u00ba 069\/2020 &#8211; Retifica o Resultado Final publicado pelo Edital 068\/2020 &nbsp; 16\/10\/2020 &nbsp; &nbsp; Edital PRORH n\u00ba [&hellip;]<\/p>\n","protected":false},"author":6,"featured_media":0,"parent":0,"menu_order":0,"comment_status":"closed","ping_status":"closed","template":"","meta":{"_acf_changed":false,"_themeisle_gutenberg_block_has_review":false,"footnotes":""},"class_list":["post-1486","page","type-page","status-publish","hentry"],"acf":[],"_links":{"self":[{"href":"https:\/\/sites.uel.br\/prorh\/wp-json\/wp\/v2\/pages\/1486","targetHints":{"allow":["GET"]}}],"collection":[{"href":"https:\/\/sites.uel.br\/prorh\/wp-json\/wp\/v2\/pages"}],"about":[{"href":"https:\/\/sites.uel.br\/prorh\/wp-json\/wp\/v2\/types\/page"}],"author":[{"embeddable":true,"href":"https:\/\/sites.uel.br\/prorh\/wp-json\/wp\/v2\/users\/6"}],"replies":[{"embeddable":true,"href":"https:\/\/sites.uel.br\/prorh\/wp-json\/wp\/v2\/comments?post=1486"}],"version-history":[{"count":9,"href":"https:\/\/sites.uel.br\/prorh\/wp-json\/wp\/v2\/pages\/1486\/revisions"}],"predecessor-version":[{"id":1818,"href":"https:\/\/sites.uel.br\/prorh\/wp-json\/wp\/v2\/pages\/1486\/revisions\/1818"}],"wp:attachment":[{"href":"https:\/\/sites.uel.br\/prorh\/wp-json\/wp\/v2\/media?parent=1486"}],"curies":[{"name":"wp","href":"https:\/\/api.w.org\/{rel}","templated":true}]}}