{"id":791,"date":"2023-07-07T13:47:59","date_gmt":"2023-07-07T16:47:59","guid":{"rendered":"https:\/\/sites.uel.br\/proppg\/?page_id=791"},"modified":"2026-04-22T08:44:08","modified_gmt":"2026-04-22T11:44:08","slug":"iniciacao-cientifica-no-ensino-medio","status":"publish","type":"page","link":"https:\/\/sites.uel.br\/proppg\/iniciacao-cientifica-no-ensino-medio\/","title":{"rendered":"Inicia\u00e7\u00e3o Cient\u00edfica no Ensino M\u00e9dio &#8211; ICjr"},"content":{"rendered":"\n<div style=\"height:32px\" aria-hidden=\"true\" class=\"wp-block-spacer\"><\/div>\n\n\n\n<p>O Programa de Inicia\u00e7\u00e3o Cient\u00edfica J\u00fanior (ICJr) tem como objetivo despertar voca\u00e7\u00e3o cient\u00edfica e incentivar talentos entre estudantes do Ensino M\u00e9dio, mediante sua participa\u00e7\u00e3o em atividades de pesquisa cient\u00edfica ou tecnol\u00f3gica, sob orienta\u00e7\u00e3o de docentes da UEL.<\/p>\n\n\n\n<p>Atualmente, somente estudantes de escolas p\u00fablicas, matriculados no primeiro ou segundo ano do ensino m\u00e9dio, podem se inscrever ao programa.<\/p>\n\n\n\n<p>A dire\u00e7\u00e3o ou a coordena\u00e7\u00e3o pedag\u00f3gica de escolas interessadas em participar do Programa dever\u00e3o entrar em contato com nosso Escrit\u00f3rio de Apoio \u00e0 Pesquisa (eapq@uel.br).<\/p>\n\n\n\n<p>Estudantes interessados dever\u00e3o entrar em contato com dire\u00e7\u00e3o ou a coordena\u00e7\u00e3o pedag\u00f3gica da sua escola.<\/p>\n\n\n\n<p>Estudantes do Ensino M\u00e9dio que concluem um ciclo de participa\u00e7\u00e3o em projetos da UEL como ICJr devem apresentar as atividades realizadas durante o Encontro Anual de Inicia\u00e7\u00e3o Cient\u00edfica J\u00fanior (EAIC Jr).<\/p>\n\n\n\n<p>Vale ressaltar, que estudantes de qualquer escola poder\u00e3o entrar em contato direto com os docentes pesquisadores da UEL e solicitar participa\u00e7\u00e3o em seus projetos de pesquisa como \u201ccolaborador externo\u201d. Essa experi\u00eancia n\u00e3o \u00e9 considerada como uma inicia\u00e7\u00e3o cient\u00edfica formal, mas \u00e9 tamb\u00e9m uma forma de participar de projetos de pesquisa da UEL.<\/p>\n\n\n\n<p><span style=\"font-size: 14.5pt;font-family: Arial, sans-serif;letter-spacing: -0.4pt\">Projetos de pesquisa da UEL podem ser encontrados no <\/span><a href=\"https:\/\/www.sistemasweb.uel.br\/index.php?contents=system\/prj\/pes\/index.php\" target=\"_blank\" rel=\"noreferrer noopener\">Sistema de Consulta de Projetos de Pesquisa<\/a><\/p>\n\n\n\n<div style=\"height:12px\" aria-hidden=\"true\" class=\"wp-block-spacer\"><\/div>\n\n\n\n<div id=\"wp-block-themeisle-blocks-accordion-67ab5420\" class=\"wp-block-themeisle-blocks-accordion exclusive\">\n<details class=\"wp-block-themeisle-blocks-accordion-item\"><summary class=\"wp-block-themeisle-blocks-accordion-item__title\"><div><strong>Editais de Inicia\u00e7\u00e3o Cient\u00edfica J\u00fanior<\/strong><\/div><\/summary><div class=\"wp-block-themeisle-blocks-accordion-item__content\">\n<div id=\"wp-block-themeisle-blocks-accordion-6f9d48c9\" class=\"wp-block-themeisle-blocks-accordion exclusive\">\n<details class=\"wp-block-themeisle-blocks-accordion-item\"><summary class=\"wp-block-themeisle-blocks-accordion-item__title\"><div>2026<\/div><\/summary><div class=\"wp-block-themeisle-blocks-accordion-item__content\">\n<ul class=\"wp-block-list\">\n<li><a href=\"https:\/\/sites.uel.br\/proppg\/wp-content\/uploads\/Pesquisa\/Iniciacao\/Tabelas_e_formularios\/2026\/Edital_ProPPG_03-2026_ICjr.pdf\" target=\"_blank\" rel=\"noreferrer noopener\">Edital ProPPG 03\/2026<\/a> &#8211; Inicia\u00e7\u00e3o Cient\u00edfica J\u00fanior\n<ul class=\"wp-block-list\">\n<li><a href=\"https:\/\/forms.gle\/NT5213NpDmHwn1nD6\" target=\"_blank\" rel=\"noreferrer noopener\">Inscri\u00e7\u00f5es<\/a> prorrogadas at\u00e9 30 de abril de 2026.<\/li>\n<\/ul>\n<\/li>\n<\/ul>\n<\/div><\/details>\n\n\n\n<details class=\"wp-block-themeisle-blocks-accordion-item\"><summary class=\"wp-block-themeisle-blocks-accordion-item__title\"><div>2025<\/div><\/summary><div class=\"wp-block-themeisle-blocks-accordion-item__content\">\n<ul class=\"wp-block-list\">\n<li><a href=\"https:\/\/sites.uel.br\/proppg\/wp-content\/uploads\/Pesquisa\/Iniciacao\/Edital_ProPPG_03-2025_ICjr.pdf\">Edital ProPPG 03\/2025 &#8211; Inicia\u00e7\u00e3o Cient\u00edfica J\u00fanior<\/a>\n<ul class=\"wp-block-list\">\n<li><a href=\"https:\/\/forms.gle\/Z5CCFu3coAbrm27m6\">Inscri\u00e7\u00f5es<\/a> de 06\/03 a 14\/04\/2025<\/li>\n\n\n\n<li><a href=\"https:\/\/sites.uel.br\/proppg\/wp-content\/uploads\/2025\/06\/Edital_ProPPG_35-2025_resultado_das_associacoes.pdf\">Edital ProPPG 35\/2025 &#8211; Resultado das associa\u00e7\u00f5es entre alunos e docentes<\/a><\/li>\n\n\n\n<li><a href=\"https:\/\/sites.uel.br\/proppg\/wp-content\/uploads\/2025\/08\/Edital_ProPPG_46-2025_resultado.pdf\">Edital ProPPG 46\/2025 &#8211; Contemplados com ICjr e distribui\u00e7\u00e3o de bolsas<\/a><\/li>\n<\/ul>\n<\/li>\n<\/ul>\n<\/div><\/details>\n\n\n\n<details class=\"wp-block-themeisle-blocks-accordion-item\"><summary class=\"wp-block-themeisle-blocks-accordion-item__title\"><div>2024<\/div><\/summary><div class=\"wp-block-themeisle-blocks-accordion-item__content\">\n<ul class=\"wp-block-list\">\n<li><a href=\"https:\/\/sites.uel.br\/proppg\/wp-content\/uploads\/2024\/03\/Edital_ProPPG_07-2024_IC_junior.final_.pdf\" data-type=\"attachment\" data-id=\"3024\" target=\"_blank\" rel=\"noreferrer noopener\">Edital ProPPG 07\/2024<\/a>\n<ul class=\"wp-block-list\">\n<li><a href=\"https:\/\/sites.uel.br\/proppg\/wp-content\/uploads\/2024\/04\/Habilitados_Edital_07-2024-1.pdf\" data-type=\"link\" data-id=\"https:\/\/sites.uel.br\/proppg\/wp-content\/uploads\/2024\/04\/Habilitados_Edital_07-2024-1.pdf\" target=\"_blank\" rel=\"noreferrer noopener\">Edital ProPPG 20\/2024<\/a> &#8211; Docentes habilitados para orienta\u00e7\u00e3o<\/li>\n\n\n\n<li><a href=\"https:\/\/sites.uel.br\/proppg\/wp-content\/uploads\/2024\/07\/Edital_ProPPG_34_2024_resultados-das-associacoes.pdf\" target=\"_blank\" rel=\"noreferrer noopener\">Edital ProPPG 34\/2024<\/a> &#8211; Distribui\u00e7\u00e3o dos alunos aos docentes<\/li>\n<\/ul>\n<\/li>\n<\/ul>\n<\/div><\/details>\n<\/div>\n<\/div><\/details>\n<\/div>\n\n\n\n<div style=\"height:21px\" aria-hidden=\"true\" class=\"wp-block-spacer\"><\/div>\n\n\n\n<p><strong>Formul\u00e1rios e Orienta\u00e7\u00f5es<\/strong><\/p>\n\n\n\n<p><a href=\"https:\/\/sites.uel.br\/proppg\/guia-para-curriculo-lattes\/\" data-type=\"page\" data-id=\"1748\" target=\"_blank\" rel=\"noreferrer noopener\">Guia para curr\u00edculo Lattes<\/a><\/p>\n\n\n\n<p><a href=\"https:\/\/sites.uel.br\/proppg\/wp-content\/uploads\/2024\/03\/PlanoDeTrabalhoICjr.docx\" data-type=\"link\" data-id=\"https:\/\/sites.uel.br\/proppg\/wp-content\/uploads\/2023\/10\/PlanoDeTrabalhoICjr.docx\" target=\"_blank\" rel=\"noreferrer noopener\">Plano de trabalho<\/a><\/p>\n\n\n\n<p><a href=\"https:\/\/sites.uel.br\/proppg\/wp-content\/uploads\/2025\/09\/RelatorioICjr2.docx\" data-type=\"link\" data-id=\"https:\/\/sites.uel.br\/proppg\/wp-content\/uploads\/2023\/10\/RelatorioFinalICjr-1.docx\" target=\"_blank\" rel=\"noreferrer noopener\">Relat\u00f3rio<\/a><\/p>\n\n\n\n<p><a href=\"https:\/\/forms.gle\/AomJiNg815Xuz5ib6\">Sugest\u00f5es para altera\u00e7\u00e3o de editais e eventos<\/a><\/p>\n\n\n\n<hr class=\"wp-block-separator has-alpha-channel-opacity\"\/>\n\n\n\n<p><a id=\"_msocom_1\"><\/a><\/p>\n\n\n\n<div style=\"height:20px\" aria-hidden=\"true\" class=\"wp-block-spacer\"><\/div>\n\n\n\n<div class=\"wp-block-columns is-layout-flex wp-container-core-columns-is-layout-9d6595d7 wp-block-columns-is-layout-flex\">\n<div class=\"wp-block-column is-layout-flow wp-block-column-is-layout-flow\">\n<div class=\"wp-block-uel-card\">\n<p><strong>Links Relacionados: <\/strong><\/p>\n\n\n\n<div style=\"height:8px\" aria-hidden=\"true\" class=\"wp-block-spacer\"><\/div>\n\n\n\n<p><a href=\"http:\/\/admin.webofknowledge.com\/SessionError.cgi?CSID=&amp;DestApp=JCR&amp;Error=SESSION+NOT+ACTIVE\" target=\"_blank\" rel=\"noreferrer noopener\">JCR<\/a> <\/p>\n\n\n\n<p><a rel=\"noreferrer noopener\" href=\"https:\/\/sucupira.capes.gov.br\/sucupira\/public\/consultas\/coleta\/veiculoPublicacaoQualis\/listaConsultaGeralPeriodicos.jsf\" target=\"_blank\">QUALIS<\/a><\/p>\n\n\n\n<p><a href=\"https:\/\/ojs.uel.br\/revistas\/uel\/\" target=\"_blank\" rel=\"noreferrer noopener\">Portal de Peri\u00f3dicos da UEL<\/a><\/p>\n<\/div>\n<\/div>\n<\/div>\n","protected":false},"excerpt":{"rendered":"<p>O Programa de Inicia\u00e7\u00e3o Cient\u00edfica J\u00fanior (ICJr) tem como objetivo despertar voca\u00e7\u00e3o cient\u00edfica e incentivar talentos entre estudantes do Ensino M\u00e9dio, mediante sua participa\u00e7\u00e3o em atividades de pesquisa cient\u00edfica ou tecnol\u00f3gica, sob orienta\u00e7\u00e3o de docentes da UEL. Atualmente, somente estudantes de escolas p\u00fablicas, matriculados no primeiro ou segundo ano do ensino m\u00e9dio, podem se inscrever [&hellip;]<\/p>\n","protected":false},"author":7,"featured_media":0,"parent":0,"menu_order":0,"comment_status":"closed","ping_status":"closed","template":"","meta":{"_acf_changed":false,"_themeisle_gutenberg_block_has_review":false,"footnotes":""},"class_list":["post-791","page","type-page","status-publish","hentry"],"acf":[],"_links":{"self":[{"href":"https:\/\/sites.uel.br\/proppg\/wp-json\/wp\/v2\/pages\/791","targetHints":{"allow":["GET"]}}],"collection":[{"href":"https:\/\/sites.uel.br\/proppg\/wp-json\/wp\/v2\/pages"}],"about":[{"href":"https:\/\/sites.uel.br\/proppg\/wp-json\/wp\/v2\/types\/page"}],"author":[{"embeddable":true,"href":"https:\/\/sites.uel.br\/proppg\/wp-json\/wp\/v2\/users\/7"}],"replies":[{"embeddable":true,"href":"https:\/\/sites.uel.br\/proppg\/wp-json\/wp\/v2\/comments?post=791"}],"version-history":[{"count":36,"href":"https:\/\/sites.uel.br\/proppg\/wp-json\/wp\/v2\/pages\/791\/revisions"}],"predecessor-version":[{"id":5747,"href":"https:\/\/sites.uel.br\/proppg\/wp-json\/wp\/v2\/pages\/791\/revisions\/5747"}],"wp:attachment":[{"href":"https:\/\/sites.uel.br\/proppg\/wp-json\/wp\/v2\/media?parent=791"}],"curies":[{"name":"wp","href":"https:\/\/api.w.org\/{rel}","templated":true}]}}

Iniciação Científica no Ensino Médio &#8211; ICjr

<div style="height:32px" aria-hidden="true" class="wp-block-spacer"></div>



<p>O Programa de Iniciação Científica Júnior (ICJr) tem como objetivo despertar vocação científica e incentivar talentos entre estudantes do Ensino Médio, mediante sua participação em atividades de pesquisa científica ou tecnológica, sob orientação de docentes da UEL.</p>



<p>Atualmente, somente estudantes de escolas públicas, matriculados no primeiro ou segundo ano do ensino médio, podem se inscrever ao programa.</p>



<p>A direção ou a coordenação pedagógica de escolas interessadas em participar do Programa deverão entrar em contato com nosso Escritório de Apoio à Pesquisa (eapq@uel.br).</p>



<p>Estudantes interessados deverão entrar em contato com direção ou a coordenação pedagógica da sua escola.</p>



<p>Estudantes do Ensino Médio que concluem um ciclo de participação em projetos da UEL como ICJr devem apresentar as atividades realizadas durante o Encontro Anual de Iniciação Científica Júnior (EAIC Jr).</p>



<p>Vale ressaltar, que estudantes de qualquer escola poderão entrar em contato direto com os docentes pesquisadores da UEL e solicitar participação em seus projetos de pesquisa como “colaborador externo”. Essa experiência não é considerada como uma iniciação científica formal, mas é também uma forma de participar de projetos de pesquisa da UEL.</p>



<p><span style="font-size: 14.5pt;font-family: Arial, sans-serif;letter-spacing: -0.4pt">Projetos de pesquisa da UEL podem ser encontrados no </span><a href="https://www.sistemasweb.uel.br/index.php?contents=system/prj/pes/index.php" target="_blank" rel="noreferrer noopener">Sistema de Consulta de Projetos de Pesquisa</a></p>



<div style="height:12px" aria-hidden="true" class="wp-block-spacer"></div>



<div id="wp-block-themeisle-blocks-accordion-67ab5420" class="wp-block-themeisle-blocks-accordion exclusive">
<details class="wp-block-themeisle-blocks-accordion-item"><summary class="wp-block-themeisle-blocks-accordion-item__title"><div><strong>Editais de Iniciação Científica Júnior</strong></div></summary><div class="wp-block-themeisle-blocks-accordion-item__content">
<div id="wp-block-themeisle-blocks-accordion-6f9d48c9" class="wp-block-themeisle-blocks-accordion exclusive">
<details class="wp-block-themeisle-blocks-accordion-item"><summary class="wp-block-themeisle-blocks-accordion-item__title"><div>2026</div></summary><div class="wp-block-themeisle-blocks-accordion-item__content">
<ul class="wp-block-list">
<li><a href="https://sites.uel.br/proppg/wp-content/uploads/Pesquisa/Iniciacao/Tabelas_e_formularios/2026/Edital_ProPPG_03-2026_ICjr.pdf" target="_blank" rel="noreferrer noopener">Edital ProPPG 03/2026</a> &#8211; Iniciação Científica Júnior
<ul class="wp-block-list">
<li><a href="https://forms.gle/NT5213NpDmHwn1nD6" target="_blank" rel="noreferrer noopener">Inscrições</a> prorrogadas até 30 de abril de 2026.</li>
</ul>
</li>
</ul>
</div></details>



<details class="wp-block-themeisle-blocks-accordion-item"><summary class="wp-block-themeisle-blocks-accordion-item__title"><div>2025</div></summary><div class="wp-block-themeisle-blocks-accordion-item__content">
<ul class="wp-block-list">
<li><a href="https://sites.uel.br/proppg/wp-content/uploads/Pesquisa/Iniciacao/Edital_ProPPG_03-2025_ICjr.pdf">Edital ProPPG 03/2025 &#8211; Iniciação Científica Júnior</a>
<ul class="wp-block-list">
<li><a href="https://forms.gle/Z5CCFu3coAbrm27m6">Inscrições</a> de 06/03 a 14/04/2025</li>



<li><a href="https://sites.uel.br/proppg/wp-content/uploads/2025/06/Edital_ProPPG_35-2025_resultado_das_associacoes.pdf">Edital ProPPG 35/2025 &#8211; Resultado das associações entre alunos e docentes</a></li>



<li><a href="https://sites.uel.br/proppg/wp-content/uploads/2025/08/Edital_ProPPG_46-2025_resultado.pdf">Edital ProPPG 46/2025 &#8211; Contemplados com ICjr e distribuição de bolsas</a></li>
</ul>
</li>
</ul>
</div></details>



<details class="wp-block-themeisle-blocks-accordion-item"><summary class="wp-block-themeisle-blocks-accordion-item__title"><div>2024</div></summary><div class="wp-block-themeisle-blocks-accordion-item__content">
<ul class="wp-block-list">
<li><a href="https://sites.uel.br/proppg/wp-content/uploads/2024/03/Edital_ProPPG_07-2024_IC_junior.final_.pdf" data-type="attachment" data-id="3024" target="_blank" rel="noreferrer noopener">Edital ProPPG 07/2024</a>
<ul class="wp-block-list">
<li><a href="https://sites.uel.br/proppg/wp-content/uploads/2024/04/Habilitados_Edital_07-2024-1.pdf" data-type="link" data-id="https://sites.uel.br/proppg/wp-content/uploads/2024/04/Habilitados_Edital_07-2024-1.pdf" target="_blank" rel="noreferrer noopener">Edital ProPPG 20/2024</a> &#8211; Docentes habilitados para orientação</li>



<li><a href="https://sites.uel.br/proppg/wp-content/uploads/2024/07/Edital_ProPPG_34_2024_resultados-das-associacoes.pdf" target="_blank" rel="noreferrer noopener">Edital ProPPG 34/2024</a> &#8211; Distribuição dos alunos aos docentes</li>
</ul>
</li>
</ul>
</div></details>
</div>
</div></details>
</div>



<div style="height:21px" aria-hidden="true" class="wp-block-spacer"></div>



<p><strong>Formulários e Orientações</strong></p>



<p><a href="https://sites.uel.br/proppg/guia-para-curriculo-lattes/" data-type="page" data-id="1748" target="_blank" rel="noreferrer noopener">Guia para currículo Lattes</a></p>



<p><a href="https://sites.uel.br/proppg/wp-content/uploads/2024/03/PlanoDeTrabalhoICjr.docx" data-type="link" data-id="https://sites.uel.br/proppg/wp-content/uploads/2023/10/PlanoDeTrabalhoICjr.docx" target="_blank" rel="noreferrer noopener">Plano de trabalho</a></p>



<p><a href="https://sites.uel.br/proppg/wp-content/uploads/2025/09/RelatorioICjr2.docx" data-type="link" data-id="https://sites.uel.br/proppg/wp-content/uploads/2023/10/RelatorioFinalICjr-1.docx" target="_blank" rel="noreferrer noopener">Relatório</a></p>



<p><a href="https://forms.gle/AomJiNg815Xuz5ib6">Sugestões para alteração de editais e eventos</a></p>



<hr class="wp-block-separator has-alpha-channel-opacity"/>



<p><a id="_msocom_1"></a></p>



<div style="height:20px" aria-hidden="true" class="wp-block-spacer"></div>



<div class="wp-block-columns is-layout-flex wp-container-core-columns-is-layout-9d6595d7 wp-block-columns-is-layout-flex">
<div class="wp-block-column is-layout-flow wp-block-column-is-layout-flow">
<div class="wp-block-uel-card">
<p><strong>Links Relacionados: </strong></p>



<div style="height:8px" aria-hidden="true" class="wp-block-spacer"></div>



<p><a href="http://admin.webofknowledge.com/SessionError.cgi?CSID=&amp;DestApp=JCR&amp;Error=SESSION+NOT+ACTIVE" target="_blank" rel="noreferrer noopener">JCR</a> </p>



<p><a rel="noreferrer noopener" href="https://sucupira.capes.gov.br/sucupira/public/consultas/coleta/veiculoPublicacaoQualis/listaConsultaGeralPeriodicos.jsf" target="_blank">QUALIS</a></p>



<p><a href="https://ojs.uel.br/revistas/uel/" target="_blank" rel="noreferrer noopener">Portal de Periódicos da UEL</a></p>
</div>
</div>
</div>

<p>O Programa de Iniciação Científica Júnior (ICJr) tem como objetivo despertar vocação científica e incentivar talentos entre estudantes do Ensino Médio, mediante sua participação em atividades de pesquisa científica ou tecnológica, sob orientação de docentes da UEL. Atualmente, somente estudantes de escolas públicas, matriculados no primeiro ou segundo ano do ensino médio, podem se inscrever [&hellip;]</p>
