{"id":4590,"date":"2025-05-19T11:33:08","date_gmt":"2025-05-19T14:33:08","guid":{"rendered":"https:\/\/sites.uel.br\/proppg\/?page_id=4590"},"modified":"2025-05-19T11:33:08","modified_gmt":"2025-05-19T14:33:08","slug":"edital-proppg-29-2025","status":"publish","type":"page","link":"https:\/\/sites.uel.br\/proppg\/edital-proppg-29-2025\/","title":{"rendered":"Edital PROPPG \u2013 29\/2025"},"content":{"rendered":"\n<p><a href=\"https:\/\/sites.uel.br\/proppg\/wp-content\/uploads\/2025\/05\/Edital_29_2025_distribuicao-de-bolsas_PROPPG_institucionais_CNPq.pdf\">Distribui\u00e7\u00e3o de Bolsas de Mestrado e Doutorado Institucionais &#8211; CNPq (Chamada 50\/2024) \u2013 Ciclo 2025.<\/a><\/p>\n\n\n\n<p><a href=\"https:\/\/sites.uel.br\/proppg\/wp-content\/uploads\/2025\/05\/ANEXO-1-Termo-de-compromisso-bolsa_CNPq.docx\">Anexo 1 &#8211; <strong>TERMO DE COMPROMISSO DO BOLSISTA<\/strong><\/a><\/p>\n\n\n\n<p><a href=\"https:\/\/sites.uel.br\/proppg\/wp-content\/uploads\/2025\/05\/ANEXO-2-Declaracao-de-Acumulos_CNPq.docx\">Anexo 2 &#8211; <strong>DECLARA\u00c7\u00c3O DE AC\u00daMULOS<\/strong><\/a><\/p>\n\n\n\n<p><\/p>\n","protected":false},"excerpt":{"rendered":"<p>Distribui\u00e7\u00e3o de Bolsas de Mestrado e Doutorado Institucionais &#8211; CNPq (Chamada 50\/2024) \u2013 Ciclo 2025. Anexo 1 &#8211; TERMO DE COMPROMISSO DO BOLSISTA Anexo 2 &#8211; DECLARA\u00c7\u00c3O DE AC\u00daMULOS<\/p>\n","protected":false},"author":17,"featured_media":0,"parent":0,"menu_order":0,"comment_status":"closed","ping_status":"closed","template":"","meta":{"_acf_changed":false,"_themeisle_gutenberg_block_has_review":false,"footnotes":""},"class_list":["post-4590","page","type-page","status-publish","hentry"],"acf":[],"_links":{"self":[{"href":"https:\/\/sites.uel.br\/proppg\/wp-json\/wp\/v2\/pages\/4590","targetHints":{"allow":["GET"]}}],"collection":[{"href":"https:\/\/sites.uel.br\/proppg\/wp-json\/wp\/v2\/pages"}],"about":[{"href":"https:\/\/sites.uel.br\/proppg\/wp-json\/wp\/v2\/types\/page"}],"author":[{"embeddable":true,"href":"https:\/\/sites.uel.br\/proppg\/wp-json\/wp\/v2\/users\/17"}],"replies":[{"embeddable":true,"href":"https:\/\/sites.uel.br\/proppg\/wp-json\/wp\/v2\/comments?post=4590"}],"version-history":[{"count":1,"href":"https:\/\/sites.uel.br\/proppg\/wp-json\/wp\/v2\/pages\/4590\/revisions"}],"predecessor-version":[{"id":4595,"href":"https:\/\/sites.uel.br\/proppg\/wp-json\/wp\/v2\/pages\/4590\/revisions\/4595"}],"wp:attachment":[{"href":"https:\/\/sites.uel.br\/proppg\/wp-json\/wp\/v2\/media?parent=4590"}],"curies":[{"name":"wp","href":"https:\/\/api.w.org\/{rel}","templated":true}]}}