{"id":3796,"date":"2024-10-15T12:05:14","date_gmt":"2024-10-15T15:05:14","guid":{"rendered":"https:\/\/sites.uel.br\/proppg\/?page_id=3796"},"modified":"2025-10-21T17:48:44","modified_gmt":"2025-10-21T20:48:44","slug":"catalogo-dos-programas-de-pos-graduacao-da-uel","status":"publish","type":"page","link":"https:\/\/sites.uel.br\/proppg\/catalogo-dos-programas-de-pos-graduacao-da-uel\/","title":{"rendered":"Cat\u00e1logo dos Programas de P\u00f3s-gradua\u00e7\u00e3o da UEL"},"content":{"rendered":"\n<div style=\"height:40px\" aria-hidden=\"true\" class=\"wp-block-spacer\"><\/div>\n\n\n\n<figure class=\"wp-block-table is-style-stripes\" style=\"font-size:16px\"><table class=\"has-fixed-layout\"><tbody><tr><td><strong>Centro de Ci\u00eancias Agr\u00e1rias (CCA)&nbsp;<\/strong><\/td><td><\/td><\/tr><tr><td><a href=\"https:\/\/pos.uel.br\/pgagro\/\">Agronomia<\/a><\/td><td><a href=\"https:\/\/pos.uel.br\/pgagro\/\" target=\"_blank\" rel=\"noreferrer noopener\">Mestrado e Doutorado<\/a><\/td><\/tr><tr><td><a href=\"https:\/\/pos.uel.br\/cienciaanimal\/\">Ci\u00eancia Animal<\/a><\/td><td><a href=\"https:\/\/pos.uel.br\/cienciaanimal\/\" target=\"_blank\" rel=\"noreferrer noopener\">Mestrado e Doutorado<\/a><\/td><\/tr><tr><td><a href=\"https:\/\/pos.uel.br\/cienciaalimentos\/\">Ci\u00eancia de Alimentos<\/a>&nbsp;<\/td><td><a href=\"https:\/\/pos.uel.br\/cienciaalimentos\/\" target=\"_blank\" rel=\"noreferrer noopener\">Mestrado e Doutorado<\/a><\/td><\/tr><tr><td><a href=\"https:\/\/pos.uel.br\/mestradoclinicasveterinarias\/\">Cl\u00ednicas Veterin\u00e1rias<\/a><\/td><td><a href=\"https:\/\/pos.uel.br\/mestradoclinicasveterinarias\/\" target=\"_blank\" rel=\"noreferrer noopener\">Mestrado Profissional<\/a><\/td><\/tr><\/tbody><\/table><\/figure>\n\n\n\n<div style=\"height:30px\" aria-hidden=\"true\" class=\"wp-block-spacer\"><\/div>\n\n\n\n<figure class=\"wp-block-table is-style-stripes\" style=\"font-size:16px\"><table class=\"has-fixed-layout\"><tbody><tr><td><strong>Centro de Ci\u00eancias Biol\u00f3gicas (CCB)&nbsp;<\/strong><\/td><td><\/td><\/tr><tr><td><a href=\"http:\/\/www.uel.br\/pos\/pgac\/\" target=\"_blank\" rel=\"noreferrer noopener\">An\u00e1lise do Comportamento<\/a><\/td><td><a href=\"http:\/\/www.uel.br\/pos\/pgac\/\" target=\"_blank\" rel=\"noreferrer noopener\">Mestrado e Doutorado<\/a><\/td><\/tr><tr><td><a href=\"https:\/\/pos.uel.br\/biologicas\/\">Ci\u00eancias Biol\u00f3gicas<\/a><\/td><td><a href=\"https:\/\/pos.uel.br\/biologicas\/\" target=\"_blank\" rel=\"noreferrer noopener\">Mestrado e Doutorado<\/a><\/td><\/tr><tr><td><a href=\"https:\/\/pos.uel.br\/gbm\/\">Gen\u00e9tica e Biologia Molecular<\/a><\/td><td><a href=\"https:\/\/pos.uel.br\/gbm\/\" target=\"_blank\" rel=\"noreferrer noopener\">Mestrado e Doutorado<\/a><\/td><\/tr><tr><td><a href=\"https:\/\/pos.uel.br\/microbiologia\/\">Microbiologia<\/a><\/td><td><a href=\"https:\/\/pos.uel.br\/microbiologia\/\" target=\"_blank\" rel=\"noreferrer noopener\">Mestrado e Doutorado<\/a><\/td><\/tr><tr><td><a href=\"https:\/\/pos.uel.br\/pgcif\/\">Ci\u00eancias Fisiol\u00f3gicas<\/a><\/td><td><a href=\"https:\/\/pos.uel.br\/pgcif\/\" target=\"_blank\" rel=\"noreferrer noopener\">Mestrado e Doutorado<\/a><\/td><\/tr><tr><td><a href=\"https:\/\/pos.uel.br\/patologiaexperimental\/\">Patologia Experimental<\/a><\/td><td><a href=\"https:\/\/pos.uel.br\/patologiaexperimental\/\" target=\"_blank\" rel=\"noreferrer noopener\">Mestrado e Doutorado<\/a><\/td><\/tr><tr><td><a href=\"https:\/\/pos.uel.br\/psicologia\/\">Psicologia<\/a><\/td><td><a href=\"https:\/\/pos.uel.br\/psicologia\/\" target=\"_blank\" rel=\"noreferrer noopener\">Mestrado e Doutorado<\/a><\/td><\/tr><\/tbody><\/table><\/figure>\n\n\n\n<div style=\"height:30px\" aria-hidden=\"true\" class=\"wp-block-spacer\"><\/div>\n\n\n\n<figure class=\"wp-block-table is-style-stripes\" style=\"font-size:16px\"><table class=\"has-fixed-layout\"><tbody><tr><td><strong>Centro de Ci\u00eancias da Sa\u00fade (CCS)&nbsp;<\/strong><\/td><td><\/td><\/tr><tr><td><a href=\"https:\/\/pgsscogna.com.br\/ciencias-da-reabilitacao\/\">Ci\u00eancias da Reabilita\u00e7\u00e3o\/Programa de P\u00f3s-Gradua\u00e7\u00e3o Associado UEL\/UNOPAR<\/a><\/td><td><a href=\"https:\/\/pgsscogna.com.br\/ciencias-da-reabilitacao\/\" target=\"_blank\" rel=\"noreferrer noopener\">Mestrado e Doutorado <\/a><\/td><\/tr><tr><td><a href=\"https:\/\/pos.uel.br\/cienciasdasaude\/\">Ci\u00eancias da Sa\u00fade<\/a><\/td><td><a href=\"https:\/\/pos.uel.br\/cienciasdasaude\/\" target=\"_blank\" rel=\"noreferrer noopener\">Mestrado e Doutorado<\/a><\/td><\/tr><tr><td><a href=\"https:\/\/pos.uel.br\/ppgcfuel\/\">Ci\u00eancias Farmac\u00eauticas<\/a><\/td><td><a href=\"https:\/\/pos.uel.br\/ppgcfuel\/\" target=\"_blank\" rel=\"noreferrer noopener\">Mestrado<\/a><\/td><\/tr><tr><td><a href=\"https:\/\/pos.uel.br\/ppenf\/\">Enfermagem<\/a><\/td><td><a href=\"https:\/\/pos.uel.br\/ppenf\/\" target=\"_blank\" rel=\"noreferrer noopener\">Mestrado e Doutorado<\/a><\/td><\/tr><tr><td><a href=\"https:\/\/www.uel.br\/pos\/fisiopatologiaclinica\/\">Fisiopatologia Cl\u00ednica e Laboratorial<\/a><\/td><td><a href=\"https:\/\/www.uel.br\/pos\/fisiopatologiaclinica\/\" target=\"_blank\" rel=\"noreferrer noopener\">Mestrado e Doutorado<\/a><\/td><\/tr><tr><td><a href=\"https:\/\/pos.uel.br\/saudecoletiva\/\">Sa\u00fade Coletiva<\/a><\/td><td><a href=\"https:\/\/pos.uel.br\/saudecoletiva\/\" target=\"_blank\" rel=\"noreferrer noopener\">Mestrado e Doutorado<\/a><\/td><\/tr><\/tbody><\/table><\/figure>\n\n\n\n<div style=\"height:30px\" aria-hidden=\"true\" class=\"wp-block-spacer\"><\/div>\n\n\n\n<figure class=\"wp-block-table is-style-stripes\" style=\"font-size:16px\"><table class=\"has-fixed-layout\"><tbody><tr><td><strong>Centro de Ci\u00eancias Exatas (CCE)&nbsp;<\/strong><\/td><td><\/td><\/tr><tr><td><a href=\"https:\/\/www.uel.br\/pos\/bioenergia\/portal\/\">Bioenergia<\/a><\/td><td><a href=\"https:\/\/www.uel.br\/pos\/bioenergia\/portal\/\" target=\"_blank\" rel=\"noreferrer noopener\">Mestrado e Doutorado<\/a><\/td><\/tr><tr><td><a href=\"https:\/\/pos.uel.br\/biotecnologia\/\">Biotecnologia<\/a><\/td><td><a href=\"https:\/\/pos.uel.br\/biotecnologia\/\" target=\"_blank\" rel=\"noreferrer noopener\">Mestrado e Doutorado<\/a><\/td><\/tr><tr><td><a href=\"https:\/\/www.uel.br\/pos\/redes\/index.php\/mcc\">Ci\u00eancia da Computa\u00e7\u00e3o<\/a><\/td><td><a href=\"https:\/\/pos.uel.br\/ciencia-da-computacao\/\" target=\"_blank\" rel=\"noreferrer noopener\">Mestrado<\/a><\/td><\/tr><tr><td><a href=\"https:\/\/pos.uel.br\/pecem\/\">Ensino de Ci\u00eancias e Educa\u00e7\u00e3o Matem\u00e1tica<\/a><\/td><td><a href=\"https:\/\/pos.uel.br\/pecem\/\" target=\"_blank\" rel=\"noreferrer noopener\">Mestrado e Doutorado<\/a><\/td><\/tr><tr><td><a href=\"https:\/\/pos.uel.br\/mnpfisica\" target=\"_blank\" rel=\"noreferrer noopener\">Ensino de F\u00edsica<\/a><\/td><td><a href=\"https:\/\/pos.uel.br\/mnpfisica\" target=\"_blank\" rel=\"noreferrer noopener\">Mestrado Profissional<\/a><\/td><\/tr><tr><td><a href=\"https:\/\/pos.uel.br\/fisica\/\">F\u00edsica<\/a><\/td><td><a href=\"https:\/\/pos.uel.br\/fisica\/\" target=\"_blank\" rel=\"noreferrer noopener\">Mestrado e Doutorado<\/a><\/td><\/tr><tr><td><a href=\"https:\/\/pos.uel.br\/geografia\/\">Geografia<\/a><\/td><td><a href=\"https:\/\/pos.uel.br\/geografia\/\" target=\"_blank\" rel=\"noreferrer noopener\">Mestrado e Doutorado<\/a><\/td><\/tr><tr><td><a href=\"https:\/\/pos.uel.br\/profmat\" target=\"_blank\" rel=\"noreferrer noopener\">Matem\u00e1tica (PROFMAT)<\/a><\/td><td><a href=\"https:\/\/pos.uel.br\/profmat\" target=\"_blank\" rel=\"noreferrer noopener\">Mestrado Profissional<\/a><\/td><\/tr><tr><td><a href=\"https:\/\/pos.uel.br\/pgmac\/\">Matem\u00e1tica Aplicada e Computacional<\/a><\/td><td><a href=\"https:\/\/pos.uel.br\/pgmac\/\" target=\"_blank\" rel=\"noreferrer noopener\">Mestrado<\/a><\/td><\/tr><tr><td><a href=\"http:\/\/www.uel.br\/pos\/profqui\/portal\/\" target=\"_blank\" rel=\"noreferrer noopener\">Qu\u00edmica (PROFQUI)<\/a><\/td><td><a href=\"http:\/\/www.uel.br\/pos\/profqui\/portal\/\" target=\"_blank\" rel=\"noreferrer noopener\">Mestrado Profissional<\/a><\/td><\/tr><tr><td><a href=\"https:\/\/www.uel.br\/pos\/quimica\/portal\/\">Qu\u00edmica<\/a><\/td><td><a href=\"https:\/\/www.uel.br\/pos\/quimica\/portal\/\" target=\"_blank\" rel=\"noreferrer noopener\">Mestrado e Doutorado<\/a><\/td><\/tr><tr><td><a href=\"https:\/\/www2.uepg.br\/ppgq\/\" target=\"_blank\" rel=\"noreferrer noopener\">Qu\u00edmica\/Programa Associado de P\u00f3s-Gradua\u00e7\u00e3o UEL\/UEPG\/Unicentro<\/a><\/td><td><a href=\"https:\/\/www2.uepg.br\/ppgq\/\" target=\"_blank\" rel=\"noreferrer noopener\">Doutorado<\/a><\/td><\/tr><\/tbody><\/table><\/figure>\n\n\n\n<div style=\"height:30px\" aria-hidden=\"true\" class=\"wp-block-spacer\"><\/div>\n\n\n\n<figure class=\"wp-block-table is-style-stripes\" style=\"font-size:16px\"><table class=\"has-fixed-layout\"><tbody><tr><td><strong>Centro de Educa\u00e7\u00e3o, Comunica\u00e7\u00e3o e Artes (CECA)&nbsp;<\/strong><\/td><td><\/td><\/tr><tr><td><a href=\"https:\/\/pos.uel.br\/ppgci\/\">Ci\u00eancia da Informa\u00e7\u00e3o<\/a><\/td><td><a href=\"https:\/\/pos.uel.br\/ppgci\/\" target=\"_blank\" rel=\"noreferrer noopener\">Mestrado e Doutorado<\/a><\/td><\/tr><tr><td><a href=\"https:\/\/www.uel.br\/pos\/mestradocomunicacao\/\">Comunica\u00e7\u00e3o<\/a><\/td><td><a href=\"https:\/\/www.uel.br\/pos\/mestradocomunicacao\/\" target=\"_blank\" rel=\"noreferrer noopener\">Mestrado<\/a><\/td><\/tr><tr><td><a href=\"https:\/\/www.ppedu.uel.br\/pt\/\">Educa\u00e7\u00e3o<\/a> <\/td><td><a href=\"https:\/\/www.ppedu.uel.br\/pt\/\" target=\"_blank\" rel=\"noreferrer noopener\">Mestrado e Doutorado<\/a><\/td><\/tr><\/tbody><\/table><\/figure>\n\n\n\n<div style=\"height:30px\" aria-hidden=\"true\" class=\"wp-block-spacer\"><\/div>\n\n\n\n<figure class=\"wp-block-table is-style-stripes\" style=\"font-size:16px\"><table class=\"has-fixed-layout\"><tbody><tr><td><strong>Centro de Educa\u00e7\u00e3o F\u00edsica e Esporte (CEFE)&nbsp;<\/strong><\/td><td><\/td><\/tr><tr><td><a href=\"https:\/\/www.uel.br\/pos\/ppgef\/portal\/\">Educa\u00e7\u00e3o F\u00edsica\/Programa de P\u00f3s-Gradua\u00e7\u00e3o Associado UEL\/UEM<\/a><\/td><td><a href=\"https:\/\/pos.uel.br\/pef\/\" target=\"_blank\" rel=\"noreferrer noopener\">Mestrado e Doutorado<\/a><\/td><\/tr><\/tbody><\/table><\/figure>\n\n\n\n<div style=\"height:30px\" aria-hidden=\"true\" class=\"wp-block-spacer\"><\/div>\n\n\n\n<figure class=\"wp-block-table is-style-stripes\" style=\"font-size:16px\"><table class=\"has-fixed-layout\"><tbody><tr><td><strong>Centro de Estudos Sociais Aplicados (CESA)&nbsp;<\/strong><\/td><td><\/td><\/tr><tr><td><a href=\"https:\/\/pos.uel.br\/ppga\/\">Administra\u00e7\u00e3o<\/a><\/td><td><a href=\"https:\/\/pos.uel.br\/ppga\/\" target=\"_blank\" rel=\"noreferrer noopener\">Mestrado<\/a><\/td><\/tr><tr><td><a href=\"http:\/\/www.uel.br\/pos\/mestradoemdireito\/\" target=\"_blank\" rel=\"noreferrer noopener\">Direito Negocial<\/a><\/td><td><a href=\"https:\/\/pos.uel.br\/direito-negocial\/\" target=\"_blank\" rel=\"noreferrer noopener\">Mestrado e Doutorado<\/a><\/td><\/tr><tr><td><a href=\"https:\/\/pos.uel.br\/economia\/\">Economia <\/a><\/td><td><a href=\"https:\/\/pos.uel.br\/economia\/\" target=\"_blank\" rel=\"noreferrer noopener\">Mestrado<\/a><\/td><\/tr><tr><td><a href=\"https:\/\/pos.uel.br\/sersocial\/\">Servi\u00e7o Social e Pol\u00edtica Social<\/a> <\/td><td><a href=\"https:\/\/pos.uel.br\/sersocial\/\" target=\"_blank\" rel=\"noreferrer noopener\">Mestrado e Doutorado<\/a><\/td><\/tr><\/tbody><\/table><\/figure>\n\n\n\n<div style=\"height:30px\" aria-hidden=\"true\" class=\"wp-block-spacer\"><\/div>\n\n\n\n<figure class=\"wp-block-table is-style-stripes\" style=\"font-size:16px\"><table class=\"has-fixed-layout\"><tbody><tr><td><strong>Centro de Letras e Ci\u00eancias Humanas (CLCH)&nbsp;<\/strong><\/td><td><\/td><\/tr><tr><td><a href=\"https:\/\/pos.uel.br\/ppgel\/\">Estudos da Linguagem<\/a><\/td><td><a href=\"https:\/\/pos.uel.br\/ppgel\/\" target=\"_blank\" rel=\"noreferrer noopener\">Mestrado e Doutorado<\/a><\/td><\/tr><tr><td><a href=\"https:\/\/pos.uel.br\/filosofia\/\">Filosofia<\/a><\/td><td><a href=\"https:\/\/pos.uel.br\/filosofia\/\" target=\"_blank\" rel=\"noreferrer noopener\">Mestrado e Doutorado<\/a><\/td><\/tr><tr><td><a href=\"https:\/\/pos.uel.br\/historiasocial\" target=\"_blank\" rel=\"noreferrer noopener\">Hist\u00f3ria Social<\/a><\/td><td><a href=\"https:\/\/pos.uel.br\/historiasocial\/\" target=\"_blank\" rel=\"noreferrer noopener\">Mestrado<\/a><\/td><\/tr><tr><td><a href=\"https:\/\/pos.uel.br\/profletras\" target=\"_blank\" rel=\"noreferrer noopener\">Letras (PROFLETRAS)<\/a><\/td><td><a href=\"https:\/\/pos.uel.br\/profletras\" target=\"_blank\" rel=\"noreferrer noopener\">Mestrado Profissional<\/a><\/td><\/tr><tr><td><a href=\"https:\/\/pos.uel.br\/letras\/\">Letras<\/a> <\/td><td><a href=\"https:\/\/pos.uel.br\/letras\/\" target=\"_blank\" rel=\"noreferrer noopener\">Mestrado e Doutorado<\/a><\/td><\/tr><tr><td><a href=\"http:\/\/meplem.com.br\/\" target=\"_blank\" rel=\"noreferrer noopener\">Letras Estrangeiras Modernas<\/a><\/td><td><a href=\"http:\/\/meplem.com.br\/\" target=\"_blank\" rel=\"noreferrer noopener\">Mestrado Profissional<\/a><\/td><\/tr><tr><td><a href=\"https:\/\/pos.uel.br\/profsocio\" target=\"_blank\" rel=\"noreferrer noopener\">Sociologia (PROFSOCIO)<\/a><\/td><td><a href=\"https:\/\/pos.uel.br\/profsocio\" target=\"_blank\" rel=\"noreferrer noopener\">Mestrado Profissional<\/a><\/td><\/tr><tr><td><a href=\"https:\/\/pos.uel.br\/ppgsoc\/\">Sociologia<\/a><\/td><td><a href=\"https:\/\/pos.uel.br\/ppgsoc\/\" target=\"_blank\" rel=\"noreferrer noopener\">Mestrado e Doutorado<\/a><\/td><\/tr><\/tbody><\/table><\/figure>\n\n\n\n<div style=\"height:30px\" aria-hidden=\"true\" class=\"wp-block-spacer\"><\/div>\n\n\n\n<figure class=\"wp-block-table is-style-stripes\" style=\"font-size:16px\"><table class=\"has-fixed-layout\"><tbody><tr><td><strong>Centro de Tecnologia e Urbanismo (CTU)<\/strong><\/td><td><\/td><\/tr><tr><td><a href=\"https:\/\/www.uel.br\/pos\/ppuarqurb_uem_uel\/\">Arquitetura e Urbanismo\/Programa de P\u00f3s-Gradua\u00e7\u00e3o Associado UEL\/UEM<\/a><\/td><td><a href=\"https:\/\/www.uel.br\/pos\/ppuarqurb_uem_uel\/\">Mestrado e Doutorado<\/a><\/td><\/tr><tr><td><a href=\"https:\/\/www.uel.br\/pos\/enges\/\">Engenharia Civil<\/a><\/td><td><a href=\"https:\/\/www.uel.br\/pos\/enges\/\">Mestrado e Doutorado<\/a><\/td><\/tr><tr><td><a href=\"https:\/\/www.uel.br\/pos\/deel\/\">Engenharia El\u00e9trica\/Programa de P\u00f3s-Gradua\u00e7\u00e3o Associado UEL\/UTFPR-Corn\u00e9lio Proc\u00f3pio<\/a><\/td><td><a href=\"https:\/\/www.uel.br\/pos\/deel\/\">Doutorado<\/a><\/td><\/tr><tr><td><a href=\"https:\/\/pos.uel.br\/meel\/\">Engenharia El\u00e9trica<\/a><\/td><td> <a href=\"https:\/\/pos.uel.br\/meel\/\">Mestrado<\/a><\/td><\/tr><\/tbody><\/table><\/figure>\n\n\n\n<p><\/p>\n","protected":false},"excerpt":{"rendered":"<p>Centro de Ci\u00eancias Agr\u00e1rias (CCA)&nbsp; Agronomia Mestrado e Doutorado Ci\u00eancia Animal Mestrado e Doutorado Ci\u00eancia de Alimentos&nbsp; Mestrado e Doutorado Cl\u00ednicas Veterin\u00e1rias Mestrado Profissional Centro de Ci\u00eancias Biol\u00f3gicas (CCB)&nbsp; An\u00e1lise do Comportamento Mestrado e Doutorado Ci\u00eancias Biol\u00f3gicas Mestrado e Doutorado Gen\u00e9tica e Biologia Molecular Mestrado e Doutorado Microbiologia Mestrado e Doutorado Ci\u00eancias Fisiol\u00f3gicas Mestrado e [&hellip;]<\/p>\n","protected":false},"author":14,"featured_media":0,"parent":0,"menu_order":0,"comment_status":"closed","ping_status":"closed","template":"","meta":{"_acf_changed":false,"_themeisle_gutenberg_block_has_review":false,"footnotes":""},"class_list":["post-3796","page","type-page","status-publish","hentry"],"acf":[],"_links":{"self":[{"href":"https:\/\/sites.uel.br\/proppg\/wp-json\/wp\/v2\/pages\/3796","targetHints":{"allow":["GET"]}}],"collection":[{"href":"https:\/\/sites.uel.br\/proppg\/wp-json\/wp\/v2\/pages"}],"about":[{"href":"https:\/\/sites.uel.br\/proppg\/wp-json\/wp\/v2\/types\/page"}],"author":[{"embeddable":true,"href":"https:\/\/sites.uel.br\/proppg\/wp-json\/wp\/v2\/users\/14"}],"replies":[{"embeddable":true,"href":"https:\/\/sites.uel.br\/proppg\/wp-json\/wp\/v2\/comments?post=3796"}],"version-history":[{"count":15,"href":"https:\/\/sites.uel.br\/proppg\/wp-json\/wp\/v2\/pages\/3796\/revisions"}],"predecessor-version":[{"id":4996,"href":"https:\/\/sites.uel.br\/proppg\/wp-json\/wp\/v2\/pages\/3796\/revisions\/4996"}],"wp:attachment":[{"href":"https:\/\/sites.uel.br\/proppg\/wp-json\/wp\/v2\/media?parent=3796"}],"curies":[{"name":"wp","href":"https:\/\/api.w.org\/{rel}","templated":true}]}}