{"id":3147,"date":"2024-03-26T09:29:49","date_gmt":"2024-03-26T12:29:49","guid":{"rendered":"https:\/\/sites.uel.br\/proppg\/?page_id=3147"},"modified":"2024-03-26T10:49:00","modified_gmt":"2024-03-26T13:49:00","slug":"plataforma-stela-experta-modulo-pos-graduacao","status":"publish","type":"page","link":"https:\/\/sites.uel.br\/proppg\/plataforma-stela-experta-modulo-pos-graduacao\/","title":{"rendered":"PLATAFORMA STELA EXPERTA<sup>\u00a9<\/sup> &#8211; M\u00d3DULO P\u00d3S-GRADUA\u00c7\u00c3O"},"content":{"rendered":"\n<div style=\"height:30px\" aria-hidden=\"true\" class=\"wp-block-spacer\"><\/div>\n\n\n\n<p><a href=\"https:\/\/sites.uel.br\/proppg\/wp-content\/uploads\/2024\/03\/2024_UEL_Plataforma-Stella-Xperta.pdf\" target=\"_blank\" rel=\"noreferrer noopener\">Manual de informa\u00e7\u00f5es b\u00e1sicas<\/a><\/p>\n\n\n\n<p><a href=\"https:\/\/login.stelaexperta.com.br\/#\/login?client=0&amp;qualis=0&amp;bn=64f5d3c&amp;sig=-3fbl844e2xq7twh2tvvgmlpxf\" target=\"_blank\" rel=\"noreferrer noopener\">PLATAFORMA STELA EXPERTA<sup>\u00a9<\/sup><\/a><\/p>\n\n\n\n<p><\/p>\n","protected":false},"excerpt":{"rendered":"<p>Manual de informa\u00e7\u00f5es b\u00e1sicas PLATAFORMA STELA EXPERTA\u00a9<\/p>\n","protected":false},"author":12,"featured_media":0,"parent":0,"menu_order":0,"comment_status":"closed","ping_status":"closed","template":"","meta":{"_acf_changed":false,"_themeisle_gutenberg_block_has_review":false,"footnotes":""},"class_list":["post-3147","page","type-page","status-publish","hentry"],"acf":[],"_links":{"self":[{"href":"https:\/\/sites.uel.br\/proppg\/wp-json\/wp\/v2\/pages\/3147","targetHints":{"allow":["GET"]}}],"collection":[{"href":"https:\/\/sites.uel.br\/proppg\/wp-json\/wp\/v2\/pages"}],"about":[{"href":"https:\/\/sites.uel.br\/proppg\/wp-json\/wp\/v2\/types\/page"}],"author":[{"embeddable":true,"href":"https:\/\/sites.uel.br\/proppg\/wp-json\/wp\/v2\/users\/12"}],"replies":[{"embeddable":true,"href":"https:\/\/sites.uel.br\/proppg\/wp-json\/wp\/v2\/comments?post=3147"}],"version-history":[{"count":5,"href":"https:\/\/sites.uel.br\/proppg\/wp-json\/wp\/v2\/pages\/3147\/revisions"}],"predecessor-version":[{"id":3163,"href":"https:\/\/sites.uel.br\/proppg\/wp-json\/wp\/v2\/pages\/3147\/revisions\/3163"}],"wp:attachment":[{"href":"https:\/\/sites.uel.br\/proppg\/wp-json\/wp\/v2\/media?parent=3147"}],"curies":[{"name":"wp","href":"https:\/\/api.w.org\/{rel}","templated":true}]}}