{"id":2685,"date":"2023-12-21T15:53:35","date_gmt":"2023-12-21T18:53:35","guid":{"rendered":"https:\/\/sites.uel.br\/proppg\/?page_id=2685"},"modified":"2023-12-21T15:57:55","modified_gmt":"2023-12-21T18:57:55","slug":"camara-de-pos-graduacao-2","status":"publish","type":"page","link":"https:\/\/sites.uel.br\/proppg\/camara-de-pos-graduacao-2\/","title":{"rendered":"C\u00c2MARA DE P\u00d3S-GRADUA\u00c7\u00c3O"},"content":{"rendered":"\n<div style=\"height:40px\" aria-hidden=\"true\" class=\"wp-block-spacer\"><\/div>\n\n\n\n<h1 class=\"wp-block-heading has-medium-font-size\"><strong>PR\u00d3-REITORA DE PESQUISA E P\u00d3S-GRADUA\u00c7\u00c3O<\/strong><\/h1>\n\n\n\n<p>Silvia M\u00e1rcia Ferreira Meletti<\/p>\n\n\n\n<p><strong>DIRETORA DE P\u00d3S-GRADUA\u00c7\u00c3O<\/strong><\/p>\n\n\n\n<p>Suzana Mali de Oliveira<\/p>\n\n\n\n<p><strong>COORDENADOR DO COLEGIADO DOS CURSOS DE P\u00d3S-GRADUA\u00c7\u00c3O STRICTO SENSU<\/strong><\/p>\n\n\n\n<p>TITULAR: Andr\u00e9 Luiz Martinez de Oliveira<\/p>\n\n\n\n<p>SUPLENTE: Fl\u00e1via Alessandra Guarnier&nbsp; &nbsp; &nbsp; &nbsp; &nbsp; &nbsp; &nbsp; &nbsp; &nbsp; &nbsp;<\/p>\n\n\n\n<p><strong>COORDENADOR DO COLEGIADO DOS CURSOS DE P\u00d3S-GRADUA\u00c7\u00c3O PROFISSIONALIZANTES LATO SENSU<\/strong><\/p>\n\n\n\n<p>COORDENADORA&nbsp;&nbsp;&nbsp;&nbsp;&nbsp;&nbsp;&nbsp;&nbsp;&nbsp;&nbsp;&nbsp;&nbsp;&nbsp;&nbsp;&nbsp;&nbsp;&nbsp;&nbsp;&nbsp;&nbsp; &nbsp; : Patr\u00edcia Ayub Costa<\/p>\n\n\n\n<p>VICE-COORDENADOR&nbsp; &nbsp; &nbsp; &nbsp; &nbsp; &nbsp; &nbsp; &nbsp;: Rog\u00e9rio Zanetti Gomes<\/p>\n\n\n\n<p><strong>COORDENADOR DO COLEGIADO DOS CURSOS DE P\u00d3S-GRADUA\u00c7\u00c3O B\u00c1SICO LATO SENSU DAS \u00c1REAS B\u00c1SICAS<\/strong><\/p>\n\n\n\n<p>COORDENADORA&nbsp;&nbsp;&nbsp;&nbsp;&nbsp;&nbsp;&nbsp;&nbsp;&nbsp;&nbsp;&nbsp;&nbsp;&nbsp;&nbsp; : Diene Eire de Mello<\/p>\n\n\n\n<p>Vice-Coordenador&nbsp; &nbsp; &nbsp; &nbsp; &nbsp; &nbsp; &nbsp; :&nbsp;Silmara Sartoreto de Oliveira<\/p>\n\n\n\n<p><strong>COORDENADOR DO COLEGIADO DOS CURSOS DE P\u00d3S-GRADUA\u00c7\u00c3O LATO SENSU &#8211; MODALIDADE RESID\u00caNCIA NA \u00c1REA DE SA\u00daDE<\/strong><\/p>\n\n\n\n<p>COORDENADORA&nbsp;&nbsp;&nbsp;&nbsp;&nbsp;&nbsp;&nbsp;&nbsp;&nbsp;&nbsp;&nbsp;&nbsp;&nbsp;&nbsp;&nbsp;&nbsp;&nbsp;&nbsp;&nbsp;:&nbsp; Guilherme Schiess Cardoso<\/p>\n\n\n\n<p>Vice-Coordenador&nbsp; &nbsp; &nbsp; &nbsp; &nbsp; &nbsp; &nbsp; &nbsp; &nbsp; :&nbsp; Elaine Regina Ferraresi Sampaio<\/p>\n\n\n\n<div style=\"height:40px\" aria-hidden=\"true\" class=\"wp-block-spacer\"><\/div>\n\n\n\n<p><strong>REPRESENTANTES&nbsp; DENTRE OS COORDENADORES DE CURSOS DE P\u00d3S-GRADUA\u00c7\u00c3O (LATO OU STRICTO SENSU) POR CENTRO DE ESTUDOS<\/strong><\/p>\n\n\n\n<p><strong>CENTRO DE CI\u00caNCIAS EXATAS<\/strong><\/p>\n\n\n\n<p>TITULAR&nbsp;&nbsp;&nbsp;&nbsp;&nbsp;&nbsp;&nbsp;&nbsp;&nbsp;&nbsp;&nbsp;&nbsp;&nbsp;&nbsp;&nbsp;&nbsp;&nbsp;&nbsp;&nbsp;&nbsp;&nbsp;&nbsp;&nbsp;&nbsp;&nbsp;&nbsp;&nbsp; &nbsp;&nbsp; &nbsp;:&nbsp; Luiz Henrique Dall&#8217;Antonia<\/p>\n\n\n\n<p>SUPLENTE&nbsp; &nbsp; &nbsp; &nbsp; &nbsp; &nbsp; &nbsp; &nbsp; &nbsp; &nbsp; &nbsp; &nbsp; &nbsp;  &nbsp;: Fabiana Guillen Moreira Gasparin<\/p>\n\n\n\n<p><strong>CENTRO DE ESTUDOS SOCIAIS APLICADOS<\/strong><\/p>\n\n\n\n<p>TITULAR&nbsp;&nbsp;&nbsp;&nbsp;&nbsp;&nbsp;&nbsp;&nbsp;&nbsp;&nbsp;&nbsp;&nbsp;&nbsp;&nbsp;&nbsp;&nbsp;&nbsp;&nbsp;&nbsp;&nbsp;&nbsp;&nbsp;&nbsp;&nbsp;&nbsp;&nbsp;&nbsp;&nbsp;&nbsp; &nbsp; :&nbsp; Paulo Marcelo Ferrarese Pegino<\/p>\n\n\n\n<p>SUPLENTE&nbsp;&nbsp;&nbsp;&nbsp;&nbsp;&nbsp;&nbsp;&nbsp;&nbsp;&nbsp;&nbsp;&nbsp;&nbsp;&nbsp;&nbsp;&nbsp;&nbsp;&nbsp;&nbsp;&nbsp;&nbsp;&nbsp;&nbsp;&nbsp;&nbsp;&nbsp;&nbsp; &nbsp; : Temis Chenso da Silva Rabelo Pedroso<\/p>\n\n\n\n<p><strong>CENTRO DE EDUCA\u00c7\u00c3O, COMUNICA\u00c7\u00c3O E ARTES<\/strong><\/p>\n\n\n\n<p>TITULAR&nbsp;&nbsp;&nbsp;&nbsp;&nbsp;&nbsp;&nbsp;&nbsp;&nbsp;&nbsp;&nbsp;&nbsp;&nbsp;&nbsp;&nbsp;&nbsp;&nbsp;&nbsp;&nbsp;&nbsp;&nbsp;&nbsp;&nbsp;&nbsp;&nbsp;&nbsp;&nbsp;&nbsp;&nbsp; &nbsp;&nbsp;:&nbsp; &nbsp;Tony Honorato<\/p>\n\n\n\n<p>SUPLENTE&nbsp;&nbsp;&nbsp;&nbsp;&nbsp;&nbsp;&nbsp;&nbsp;&nbsp;&nbsp;&nbsp;&nbsp;&nbsp;&nbsp;&nbsp;&nbsp;&nbsp;&nbsp;&nbsp;&nbsp;&nbsp; &nbsp;&nbsp;&nbsp;&nbsp;&nbsp;&nbsp;&nbsp; :&nbsp; Rog\u00e9rio Zanetti Gomes<\/p>\n\n\n\n<p><strong>CENTRO DE CI\u00caNCIAS AGR\u00c1RIAS<\/strong><\/p>\n\n\n\n<p>TITULAR&nbsp;&nbsp;&nbsp;&nbsp;&nbsp;&nbsp;&nbsp;&nbsp;&nbsp;&nbsp;&nbsp;&nbsp;&nbsp;&nbsp;&nbsp;&nbsp;&nbsp;&nbsp;&nbsp;&nbsp;&nbsp;&nbsp;&nbsp;&nbsp;&nbsp;&nbsp;&nbsp;&nbsp;&nbsp;&nbsp;&nbsp;&nbsp;:&nbsp;&nbsp;<\/p>\n\n\n\n<p>SUPLENTE&nbsp;&nbsp;&nbsp;&nbsp;&nbsp;&nbsp;&nbsp;&nbsp;&nbsp;&nbsp;&nbsp;&nbsp;&nbsp;&nbsp;&nbsp;&nbsp;&nbsp;&nbsp;&nbsp;&nbsp;&nbsp;&nbsp;&nbsp;&nbsp;&nbsp;&nbsp;&nbsp; &nbsp;:&nbsp;&nbsp;<\/p>\n\n\n\n<p><strong>CENTRO DE TECNOLOGIA E URBANISMO<\/strong><\/p>\n\n\n\n<p>TITULAR&nbsp;&nbsp;&nbsp;&nbsp;&nbsp;&nbsp;&nbsp;&nbsp;&nbsp;&nbsp;&nbsp;&nbsp;&nbsp;&nbsp;&nbsp;&nbsp;&nbsp;&nbsp;&nbsp;&nbsp;&nbsp;&nbsp;&nbsp;&nbsp;&nbsp;&nbsp;&nbsp;&nbsp;&nbsp;&nbsp; &nbsp;:&nbsp; Caio Victor Louren\u00e7o Rodrigues<\/p>\n\n\n\n<p>SUPLENTE&nbsp;&nbsp;&nbsp;&nbsp;&nbsp;&nbsp;&nbsp;&nbsp;&nbsp;&nbsp;&nbsp;&nbsp;&nbsp;&nbsp;&nbsp;&nbsp;&nbsp;&nbsp;&nbsp; &nbsp;&nbsp;&nbsp;&nbsp;&nbsp;&nbsp;&nbsp;&nbsp; &nbsp;: Sidnei Junior Guadanhin<\/p>\n\n\n\n<p><strong>CENTRO DE EDUCA\u00c7\u00c3O F\u00cdSICA E ESPORTE<\/strong><\/p>\n\n\n\n<p>TITULAR&nbsp; &nbsp; &nbsp; &nbsp; &nbsp; &nbsp; &nbsp; &nbsp; &nbsp; &nbsp; &nbsp; &nbsp; &nbsp; &nbsp; &nbsp; &nbsp; &nbsp; : \u00c2ngela Pereira Teixeira Vict\u00f3ria Palma<\/p>\n\n\n\n<p>SUPLENTE&nbsp;&nbsp;&nbsp;&nbsp;&nbsp;&nbsp;&nbsp;&nbsp;&nbsp;&nbsp;&nbsp;&nbsp;&nbsp;&nbsp;&nbsp;&nbsp;&nbsp;&nbsp;&nbsp;&nbsp;&nbsp;&nbsp;&nbsp;&nbsp;&nbsp;&nbsp;&nbsp;&nbsp;&nbsp;&nbsp;: Rafael Demice<\/p>\n\n\n\n<p><strong>CENTRO DE CI\u00caNCIAS DA SA\u00daDE<\/strong><\/p>\n\n\n\n<p>TITULAR&nbsp;&nbsp;&nbsp;&nbsp;&nbsp;&nbsp;&nbsp;&nbsp;&nbsp;&nbsp;&nbsp;&nbsp;&nbsp;&nbsp;&nbsp;&nbsp;&nbsp;&nbsp;&nbsp;&nbsp;&nbsp;&nbsp;&nbsp;&nbsp;&nbsp;&nbsp;&nbsp;&nbsp;&nbsp;&nbsp;&nbsp;&nbsp;:&nbsp; Fl\u00e1via Meneguetti Pieri<\/p>\n\n\n\n<p>SUPLENTE&nbsp; &nbsp; &nbsp; &nbsp; &nbsp; &nbsp; &nbsp; &nbsp; &nbsp; &nbsp; &nbsp; &nbsp; &nbsp; &nbsp; :&nbsp; Fernanda de Freitas Mendon\u00e7a<\/p>\n\n\n\n<p><strong>CENTRO DE LETRAS E CI\u00caNCIAS HUMANAS<\/strong><\/p>\n\n\n\n<p>TITULAR&nbsp; &nbsp; &nbsp; &nbsp; &nbsp; &nbsp; &nbsp; &nbsp; &nbsp; &nbsp; &nbsp; &nbsp; &nbsp; &nbsp; &nbsp; &nbsp;:&nbsp; &nbsp;Dircel Aparecida Kailer<\/p>\n\n\n\n<p>SUPLENTE&nbsp; &nbsp; &nbsp; &nbsp; &nbsp; &nbsp; &nbsp; &nbsp; &nbsp; &nbsp; &nbsp; &nbsp; &nbsp; &nbsp;:&nbsp; &nbsp;Isabel Cristina Cordeiro<\/p>\n\n\n\n<p><strong>CENTO DE CI\u00caNCIAS BIOL\u00d3GICAS<\/strong><\/p>\n\n\n\n<p>TITULAR&nbsp; &nbsp; &nbsp; &nbsp; &nbsp; &nbsp; &nbsp; &nbsp; &nbsp; &nbsp; &nbsp; &nbsp; &nbsp; &nbsp; &nbsp; : Glaura Scantamburlo Alves Fernandes<\/p>\n\n\n\n<p>SUPLENTE&nbsp; &nbsp; &nbsp; &nbsp; &nbsp; &nbsp; &nbsp; &nbsp; &nbsp; &nbsp; &nbsp; &nbsp; &nbsp; : Fl\u00e1via Alessandra Guarbier<\/p>\n\n\n\n<div style=\"height:40px\" aria-hidden=\"true\" class=\"wp-block-spacer\"><\/div>\n\n\n\n<p><strong>REPRESENTANTES DOS T\u00c9CNICOS ADMINISTRATIVOS VINCULADOS \u00c0S ATIVIDADES DE P\u00d3S-GRADUA\u00c7\u00c3O<\/strong><\/p>\n\n\n\n<p>TITULAR<\/p>\n\n\n\n<p>SUPLENTE<\/p>\n\n\n\n<p><strong>REPRESENTANTES DISCENTES DA P\u00d3S-GRADUA\u00c7\u00c3O<\/strong><\/p>\n\n\n\n<p>TITULAR&nbsp;&nbsp;&nbsp;&nbsp;&nbsp;&nbsp;&nbsp;&nbsp;&nbsp;&nbsp;&nbsp;&nbsp;&nbsp;&nbsp;&nbsp;&nbsp;&nbsp;&nbsp;&nbsp;&nbsp;&nbsp;&nbsp;&nbsp;&nbsp;&nbsp;&nbsp;&nbsp;&nbsp; :&nbsp;<\/p>\n\n\n\n<p>SUPLENTE&nbsp; &nbsp; &nbsp; &nbsp; &nbsp; &nbsp; &nbsp; &nbsp; &nbsp; &nbsp; &nbsp; &nbsp; &nbsp;:<\/p>\n","protected":false},"excerpt":{"rendered":"<p>PR\u00d3-REITORA DE PESQUISA E P\u00d3S-GRADUA\u00c7\u00c3O Silvia M\u00e1rcia Ferreira Meletti DIRETORA DE P\u00d3S-GRADUA\u00c7\u00c3O Suzana Mali de Oliveira COORDENADOR DO COLEGIADO DOS CURSOS DE P\u00d3S-GRADUA\u00c7\u00c3O STRICTO SENSU TITULAR: Andr\u00e9 Luiz Martinez de Oliveira SUPLENTE: Fl\u00e1via Alessandra Guarnier&nbsp; &nbsp; &nbsp; &nbsp; &nbsp; &nbsp; &nbsp; &nbsp; &nbsp; &nbsp; COORDENADOR DO COLEGIADO DOS CURSOS DE P\u00d3S-GRADUA\u00c7\u00c3O PROFISSIONALIZANTES LATO SENSU COORDENADORA&nbsp;&nbsp;&nbsp;&nbsp;&nbsp;&nbsp;&nbsp;&nbsp;&nbsp;&nbsp;&nbsp;&nbsp;&nbsp;&nbsp;&nbsp;&nbsp;&nbsp;&nbsp;&nbsp;&nbsp; [&hellip;]<\/p>\n","protected":false},"author":12,"featured_media":0,"parent":0,"menu_order":0,"comment_status":"closed","ping_status":"closed","template":"","meta":{"_acf_changed":false,"_themeisle_gutenberg_block_has_review":false,"footnotes":""},"class_list":["post-2685","page","type-page","status-publish","hentry"],"acf":[],"_links":{"self":[{"href":"https:\/\/sites.uel.br\/proppg\/wp-json\/wp\/v2\/pages\/2685","targetHints":{"allow":["GET"]}}],"collection":[{"href":"https:\/\/sites.uel.br\/proppg\/wp-json\/wp\/v2\/pages"}],"about":[{"href":"https:\/\/sites.uel.br\/proppg\/wp-json\/wp\/v2\/types\/page"}],"author":[{"embeddable":true,"href":"https:\/\/sites.uel.br\/proppg\/wp-json\/wp\/v2\/users\/12"}],"replies":[{"embeddable":true,"href":"https:\/\/sites.uel.br\/proppg\/wp-json\/wp\/v2\/comments?post=2685"}],"version-history":[{"count":5,"href":"https:\/\/sites.uel.br\/proppg\/wp-json\/wp\/v2\/pages\/2685\/revisions"}],"predecessor-version":[{"id":2692,"href":"https:\/\/sites.uel.br\/proppg\/wp-json\/wp\/v2\/pages\/2685\/revisions\/2692"}],"wp:attachment":[{"href":"https:\/\/sites.uel.br\/proppg\/wp-json\/wp\/v2\/media?parent=2685"}],"curies":[{"name":"wp","href":"https:\/\/api.w.org\/{rel}","templated":true}]}}