{"id":2563,"date":"2023-12-18T15:32:51","date_gmt":"2023-12-18T18:32:51","guid":{"rendered":"https:\/\/sites.uel.br\/proppg\/?page_id=2563"},"modified":"2024-02-22T10:35:50","modified_gmt":"2024-02-22T13:35:50","slug":"plano-de-internacionalizacao-da-pesquisa-e-da-pos-graduacao-da-uel","status":"publish","type":"page","link":"https:\/\/sites.uel.br\/proppg\/plano-de-internacionalizacao-da-pesquisa-e-da-pos-graduacao-da-uel\/","title":{"rendered":"Internacionaliza\u00e7\u00e3o"},"content":{"rendered":"\n<div style=\"height:30px\" aria-hidden=\"true\" class=\"wp-block-spacer\"><\/div>\n\n\n\n<p><a href=\"https:\/\/sites.uel.br\/proppg\/wp-content\/uploads\/2023\/12\/Plano-Internacionalizacao-2023-2027_Versao-Final_Dezembro-2023.pdf\" data-type=\"link\" data-id=\"https:\/\/sites.uel.br\/proppg\/wp-content\/uploads\/2023\/12\/Plano-Internacionalizacao-2023-2027_Versao-Final_Dezembro-2023.pdf\" target=\"_blank\" rel=\"noreferrer noopener\">Plano de Internacionaliza\u00e7\u00e3o da Pesquisa e da P\u00f3s-Gradua\u00e7\u00e3o da UEL<\/a>.<\/p>\n\n\n\n<div style=\"height:30px\" aria-hidden=\"true\" class=\"wp-block-spacer\"><\/div>\n\n\n\n<p><a href=\"https:\/\/sites.uel.br\/proppg\/wp-content\/uploads\/2023\/12\/Instrucao_de_Servico_PROPPG_ARI_01_2023_assinado_assinado.pdf\" data-type=\"link\" data-id=\"https:\/\/sites.uel.br\/proppg\/wp-content\/uploads\/2023\/12\/Instrucao_de_Servico_PROPPG_ARI_01_2023_assinado_assinado.pdf\" target=\"_blank\" rel=\"noreferrer noopener\">Instru\u00e7\u00e3o de Servi\u00e7o PROPPG-ARI No 01\/2023<\/a><\/p>\n\n\n\n<ul class=\"wp-block-list\">\n<li><a href=\"https:\/\/sites.uel.br\/proppg\/wp-content\/uploads\/2023\/12\/Termo-de-Registro_Mobilidade_Pos-Grad_UEL.docx.pdf\" data-type=\"link\" data-id=\"https:\/\/sites.uel.br\/proppg\/wp-content\/uploads\/2023\/12\/Termo-de-Registro_Mobilidade_Pos-Grad_UEL.docx.pdf\" target=\"_blank\" rel=\"noreferrer noopener\">Termo de Registro de Mobilidade Acad\u00eamica Internacional<\/a><\/li>\n<\/ul>\n\n\n\n<ul class=\"wp-block-list\">\n<li><a href=\"https:\/\/sites.uel.br\/proppg\/wp-content\/uploads\/2023\/12\/Application-Form-_GradStudent_UEL.docx.pdf\" target=\"_blank\" rel=\"noreferrer noopener\">Application Form For Academic Mobility<\/a><\/li>\n<\/ul>\n\n\n\n<ul class=\"wp-block-list\">\n<li><a href=\"https:\/\/sites.uel.br\/proppg\/wp-content\/uploads\/2023\/12\/Formulario_Mobilidade-Internacional_Matricula_Disciplina.doc.pdf\" target=\"_blank\" rel=\"noreferrer noopener\">Formul\u00e1rio \u2013 Solicita\u00e7\u00e3o de Matr\u00edcula em Disciplina \u2013 Mobilidade Internacional na P\u00f3s-Gradua\u00e7\u00e3o<\/a><\/li>\n<\/ul>\n\n\n\n<ul class=\"wp-block-list\">\n<li><a href=\"https:\/\/sites.uel.br\/proppg\/wp-content\/uploads\/2023\/12\/Solicitacao-de-Prorrogacao-de-Matricula.docx.pdf\" data-type=\"link\" data-id=\"https:\/\/sites.uel.br\/proppg\/wp-content\/uploads\/2023\/12\/Solicitacao-de-Prorrogacao-de-Matricula.docx.pdf\" target=\"_blank\" rel=\"noreferrer noopener\">Formul\u00e1rio \u2013 Solicita\u00e7\u00e3o de Prorroga\u00e7\u00e3o de Matr\u00edcula \u2013 Mobilidade Internacional na P\u00f3s-Gradua\u00e7\u00e3o<\/a><\/li>\n<\/ul>\n\n\n\n<div style=\"height:30px\" aria-hidden=\"true\" class=\"wp-block-spacer\"><\/div>\n\n\n\n<p><a href=\"https:\/\/sites.uel.br\/proppg\/wp-content\/uploads\/2023\/12\/Cotutela-com-Instituicoes-Estrangeiras.pdf\" target=\"_blank\" rel=\"noreferrer noopener\">Cotutela com Institui\u00e7\u00f5es Estrangeiras<\/a><\/p>\n\n\n\n<p><a href=\"https:\/\/sites.uel.br\/proppg\/wp-content\/uploads\/2024\/02\/Ingresso-de-estudantes-estrangeiros-com-bolsa-de-estudo-de-agencias-de-fomento-e-de-orgaos-do-pais-de-origem.pdf\" target=\"_blank\" rel=\"noreferrer noopener\">Ingresso de estudantes estrangeiros, com bolsa de estudo de ag\u00eancias de fomento e de \u00f3rg\u00e3os do pa\u00eds de origem<\/a><\/p>\n\n\n\n<p><a href=\"https:\/\/sites.uel.br\/proppg\/wp-content\/uploads\/2024\/01\/Resolucao-CEPE-14-2005-Programa-Pesquisador-Visitante.pdf\" target=\"_blank\" rel=\"noreferrer noopener\">Resolu\u00e7\u00e3o 14\/2005 &#8211; Programa Pesquisador Visitante<\/a><\/p>\n\n\n\n<p><a href=\"https:\/\/sites.uel.br\/proppg\/wp-content\/uploads\/2024\/01\/Resolucao-CEPE-15-2005-Programa-Professor-Visitante.pdf\" target=\"_blank\" rel=\"noreferrer noopener\">Resolu\u00e7\u00e3o 15\/2005 &#8211; Programa Professor Visitante<\/a><\/p>\n\n\n\n<p><a href=\"https:\/\/sites.uel.br\/proppg\/wp-content\/uploads\/2023\/11\/Inclusao-de-Colaborador-Externo-em-Projeto-de-Pesquisa.docx\" target=\"_blank\" rel=\"noreferrer noopener\">Inclus\u00e3o de Colaborador Externo em Projeto de Pesquisa<\/a><\/p>\n","protected":false},"excerpt":{"rendered":"<p>Plano de Internacionaliza\u00e7\u00e3o da Pesquisa e da P\u00f3s-Gradua\u00e7\u00e3o da UEL. Instru\u00e7\u00e3o de Servi\u00e7o PROPPG-ARI No 01\/2023 Cotutela com Institui\u00e7\u00f5es Estrangeiras Ingresso de estudantes estrangeiros, com bolsa de estudo de ag\u00eancias de fomento e de \u00f3rg\u00e3os do pa\u00eds de origem Resolu\u00e7\u00e3o 14\/2005 &#8211; Programa Pesquisador Visitante Resolu\u00e7\u00e3o 15\/2005 &#8211; Programa Professor Visitante Inclus\u00e3o de Colaborador Externo [&hellip;]<\/p>\n","protected":false},"author":12,"featured_media":0,"parent":0,"menu_order":0,"comment_status":"closed","ping_status":"closed","template":"","meta":{"_acf_changed":false,"_themeisle_gutenberg_block_has_review":false,"footnotes":""},"class_list":["post-2563","page","type-page","status-publish","hentry"],"acf":[],"_links":{"self":[{"href":"https:\/\/sites.uel.br\/proppg\/wp-json\/wp\/v2\/pages\/2563","targetHints":{"allow":["GET"]}}],"collection":[{"href":"https:\/\/sites.uel.br\/proppg\/wp-json\/wp\/v2\/pages"}],"about":[{"href":"https:\/\/sites.uel.br\/proppg\/wp-json\/wp\/v2\/types\/page"}],"author":[{"embeddable":true,"href":"https:\/\/sites.uel.br\/proppg\/wp-json\/wp\/v2\/users\/12"}],"replies":[{"embeddable":true,"href":"https:\/\/sites.uel.br\/proppg\/wp-json\/wp\/v2\/comments?post=2563"}],"version-history":[{"count":9,"href":"https:\/\/sites.uel.br\/proppg\/wp-json\/wp\/v2\/pages\/2563\/revisions"}],"predecessor-version":[{"id":2939,"href":"https:\/\/sites.uel.br\/proppg\/wp-json\/wp\/v2\/pages\/2563\/revisions\/2939"}],"wp:attachment":[{"href":"https:\/\/sites.uel.br\/proppg\/wp-json\/wp\/v2\/media?parent=2563"}],"curies":[{"name":"wp","href":"https:\/\/api.w.org\/{rel}","templated":true}]}}