{"id":1805,"date":"2023-10-30T08:28:59","date_gmt":"2023-10-30T11:28:59","guid":{"rendered":"https:\/\/sites.uel.br\/proppg\/?page_id=1805"},"modified":"2023-12-22T18:15:45","modified_gmt":"2023-12-22T21:15:45","slug":"camara-de-pesquisa-19-membros","status":"publish","type":"page","link":"https:\/\/sites.uel.br\/proppg\/camara-de-pesquisa-19-membros\/","title":{"rendered":"C\u00c2MARA DE PESQUISA"},"content":{"rendered":"\n<div style=\"height:34px\" aria-hidden=\"true\" class=\"wp-block-spacer\"><\/div>\n\n\n\n<p><strong>PR\u00d3-REITOR DE PESQUISA E P\u00d3S -GRADUA\u00c7\u00c3O<\/strong><\/p>\n\n\n\n<p>Silvia M\u00e1rcia Ferreira&nbsp; Meletti<\/p>\n\n\n\n<div style=\"height:30px\" aria-hidden=\"true\" class=\"wp-block-spacer\"><\/div>\n\n\n\n<p><strong>DIRETOR DE PESQUISA<\/strong><\/p>\n\n\n\n<p>Eduardo Jos\u00e9 de Almeida Ara\u00fajo<\/p>\n\n\n\n<div style=\"height:30px\" aria-hidden=\"true\" class=\"wp-block-spacer\"><\/div>\n\n\n\n<p><strong>COORDENADORES DAS COMISS\u00d5ES DE PESQUISA DOS CENTROS DE ESTUDOS<\/strong><\/p>\n\n\n\n<p>COORDENADOR&nbsp;&nbsp;&nbsp;&nbsp;&nbsp;&nbsp;&nbsp;&nbsp;&nbsp; :&nbsp; &nbsp; Juliana Reichert Assun\u00e7\u00e3o Tonelli&nbsp;<strong>(CCH)<\/strong><\/p>\n\n\n\n<p>VICE-COORDENADOR:&nbsp; &nbsp; &nbsp;M\u00e1rcio Santos de Santana<\/p>\n\n\n\n<p>COORDENADOR&nbsp;&nbsp;&nbsp;&nbsp;&nbsp;&nbsp;&nbsp;&nbsp;&nbsp; :&nbsp; &nbsp; Criatiano Medri&nbsp;<strong>(CCB)<\/strong><\/p>\n\n\n\n<p>VICE-COORDENADOR &nbsp;:&nbsp; &nbsp;Eddy Krueger<\/p>\n\n\n\n<p>COORDENADOR&nbsp; &nbsp; &nbsp; &nbsp; &nbsp; &nbsp; :&nbsp; Doumit Camilios Neto<strong>(CCE)<\/strong><\/p>\n\n\n\n<p>VICE-COORDENADOR&nbsp; :&nbsp; Roberta Antigo Medeiros<\/p>\n\n\n\n<p>COORDENADOR&nbsp; &nbsp; &nbsp; &nbsp; &nbsp; &nbsp; :&nbsp; C\u00e1ssia Vanessa Olak Alves da Cruz&nbsp;<strong>(CESA)&nbsp;<\/strong><\/p>\n\n\n\n<p>VICE-COORDENADOR&nbsp; :&nbsp; &nbsp;Francisco Em\u00edlio Baleotti<\/p>\n\n\n\n<p>COORDENADOR&nbsp; &nbsp; &nbsp; &nbsp; &nbsp; &nbsp; :&nbsp; Adriana Valongo Zani&nbsp;<strong>(CCS)<\/strong><\/p>\n\n\n\n<p>VICE-COORDENADOR&nbsp; :&nbsp; &nbsp;<\/p>\n\n\n\n<p>COORDENADOR&nbsp; &nbsp; &nbsp; &nbsp; &nbsp; &nbsp; :&nbsp; Andr\u00e9 Campos de Moura<strong>(CTU)<\/strong><\/p>\n\n\n\n<p>VICE-COORDENADOR&nbsp; :&nbsp; &nbsp;Deize Dias Lopes&nbsp;<\/p>\n\n\n\n<p>COORDENADOR&nbsp; &nbsp; &nbsp; &nbsp; &nbsp; &nbsp; :&nbsp; &nbsp;D\u00e9bora Cristina Santiago<strong>(CCA)<\/strong><\/p>\n\n\n\n<p>VICE-COORDENADOR&nbsp; &nbsp;:&nbsp; Ana Paula Frederico Rodrigues Louren\u00e7o Bracarense<\/p>\n\n\n\n<p>COORDENADOR&nbsp; &nbsp; &nbsp; &nbsp; &nbsp; &nbsp; &nbsp;:&nbsp; Ana Maria Pereira&nbsp;<strong>(CEFE)<\/strong><\/p>\n\n\n\n<p>VICE-COORDENADOR&nbsp; &nbsp; :&nbsp; Camila Rinaldi Bisconsini<\/p>\n\n\n\n<p>COORDENADOR&nbsp; &nbsp; &nbsp; &nbsp; &nbsp; &nbsp; &nbsp; : F\u00e1bio Parra Furlanet&nbsp;<strong>(CECA)<\/strong><\/p>\n\n\n\n<p>VICE-COORDENADOR&nbsp; &nbsp; &nbsp;: Cl\u00e1udio Pereira de Sampaio<\/p>\n\n\n\n<div style=\"height:30px\" aria-hidden=\"true\" class=\"wp-block-spacer\"><\/div>\n\n\n\n<p><strong>REPRESENTANTEF DOS DIRETORES DOS \u00d3RG\u00c3OS SUPLEMENTARES<\/strong><\/p>\n\n\n\n<p>TITULAR&nbsp; &nbsp; &nbsp; &nbsp; &nbsp; &nbsp; &nbsp; &nbsp; &nbsp; &nbsp; :&nbsp; &nbsp;Marcela Maria Baracat<\/p>\n\n\n\n<p>SUPLENTE&nbsp; &nbsp; &nbsp; &nbsp; &nbsp; &nbsp; &nbsp; &nbsp; :&nbsp;&nbsp; Ulisses de P\u00e1dua Pereira<\/p>\n\n\n\n<div style=\"height:30px\" aria-hidden=\"true\" class=\"wp-block-spacer\"><\/div>\n\n\n\n<p><strong>&nbsp;<\/strong><strong>REPRESENTANTE DO COMIT\u00ca DE \u00c9TICA EM PESQUISA ENVOLVENDO SERES HUMANOS<\/strong><\/p>\n\n\n\n<p>TITULAR&nbsp; &nbsp; &nbsp; &nbsp; &nbsp; &nbsp; &nbsp; &nbsp; &nbsp; :&nbsp; &nbsp; Alessandra Ceccini Armani<\/p>\n\n\n\n<p>SUPLENTE&nbsp;&nbsp;&nbsp;&nbsp;&nbsp;&nbsp;&nbsp;&nbsp;&nbsp;&nbsp;&nbsp;&nbsp;&nbsp; :&nbsp; &nbsp; Marcelo Rodrigues de Melo<\/p>\n\n\n\n<div style=\"height:30px\" aria-hidden=\"true\" class=\"wp-block-spacer\"><\/div>\n\n\n\n<p><strong>REPRESENTANTE DA COMISS\u00c3O DE \u00c9TICA NO USO DE ANIMAIS<\/strong><\/p>\n\n\n\n<p>TITULAR&nbsp; &nbsp; &nbsp; &nbsp; &nbsp; &nbsp; &nbsp; &nbsp; &nbsp;:&nbsp; &nbsp; &nbsp;Patr\u00edcia Chimin Perandini<\/p>\n\n\n\n<p>SUPLENTE&nbsp; &nbsp; &nbsp; &nbsp; &nbsp; &nbsp; &nbsp;:&nbsp; &nbsp; &nbsp;Maria Fernanda Rodrigues Graciano<\/p>\n\n\n\n<div style=\"height:30px\" aria-hidden=\"true\" class=\"wp-block-spacer\"><\/div>\n\n\n\n<p><strong>REPRESENTANTE DOS CONSELHOS EDITORIAIS DAS REVISTAS CIENT\u00cdFICAS E CULTURAIS DA UNIVERSIDADE<\/strong><\/p>\n\n\n\n<p>TITULAR&nbsp; &nbsp; &nbsp; &nbsp; &nbsp; &nbsp; &nbsp; &nbsp; &nbsp; :&nbsp; &nbsp;Dircel Aparecida Kailer<\/p>\n\n\n\n<p>SUPLENTE&nbsp; &nbsp; &nbsp; &nbsp; &nbsp; &nbsp; &nbsp; :&nbsp; &nbsp;Nelson Maur\u00edcio Lopera Barrero<\/p>\n\n\n\n<div style=\"height:30px\" aria-hidden=\"true\" class=\"wp-block-spacer\"><\/div>\n\n\n\n<p><strong>REPRESENTANTE DO COMIT\u00ca ASSESSOR DO PROITI (Programa de Inicia\u00e7\u00e3o em Desenvolvimento Tecnol\u00f3gico e Inova\u00e7\u00e3o)<\/strong><\/p>\n\n\n\n<p>&nbsp;TITULAR&nbsp; &nbsp; &nbsp; &nbsp; &nbsp; &nbsp; &nbsp; &nbsp; &nbsp; :&nbsp; Gerson Nakazato<\/p>\n\n\n\n<p>SUPLENTE&nbsp; &nbsp; &nbsp; &nbsp; &nbsp; &nbsp; &nbsp; &nbsp;:&nbsp; Suzana Lucy Nixdorf<\/p>\n\n\n\n<div style=\"height:30px\" aria-hidden=\"true\" class=\"wp-block-spacer\"><\/div>\n\n\n\n<p><strong>REPRESENTANTES DO COMIT\u00ca ASSESSOR DO PROIC (Programa de Inicia\u00e7\u00e3o Ci\u00eant\u00edfica da UEL)<\/strong><\/p>\n\n\n\n<p>TITULAR&nbsp; &nbsp; &nbsp; &nbsp; &nbsp; &nbsp; &nbsp; &nbsp; :&nbsp; &nbsp; Pedro Rodolfo Siqueira Vendrame<\/p>\n\n\n\n<p>SUPLENTE&nbsp;&nbsp;&nbsp;&nbsp;&nbsp;&nbsp;&nbsp;&nbsp;&nbsp;&nbsp;&nbsp; :&nbsp; &nbsp; Juliana Serpeloni<\/p>\n\n\n\n<div style=\"height:30px\" aria-hidden=\"true\" class=\"wp-block-spacer\"><\/div>\n\n\n\n<p><strong>REPRESENTANTE DOS T\u00c9CNICOS ADMINISTRATIVOS<\/strong><\/p>\n\n\n\n<p>TITULAR&nbsp;&nbsp;&nbsp;&nbsp;&nbsp;&nbsp;&nbsp;&nbsp;&nbsp;&nbsp; :&nbsp; &nbsp; Paulo Rog\u00e9rio Catarini da Slva<\/p>\n\n\n\n<p>SUPLENTE&nbsp;&nbsp;&nbsp;&nbsp;&nbsp;&nbsp;&nbsp;&nbsp;:&nbsp; &nbsp;<\/p>\n\n\n\n<p>TITULAR&nbsp; &nbsp; &nbsp; &nbsp; &nbsp; &nbsp; :&nbsp; Osmar Henrique Moura da Silva<\/p>\n\n\n\n<p>SUPLENTE&nbsp; &nbsp; &nbsp; &nbsp; :&nbsp;&nbsp;<strong>REPRESENTANTES DISCENTES (vinculados \u00e0 Projetos de Pesquisa) -INDICA\u00c7\u00c3O DO DCE<\/strong><\/p>\n\n\n\n<p>TITULAR&nbsp;&nbsp;&nbsp;&nbsp;&nbsp;&nbsp;&nbsp;&nbsp;&nbsp; :&nbsp; &nbsp;&nbsp;<\/p>\n\n\n\n<p>SUPLENTE<\/p>\n\n\n\n<p>TITULAR&nbsp;&nbsp;&nbsp;&nbsp;&nbsp;&nbsp;&nbsp;&nbsp;&nbsp; :&nbsp;<\/p>\n\n\n\n<p>SUPLENTE<\/p>\n\n\n\n<p>&nbsp;TITULAR &nbsp; &nbsp; &nbsp; &nbsp;:<\/p>\n\n\n\n<p>SUPLENTE &nbsp; &nbsp; :<\/p>\n","protected":false},"excerpt":{"rendered":"<p>PR\u00d3-REITOR DE PESQUISA E P\u00d3S -GRADUA\u00c7\u00c3O Silvia M\u00e1rcia Ferreira&nbsp; Meletti DIRETOR DE PESQUISA Eduardo Jos\u00e9 de Almeida Ara\u00fajo COORDENADORES DAS COMISS\u00d5ES DE PESQUISA DOS CENTROS DE ESTUDOS COORDENADOR&nbsp;&nbsp;&nbsp;&nbsp;&nbsp;&nbsp;&nbsp;&nbsp;&nbsp; :&nbsp; &nbsp; Juliana Reichert Assun\u00e7\u00e3o Tonelli&nbsp;(CCH) VICE-COORDENADOR:&nbsp; &nbsp; &nbsp;M\u00e1rcio Santos de Santana COORDENADOR&nbsp;&nbsp;&nbsp;&nbsp;&nbsp;&nbsp;&nbsp;&nbsp;&nbsp; :&nbsp; &nbsp; Criatiano Medri&nbsp;(CCB) VICE-COORDENADOR &nbsp;:&nbsp; &nbsp;Eddy Krueger COORDENADOR&nbsp; &nbsp; &nbsp; &nbsp; &nbsp; &nbsp; [&hellip;]<\/p>\n","protected":false},"author":12,"featured_media":0,"parent":0,"menu_order":0,"comment_status":"closed","ping_status":"closed","template":"","meta":{"_acf_changed":false,"_themeisle_gutenberg_block_has_review":false,"footnotes":""},"class_list":["post-1805","page","type-page","status-publish","hentry"],"acf":[],"_links":{"self":[{"href":"https:\/\/sites.uel.br\/proppg\/wp-json\/wp\/v2\/pages\/1805","targetHints":{"allow":["GET"]}}],"collection":[{"href":"https:\/\/sites.uel.br\/proppg\/wp-json\/wp\/v2\/pages"}],"about":[{"href":"https:\/\/sites.uel.br\/proppg\/wp-json\/wp\/v2\/types\/page"}],"author":[{"embeddable":true,"href":"https:\/\/sites.uel.br\/proppg\/wp-json\/wp\/v2\/users\/12"}],"replies":[{"embeddable":true,"href":"https:\/\/sites.uel.br\/proppg\/wp-json\/wp\/v2\/comments?post=1805"}],"version-history":[{"count":4,"href":"https:\/\/sites.uel.br\/proppg\/wp-json\/wp\/v2\/pages\/1805\/revisions"}],"predecessor-version":[{"id":2693,"href":"https:\/\/sites.uel.br\/proppg\/wp-json\/wp\/v2\/pages\/1805\/revisions\/2693"}],"wp:attachment":[{"href":"https:\/\/sites.uel.br\/proppg\/wp-json\/wp\/v2\/media?parent=1805"}],"curies":[{"name":"wp","href":"https:\/\/api.w.org\/{rel}","templated":true}]}}