{"id":18,"date":"2022-12-15T17:35:56","date_gmt":"2022-12-15T20:35:56","guid":{"rendered":"https:\/\/sites.uel.br\/proppg\/?page_id=18"},"modified":"2026-01-21T10:38:58","modified_gmt":"2026-01-21T13:38:58","slug":"pos-graduacao","status":"publish","type":"page","link":"https:\/\/sites.uel.br\/proppg\/pos-graduacao\/","title":{"rendered":"P\u00f3s-Gradua\u00e7\u00e3o"},"content":{"rendered":"\n<div style=\"height:28px\" aria-hidden=\"true\" class=\"wp-block-spacer\"><\/div>\n\n\n\n<p class=\"has-text-align-left\">A p\u00f3s-gradua\u00e7\u00e3o na UEL se iniciou na d\u00e9cada de 1970, e atualmente conta com cursos estruturados em duas modalidades: lato sensu (<a href=\"https:\/\/sites.uel.br\/proppg\/especializacao\/\" data-type=\"link\" data-id=\"https:\/\/sites.uel.br\/proppg\/especializacao\/\" target=\"_blank\" rel=\"noreferrer noopener\">especializa\u00e7\u00e3o<\/a> e <a href=\"https:\/\/sites.uel.br\/proppg\/residencias\/\" data-type=\"link\" data-id=\"https:\/\/sites.uel.br\/proppg\/residencias\/\" target=\"_blank\" rel=\"noreferrer noopener\">resid\u00eancia<\/a>) e stricto sensu (<a href=\"https:\/\/sites.uel.br\/proppg\/editais-proppg\/\" data-type=\"link\" data-id=\"https:\/\/sites.uel.br\/proppg\/editais-proppg\/\" target=\"_blank\" rel=\"noreferrer noopener\">mestrado e doutorado<\/a>), distribu\u00eddos em todas as \u00e1reas de conhecimento. <\/p>\n\n\n\n<p class=\"has-text-align-left\">Ambas as modalidades t\u00eam por finalidade a forma\u00e7\u00e3o de recursos humanos altamente qualificados, capacitando os titulados a disputar o mercado de trabalho, ou seguir a carreira acad\u00eamica como docente e\/ou pesquisador.<\/p>\n\n\n\n<div style=\"height:30px\" aria-hidden=\"true\" class=\"wp-block-spacer\"><\/div>\n\n\n\n<div class=\"wp-block-columns is-layout-flex wp-container-core-columns-is-layout-9d6595d7 wp-block-columns-is-layout-flex\">\n<div class=\"wp-block-column is-layout-flow wp-block-column-is-layout-flow\">\n<div class=\"wp-block-buttons is-content-justification-center is-layout-flex wp-container-core-buttons-is-layout-16018d1d wp-block-buttons-is-layout-flex\">\n<div class=\"wp-block-button has-custom-width wp-block-button__width-50\"><a class=\"wp-block-button__link has-cinza-claro-color has-verde-escuro-background-color has-text-color has-background has-link-color wp-element-button\" href=\"https:\/\/sites.uel.br\/proppg\/especializacao\/\" target=\"_blank\" rel=\"noreferrer noopener\">Especializa\u00e7\u00e3o<\/a><\/div>\n<\/div>\n\n\n\n<div style=\"height:20px\" aria-hidden=\"true\" class=\"wp-block-spacer\"><\/div>\n\n\n\n<div class=\"wp-block-buttons is-content-justification-center is-layout-flex wp-container-core-buttons-is-layout-16018d1d wp-block-buttons-is-layout-flex\">\n<div class=\"wp-block-button has-custom-width wp-block-button__width-50\"><a class=\"wp-block-button__link has-cinza-claro-color has-verde-escuro-background-color has-text-color has-background has-link-color wp-element-button\" href=\"https:\/\/sites.uel.br\/proppg\/residencias\/\" target=\"_blank\" rel=\"noreferrer noopener\">Resid\u00eancia<\/a><\/div>\n<\/div>\n<\/div>\n\n\n\n<div class=\"wp-block-column is-layout-flow wp-block-column-is-layout-flow\">\n<div class=\"wp-block-buttons is-content-justification-center is-layout-flex wp-container-core-buttons-is-layout-16018d1d wp-block-buttons-is-layout-flex\">\n<div class=\"wp-block-button has-custom-width wp-block-button__width-50\"><a class=\"wp-block-button__link has-cinza-claro-color has-verde-escuro-background-color has-text-color has-background has-link-color wp-element-button\" href=\"https:\/\/sites.uel.br\/proppg\/mestrado-e-doutorado\/\" target=\"_blank\" rel=\"noreferrer noopener\">Mestrado<\/a><\/div>\n<\/div>\n\n\n\n<div style=\"height:20px\" aria-hidden=\"true\" class=\"wp-block-spacer\"><\/div>\n\n\n\n<div class=\"wp-block-buttons is-content-justification-center is-layout-flex wp-container-core-buttons-is-layout-16018d1d wp-block-buttons-is-layout-flex\">\n<div class=\"wp-block-button has-custom-width wp-block-button__width-50\"><a class=\"wp-block-button__link has-cinza-claro-color has-verde-escuro-background-color has-text-color has-background has-link-color wp-element-button\" href=\"https:\/\/sites.uel.br\/proppg\/mestrado-e-doutorado\/\" target=\"_blank\" rel=\"noreferrer noopener\">Doutorado<\/a><\/div>\n<\/div>\n\n\n\n<div style=\"height:20px\" aria-hidden=\"true\" class=\"wp-block-spacer\"><\/div>\n\n\n\n<div class=\"wp-block-buttons is-content-justification-center is-layout-flex wp-container-core-buttons-is-layout-16018d1d wp-block-buttons-is-layout-flex\">\n<div class=\"wp-block-button has-custom-width wp-block-button__width-50\"><a class=\"wp-block-button__link has-cinza-claro-color has-verde-escuro-background-color has-text-color has-background has-link-color wp-element-button\" href=\"https:\/\/sites.uel.br\/proppg\/pos-doutorado\/\">P\u00f3s-Doutorado<\/a><\/div>\n<\/div>\n<\/div>\n<\/div>\n","protected":false},"excerpt":{"rendered":"<p>A p\u00f3s-gradua\u00e7\u00e3o na UEL se iniciou na d\u00e9cada de 1970, e atualmente conta com cursos estruturados em duas modalidades: lato sensu (especializa\u00e7\u00e3o e resid\u00eancia) e stricto sensu (mestrado e doutorado), distribu\u00eddos em todas as \u00e1reas de conhecimento. Ambas as modalidades t\u00eam por finalidade a forma\u00e7\u00e3o de recursos humanos altamente qualificados, capacitando os titulados a disputar [&hellip;]<\/p>\n","protected":false},"author":2,"featured_media":0,"parent":0,"menu_order":0,"comment_status":"closed","ping_status":"closed","template":"","meta":{"_acf_changed":false,"_themeisle_gutenberg_block_has_review":false,"footnotes":""},"class_list":["post-18","page","type-page","status-publish","hentry"],"acf":[],"_links":{"self":[{"href":"https:\/\/sites.uel.br\/proppg\/wp-json\/wp\/v2\/pages\/18","targetHints":{"allow":["GET"]}}],"collection":[{"href":"https:\/\/sites.uel.br\/proppg\/wp-json\/wp\/v2\/pages"}],"about":[{"href":"https:\/\/sites.uel.br\/proppg\/wp-json\/wp\/v2\/types\/page"}],"author":[{"embeddable":true,"href":"https:\/\/sites.uel.br\/proppg\/wp-json\/wp\/v2\/users\/2"}],"replies":[{"embeddable":true,"href":"https:\/\/sites.uel.br\/proppg\/wp-json\/wp\/v2\/comments?post=18"}],"version-history":[{"count":13,"href":"https:\/\/sites.uel.br\/proppg\/wp-json\/wp\/v2\/pages\/18\/revisions"}],"predecessor-version":[{"id":5231,"href":"https:\/\/sites.uel.br\/proppg\/wp-json\/wp\/v2\/pages\/18\/revisions\/5231"}],"wp:attachment":[{"href":"https:\/\/sites.uel.br\/proppg\/wp-json\/wp\/v2\/media?parent=18"}],"curies":[{"name":"wp","href":"https:\/\/api.w.org\/{rel}","templated":true}]}}