{"id":1784,"date":"2023-10-29T22:02:36","date_gmt":"2023-10-30T01:02:36","guid":{"rendered":"https:\/\/sites.uel.br\/proppg\/?page_id=1784"},"modified":"2024-03-05T23:18:02","modified_gmt":"2024-03-06T02:18:02","slug":"elaboracao-e-entrega-do-relatorio-de-iniciacao-tecnologica","status":"publish","type":"page","link":"https:\/\/sites.uel.br\/proppg\/elaboracao-e-entrega-do-relatorio-de-iniciacao-tecnologica\/","title":{"rendered":"Elabora\u00e7\u00e3o e entrega do Relat\u00f3rio de Inicia\u00e7\u00e3o Tecnol\u00f3gica"},"content":{"rendered":"\n<p><strong>Relat\u00f3rio de Inicia\u00e7\u00e3o Tecnol\u00f3gica<\/strong><\/p>\n\n\n\n<p>Os Relat\u00f3rios de Inicia\u00e7\u00e3o Tecnol\u00f3gica,\u00a0<strong>com ou sem bolsa<\/strong>, inclusive\u00a0inclus\u00e3o social\u00a0dever\u00e3o ser enviados pelo orientador na\u00a0<a href=\"https:\/\/www.sistemasweb.uel.br\/index.php?contents=system\/ic\/index.php\" target=\"_blank\" rel=\"noreferrer noopener\">Plataforma do Docente de IC e IT<\/a>; selecionando o edital correspondente e a op\u00e7\u00e3o \u201cEntrega do Relat\u00f3rio\u201d. Ser\u00e1 preciso informar o t\u00edtulo do Relat\u00f3rio e realizar o\u00a0<em>upload<\/em>\u00a0de um arquivo que observe as normas descritas nesta p\u00e1gina.<\/p>\n\n\n\n<p><strong>Importante<\/strong>:<\/p>\n\n\n\n<ul class=\"wp-block-list\">\n<li>O arquivo deve ser entregue no formato PDF e n\u00e3o exceder a 3MB (megabytes) de tamanho.<\/li>\n\n\n\n<li>O Relat\u00f3rio deve ser entregue dentro do prazo estabelecido.<\/li>\n<\/ul>\n\n\n\n<p><strong>Normas para Elabora\u00e7\u00e3o do Relat\u00f3rio (item 2 do arquivo)<\/strong><\/p>\n\n\n\n<ul class=\"wp-block-list\">\n<li>O Relat\u00f3rio dever\u00e1 conter:\n<ul class=\"wp-block-list\">\n<li>T\u00edtulo do relat\u00f3rio do projeto de IT desenvolvido;<\/li>\n\n\n\n<li>Nomes do estudante (informar se \u00e9 bolsista e qual o \u00f3rg\u00e3o de fomento) e do orientador (informar centro de estudos e departamento);<\/li>\n\n\n\n<li>Resumo: de 10 a 15 linhas e palavras-chave: de 3 a 5;<\/li>\n\n\n\n<li>Abstract: 10 a 15 linhas e keywords: de 3 a 5;<\/li>\n\n\n\n<li>Problema: escrever o problema real da sociedade que exigiu solu\u00e7\u00e3o fact\u00edvel e o estado da t\u00e9cnica\u2014m\u00e1ximo 3000 caracteres com espa\u00e7o;<\/li>\n\n\n\n<li>Solu\u00e7\u00e3o: descrever a(s) solu\u00e7\u00e3o(\u00f5es) desenvolvida, destacando os benef\u00edcios que a nova tecnologia poder\u00e1 proporcionar para a sociedade, (h.1) os m\u00e9todos utilizados para o seu desenvolvimento e (h.2) os resultados obtidos;<\/li>\n\n\n\n<li>Potencial de Mercado e Diferencial Competitivo: descrever o poss\u00edvel mercado\/cliente (dimensionar o p\u00fablico-alvo e a estimativa do valor total do mercado, se dispon\u00edveis, indicando a fonte da informa\u00e7\u00e3o) da tecnologia desenvolvida e explicar como ela se diferencia daquelas j\u00e1 dispon\u00edveis no mercado &#8211; m\u00e1ximo 2000 caracteres com espa\u00e7o;<\/li>\n\n\n\n<li>Refer\u00eancias.<\/li>\n<\/ul>\n<\/li>\n<\/ul>\n\n\n\n<p>D\u00favidas sobre <strong>a elabora\u00e7\u00e3o<\/strong> do relat\u00f3rio:<\/p>\n\n\n\n<p>&nbsp;&nbsp;&nbsp;&nbsp;&nbsp;&nbsp;&nbsp;&nbsp;&nbsp;&nbsp;&nbsp; &#8211; no caso de estudantes, solucionar diretamente com o orientador;<\/p>\n\n\n\n<p>&nbsp;&nbsp;&nbsp;&nbsp;&nbsp;&nbsp;&nbsp;&nbsp;&nbsp;&nbsp;&nbsp; &#8211; no caso de orientadores, solucionar com um membro do Comit\u00ea Assessor do PROITI.<\/p>\n\n\n\n<p>D\u00favidas sobre <strong>o encaminhamento<\/strong> do relat\u00f3rio para avalia\u00e7\u00e3o, entrar em<br>contato pelo endere\u00e7o&nbsp;<a href=\"mailto:iniciacao@uel.br\">iniciacao@uel.br<\/a>&nbsp;informando o n\u00famero de matr\u00edcula (estudantes) ou chapa (docentes) e nome completo.<\/p>\n","protected":false},"excerpt":{"rendered":"<p>Relat\u00f3rio de Inicia\u00e7\u00e3o Tecnol\u00f3gica Os Relat\u00f3rios de Inicia\u00e7\u00e3o Tecnol\u00f3gica,\u00a0com ou sem bolsa, inclusive\u00a0inclus\u00e3o social\u00a0dever\u00e3o ser enviados pelo orientador na\u00a0Plataforma do Docente de IC e IT; selecionando o edital correspondente e a op\u00e7\u00e3o \u201cEntrega do Relat\u00f3rio\u201d. Ser\u00e1 preciso informar o t\u00edtulo do Relat\u00f3rio e realizar o\u00a0upload\u00a0de um arquivo que observe as normas descritas nesta p\u00e1gina. Importante: [&hellip;]<\/p>\n","protected":false},"author":12,"featured_media":0,"parent":0,"menu_order":0,"comment_status":"closed","ping_status":"closed","template":"","meta":{"_acf_changed":false,"_themeisle_gutenberg_block_has_review":false,"footnotes":""},"class_list":["post-1784","page","type-page","status-publish","hentry"],"acf":[],"_links":{"self":[{"href":"https:\/\/sites.uel.br\/proppg\/wp-json\/wp\/v2\/pages\/1784","targetHints":{"allow":["GET"]}}],"collection":[{"href":"https:\/\/sites.uel.br\/proppg\/wp-json\/wp\/v2\/pages"}],"about":[{"href":"https:\/\/sites.uel.br\/proppg\/wp-json\/wp\/v2\/types\/page"}],"author":[{"embeddable":true,"href":"https:\/\/sites.uel.br\/proppg\/wp-json\/wp\/v2\/users\/12"}],"replies":[{"embeddable":true,"href":"https:\/\/sites.uel.br\/proppg\/wp-json\/wp\/v2\/comments?post=1784"}],"version-history":[{"count":3,"href":"https:\/\/sites.uel.br\/proppg\/wp-json\/wp\/v2\/pages\/1784\/revisions"}],"predecessor-version":[{"id":3041,"href":"https:\/\/sites.uel.br\/proppg\/wp-json\/wp\/v2\/pages\/1784\/revisions\/3041"}],"wp:attachment":[{"href":"https:\/\/sites.uel.br\/proppg\/wp-json\/wp\/v2\/media?parent=1784"}],"curies":[{"name":"wp","href":"https:\/\/api.w.org\/{rel}","templated":true}]}}