{"id":1744,"date":"2023-10-29T17:25:39","date_gmt":"2023-10-29T20:25:39","guid":{"rendered":"https:\/\/sites.uel.br\/proppg\/?page_id=1744"},"modified":"2026-03-10T12:54:55","modified_gmt":"2026-03-10T15:54:55","slug":"programa-de-iniciacao-cientifica-proic","status":"publish","type":"page","link":"https:\/\/sites.uel.br\/proppg\/programa-de-iniciacao-cientifica-proic\/","title":{"rendered":"Roteiro para elabora\u00e7\u00e3o do projeto de Inicia\u00e7\u00e3o Cient\u00edfica"},"content":{"rendered":"\n<div style=\"height:32px\" aria-hidden=\"true\" class=\"wp-block-spacer\"><\/div>\n\n\n\n<p>O <a href=\"https:\/\/sites.uel.br\/proppg\/wp-content\/uploads\/2026\/02\/Modelo-de-Projeto-de-Iniciacao-1.docx\" target=\"_blank\" rel=\"noreferrer noopener\">Projeto de Inicia\u00e7\u00e3o Cient\u00edfica\u2015PIC<\/a>, a ser desenvolvido pelo estudante, deve estar associado a projeto de pesquisa do orientador cadastrado na ProPPG.<\/p>\n\n\n\n<p>A formata\u00e7\u00e3o do texto deve observar o seguinte:<\/p>\n\n\n\n<ul class=\"wp-block-list\">\n<li>Tamanho: M\u00e1ximo de 15 p\u00e1ginas, considerando todas as se\u00e7\u00f5es do trabalho<\/li>\n\n\n\n<li>Formato eletr\u00f4nico: PDF com no m\u00e1ximo 3MB (megabytes)<\/li>\n\n\n\n<li>Formato da p\u00e1gina:&nbsp;Tamanho A4, margem esquerda com 2,5 cm e as demais com 2 cm<\/li>\n\n\n\n<li>Fonte<strong>:<\/strong>&nbsp;Arial, tamanho 11<\/li>\n\n\n\n<li>Par\u00e1grafo<strong>:<\/strong>&nbsp;justificado com espa\u00e7amento entre linhas de 1,5 vezes<\/li>\n<\/ul>\n\n\n\n<p>O PIC deve conter obrigatoriamente:<\/p>\n\n\n\n<ol style=\"list-style-type:lower-alpha\" class=\"wp-block-list\">\n<li>T\u00edtulo (espec\u00edfico para o PIC)<\/li>\n\n\n\n<li>Nome e n\u00famero de matr\u00edcula do estudante<\/li>\n\n\n\n<li>Nome e n\u00famero de chapa do orientador<\/li>\n\n\n\n<li>N\u00famero e T\u00edtulo do projeto do orientador cadastrado na ProPPG<\/li>\n\n\n\n<li>Resumo (de 10 a 15 linhas)<\/li>\n\n\n\n<li>Palavras-chave (de 3 a 5)<\/li>\n\n\n\n<li>Quando aplic\u00e1vel, indicar em qual dos 17 Objetivos de Desenvolvimento Sustent\u00e1vel (<a href=\"https:\/\/odsbrasil.gov.br\" target=\"_blank\" rel=\"noreferrer noopener\">https:\/\/odsbrasil.gov.br<\/a>) o projeto se enquadra<\/li>\n\n\n\n<li>Introdu\u00e7\u00e3o (Descrever objetivamente, com o apoio da literatura, o problema focalizado, sua relev\u00e2ncia no contexto da \u00e1rea inserida e sua import\u00e2ncia espec\u00edfica para o avan\u00e7o do conhecimento)<\/li>\n\n\n\n<li>Objetivos: geral e espec\u00edficos<\/li>\n\n\n\n<li>Metodologia: descrever a metodologia empregada para a execu\u00e7\u00e3o do projeto e como os objetivos ser\u00e3o alcan\u00e7ados. Dever\u00e1 constar o <strong>n\u00famero de aprova\u00e7\u00e3o<\/strong> do Comit\u00ea\/Comiss\u00e3o de \u00c9tica, caso envolva pesquisa com seres humanos (CEP) ou animais (CEUA); esta aprova\u00e7\u00e3o dever\u00e1 fazer refer\u00eancia ao projeto de pesquisa do orientador cadastrado na PROPPG. Dever\u00e1 apresentar o <strong>registro<\/strong> junto ao Sistema Nacional de Gest\u00e3o do Patrim\u00f4nio Gen\u00e9tico e do Conhecimento Tradicional Associado\u2013<strong>SisGen<\/strong>, caso o projeto de IC envolva patrim\u00f4nio gen\u00e9tico ou o conhecimento tradicional associado<\/li>\n\n\n\n<li>Resultados e Impactos esperados (Descrever os resultados e\/ou produtos esperados e estimar a repercuss\u00e3o e\/ou impactos socioecon\u00f4micos, t\u00e9cnico-cient\u00edficos ou ambientais dos resultados esperados na solu\u00e7\u00e3o do problema focalizado)<\/li>\n\n\n\n<li>Refer\u00eancias<\/li>\n\n\n\n<li>Cronograma abrangendo o per\u00edodo de desenvolvimento da IC estabelecido no edital<\/li>\n<\/ol>\n\n\n\n<p><a href=\"https:\/\/sites.uel.br\/proppg\/wp-content\/uploads\/2026\/02\/Modelo-de-Projeto-de-Iniciacao-1.docx\" target=\"_blank\" rel=\"noreferrer noopener\">Modelo de Projeto de Inicia\u00e7\u00e3o Cient\u00edfica (Microsoft Word)<\/a><\/p>\n\n\n\n<p><a href=\"https:\/\/sites.uel.br\/proppg\/wp-content\/uploads\/Pesquisa\/Iniciacao\/Modelo-de-Projeto-IC-2026.zip\">Modelo de Projeto de Inicia\u00e7\u00e3o Cient\u00edfica (LaTeX)<\/a><\/p>\n\n\n\n<p><\/p>\n","protected":false},"excerpt":{"rendered":"<p>O Projeto de Inicia\u00e7\u00e3o Cient\u00edfica\u2015PIC, a ser desenvolvido pelo estudante, deve estar associado a projeto de pesquisa do orientador cadastrado na ProPPG. A formata\u00e7\u00e3o do texto deve observar o seguinte: O PIC deve conter obrigatoriamente: Modelo de Projeto de Inicia\u00e7\u00e3o Cient\u00edfica (Microsoft Word) Modelo de Projeto de Inicia\u00e7\u00e3o Cient\u00edfica (LaTeX)<\/p>\n","protected":false},"author":12,"featured_media":0,"parent":0,"menu_order":0,"comment_status":"closed","ping_status":"closed","template":"","meta":{"_acf_changed":false,"_themeisle_gutenberg_block_has_review":false,"footnotes":""},"class_list":["post-1744","page","type-page","status-publish","hentry"],"acf":[],"_links":{"self":[{"href":"https:\/\/sites.uel.br\/proppg\/wp-json\/wp\/v2\/pages\/1744","targetHints":{"allow":["GET"]}}],"collection":[{"href":"https:\/\/sites.uel.br\/proppg\/wp-json\/wp\/v2\/pages"}],"about":[{"href":"https:\/\/sites.uel.br\/proppg\/wp-json\/wp\/v2\/types\/page"}],"author":[{"embeddable":true,"href":"https:\/\/sites.uel.br\/proppg\/wp-json\/wp\/v2\/users\/12"}],"replies":[{"embeddable":true,"href":"https:\/\/sites.uel.br\/proppg\/wp-json\/wp\/v2\/comments?post=1744"}],"version-history":[{"count":9,"href":"https:\/\/sites.uel.br\/proppg\/wp-json\/wp\/v2\/pages\/1744\/revisions"}],"predecessor-version":[{"id":5519,"href":"https:\/\/sites.uel.br\/proppg\/wp-json\/wp\/v2\/pages\/1744\/revisions\/5519"}],"wp:attachment":[{"href":"https:\/\/sites.uel.br\/proppg\/wp-json\/wp\/v2\/media?parent=1744"}],"curies":[{"name":"wp","href":"https:\/\/api.w.org\/{rel}","templated":true}]}}

Roteiro para elaboração do projeto de Iniciação Científica

<div style="height:32px" aria-hidden="true" class="wp-block-spacer"></div>



<p>O <a href="https://sites.uel.br/proppg/wp-content/uploads/2026/02/Modelo-de-Projeto-de-Iniciacao-1.docx" target="_blank" rel="noreferrer noopener">Projeto de Iniciação Científica―PIC</a>, a ser desenvolvido pelo estudante, deve estar associado a projeto de pesquisa do orientador cadastrado na ProPPG.</p>



<p>A formatação do texto deve observar o seguinte:</p>



<ul class="wp-block-list">
<li>Tamanho: Máximo de 15 páginas, considerando todas as seções do trabalho</li>



<li>Formato eletrônico: PDF com no máximo 3MB (megabytes)</li>



<li>Formato da página:&nbsp;Tamanho A4, margem esquerda com 2,5 cm e as demais com 2 cm</li>



<li>Fonte<strong>:</strong>&nbsp;Arial, tamanho 11</li>



<li>Parágrafo<strong>:</strong>&nbsp;justificado com espaçamento entre linhas de 1,5 vezes</li>
</ul>



<p>O PIC deve conter obrigatoriamente:</p>



<ol style="list-style-type:lower-alpha" class="wp-block-list">
<li>Título (específico para o PIC)</li>



<li>Nome e número de matrícula do estudante</li>



<li>Nome e número de chapa do orientador</li>



<li>Número e Título do projeto do orientador cadastrado na ProPPG</li>



<li>Resumo (de 10 a 15 linhas)</li>



<li>Palavras-chave (de 3 a 5)</li>



<li>Quando aplicável, indicar em qual dos 17 Objetivos de Desenvolvimento Sustentável (<a href="https://odsbrasil.gov.br" target="_blank" rel="noreferrer noopener">https://odsbrasil.gov.br</a>) o projeto se enquadra</li>



<li>Introdução (Descrever objetivamente, com o apoio da literatura, o problema focalizado, sua relevância no contexto da área inserida e sua importância específica para o avanço do conhecimento)</li>



<li>Objetivos: geral e específicos</li>



<li>Metodologia: descrever a metodologia empregada para a execução do projeto e como os objetivos serão alcançados. Deverá constar o <strong>número de aprovação</strong> do Comitê/Comissão de Ética, caso envolva pesquisa com seres humanos (CEP) ou animais (CEUA); esta aprovação deverá fazer referência ao projeto de pesquisa do orientador cadastrado na PROPPG. Deverá apresentar o <strong>registro</strong> junto ao Sistema Nacional de Gestão do Patrimônio Genético e do Conhecimento Tradicional Associado–<strong>SisGen</strong>, caso o projeto de IC envolva patrimônio genético ou o conhecimento tradicional associado</li>



<li>Resultados e Impactos esperados (Descrever os resultados e/ou produtos esperados e estimar a repercussão e/ou impactos socioeconômicos, técnico-científicos ou ambientais dos resultados esperados na solução do problema focalizado)</li>



<li>Referências</li>



<li>Cronograma abrangendo o período de desenvolvimento da IC estabelecido no edital</li>
</ol>



<p><a href="https://sites.uel.br/proppg/wp-content/uploads/2026/02/Modelo-de-Projeto-de-Iniciacao-1.docx" target="_blank" rel="noreferrer noopener">Modelo de Projeto de Iniciação Científica (Microsoft Word)</a></p>



<p><a href="https://sites.uel.br/proppg/wp-content/uploads/Pesquisa/Iniciacao/Modelo-de-Projeto-IC-2026.zip">Modelo de Projeto de Iniciação Científica (LaTeX)</a></p>



<p></p>

<p>O Projeto de Iniciação Científica―PIC, a ser desenvolvido pelo estudante, deve estar associado a projeto de pesquisa do orientador cadastrado na ProPPG. A formatação do texto deve observar o seguinte: O PIC deve conter obrigatoriamente: Modelo de Projeto de Iniciação Científica (Microsoft Word) Modelo de Projeto de Iniciação Científica (LaTeX)</p>
