{"id":1061,"date":"2023-09-28T16:35:20","date_gmt":"2023-09-28T19:35:20","guid":{"rendered":"https:\/\/sites.uel.br\/proppg\/?page_id=1061"},"modified":"2026-01-22T14:27:58","modified_gmt":"2026-01-22T17:27:58","slug":"especializacao","status":"publish","type":"page","link":"https:\/\/sites.uel.br\/proppg\/especializacao\/","title":{"rendered":"Especializa\u00e7\u00e3o"},"content":{"rendered":"\n<div style=\"height:30px\" aria-hidden=\"true\" class=\"wp-block-spacer\"><\/div>\n\n\n\n<div class=\"wp-block-buttons is-layout-flex wp-block-buttons-is-layout-flex\">\n<div class=\"wp-block-button\"><a class=\"wp-block-button__link has-cinza-claro-color has-verde-escuro-background-color has-text-color has-background has-link-color wp-element-button\" href=\"https:\/\/sistemas.uel.br\/portaldepos\/inscricao\/listarCursos?nvCurso=1&amp;sqNivel=1\" target=\"_blank\" rel=\"noreferrer noopener\">Cat\u00e1logo dos Cursos de Especializa\u00e7\u00e3o e MBA<\/a><\/div>\n\n\n\n<div class=\"wp-block-button\"><a class=\"wp-block-button__link has-cinza-claro-color has-verde-escuro-background-color has-text-color has-background has-link-color wp-element-button\" href=\"https:\/\/sistemas.uel.br\/portaldepos\/inscricao\/listarCursos?nvCurso=1&amp;sqNivel=2\">Cursos de Especializa\u00e7\u00e3o EaD<\/a><\/div>\n<\/div>\n\n\n\n<div style=\"height:30px\" aria-hidden=\"true\" class=\"wp-block-spacer\"><\/div>\n\n\n\n<p>As p\u00f3s-gradua\u00e7\u00f5es <em>lato sensu<\/em> compreendem aos cursos de especializa\u00e7\u00e3o abertos a candidatos diplomados em cursos superiores. <\/p>\n\n\n\n<p>Os cursos de especializa\u00e7\u00e3o preparam os profissionais para atender \u00e0s demandas do mercado de trabalho, aprimorando conhecimentos dentro de um campo de atua\u00e7\u00e3o espec\u00edfico. <\/p>\n\n\n\n<p>Os cursos de MBA (<em>Master of Business Administration<\/em>) est\u00e3o inclu\u00eddos neste grupo.&nbsp;<\/p>\n\n\n\n<div style=\"height:30px\" aria-hidden=\"true\" class=\"wp-block-spacer\"><\/div>\n\n\n\n<div class=\"wp-block-uel-card\">\n<h3 class=\"wp-block-heading\"><strong>Editais<\/strong><\/h3>\n\n\n<div class=\"editais-block\"><div class=\"col-md-4\"><a href=\"https:\/\/sites.uel.br\/proppg\/categoria-edital\/especializacao\/\" rel=\"tag\">Especializa\u00e7\u00e3o<\/a>, <a href=\"https:\/\/sites.uel.br\/proppg\/categoria-edital\/pos-graduacao\/\" rel=\"tag\">P\u00f3s-Gradua\u00e7\u00e3o<\/a><a class=\"editais-block__item-block\" href=\"https:\/\/sites.uel.br\/proppg\/wp-content\/uploads\/pos-graduacao\/editais\/2026\/Edital-003-2026.pdf\"><div class=\"editais-block__titulo\"><span>EDITAL PROPPG\/DAM N\u00ba 003\/2026<\/span><\/div><div class=\"editais-block__resumo\"><span>Convoca\u00e7\u00e3o para matr\u00edcula dos candidatos classificados para ingresso nos cursos de Especializa\u00e7\u00e3o, com o in\u00edcio no primeiro semestre de 2026 (Edital PROPPG\/DPG\/DAM n\u00ba 011\/2025).<\/span><\/div><div class=\"editais-block__publicado\"><span>1 m\u00eas atr\u00e1s<\/span><\/div><\/a><\/div><div class=\"col-md-4\"><a href=\"https:\/\/sites.uel.br\/proppg\/categoria-edital\/especializacao\/\" rel=\"tag\">Especializa\u00e7\u00e3o<\/a>, <a href=\"https:\/\/sites.uel.br\/proppg\/categoria-edital\/pos-graduacao\/\" rel=\"tag\">P\u00f3s-Gradua\u00e7\u00e3o<\/a><a class=\"editais-block__item-block\" href=\"https:\/\/sites.uel.br\/proppg\/wp-content\/uploads\/pos-graduacao\/editais\/2026\/Edital-002-2026.pdf\"><div class=\"editais-block__titulo\"><span>EDITAL PROPPG\/DAM N\u00ba 002\/2026<\/span><\/div><div class=\"editais-block__resumo\"><span>Especilaiza\u00e7\u00e3o<\/span><\/div><div class=\"editais-block__publicado\"><span>2 meses atr\u00e1s<\/span><\/div><\/a><\/div><div class=\"col-md-4\"><a href=\"https:\/\/sites.uel.br\/proppg\/categoria-edital\/dam\/\" rel=\"tag\">DAM<\/a>, <a href=\"https:\/\/sites.uel.br\/proppg\/categoria-edital\/especializacao\/\" rel=\"tag\">Especializa\u00e7\u00e3o<\/a>, <a href=\"https:\/\/sites.uel.br\/proppg\/categoria-edital\/pos-graduacao\/\" rel=\"tag\">P\u00f3s-Gradua\u00e7\u00e3o<\/a><a class=\"editais-block__item-block\" href=\"https:\/\/sites.uel.br\/proppg\/wp-content\/uploads\/pos-graduacao\/editais\/2025\/Edital-011-2025.pdf\"><div class=\"editais-block__titulo\"><span>EDITAL PROPPG\/DAM N\u00ba 011\/2025<\/span><\/div><div class=\"editais-block__resumo\"><span>Abertura das inscri\u00e7\u00f5es para o curso de P\u00f3s-Gradua\u00e7\u00e3o Lato sensu (especializa\u00e7\u00f5es) para o primeiro semestre de 2026.<\/span><\/div><div class=\"editais-block__publicado\"><span>6 meses atr\u00e1s<\/span><\/div><\/a><\/div><div class=\"col-md-4\"><a href=\"https:\/\/sites.uel.br\/proppg\/categoria-edital\/especializacao\/\" rel=\"tag\">Especializa\u00e7\u00e3o<\/a>, <a href=\"https:\/\/sites.uel.br\/proppg\/categoria-edital\/pos-graduacao\/\" rel=\"tag\">P\u00f3s-Gradua\u00e7\u00e3o<\/a><a class=\"editais-block__item-block\" href=\"https:\/\/sites.uel.br\/proppg\/wp-content\/uploads\/2025\/05\/Edital-007-2025.pdf\"><div class=\"editais-block__titulo\"><span>EDITAL PROPPG\/DPG\/DAM N\u00ba 007\/2025<\/span><\/div><div class=\"editais-block__resumo\"><span>Sele\u00e7\u00e3o de candidatos aos Cursos de Especializa\u00e7\u00e3o EaD &#8211; segundo semestre de 2025<\/span><\/div><div class=\"editais-block__publicado\"><span>11 meses atr\u00e1s<\/span><\/div><\/a><\/div><div class=\"col-md-4\"><a href=\"https:\/\/sites.uel.br\/proppg\/categoria-edital\/especializacao\/\" rel=\"tag\">Especializa\u00e7\u00e3o<\/a>, <a href=\"https:\/\/sites.uel.br\/proppg\/categoria-edital\/pos-graduacao\/\" rel=\"tag\">P\u00f3s-Gradua\u00e7\u00e3o<\/a><a class=\"editais-block__item-block\" href=\"https:\/\/sites.uel.br\/proppg\/wp-content\/uploads\/2025\/04\/Edital-006-2025.pdf\"><div class=\"editais-block__titulo\"><span>EDITAL PROPPG\/DPG\/DAM N\u00ba 006-2025<\/span><\/div><div class=\"editais-block__resumo\"><span>Sele\u00e7\u00e3o de candidatos aos Cursos de Especializa\u00e7\u00e3o para o segundo per\u00edodo letivo de 2025.<\/span><\/div><div class=\"editais-block__publicado\"><span>12 meses atr\u00e1s<\/span><\/div><\/a><\/div><div class=\"col-md-4\"><a href=\"https:\/\/sites.uel.br\/proppg\/categoria-edital\/dam\/\" rel=\"tag\">DAM<\/a>, <a href=\"https:\/\/sites.uel.br\/proppg\/categoria-edital\/especializacao\/\" rel=\"tag\">Especializa\u00e7\u00e3o<\/a>, <a href=\"https:\/\/sites.uel.br\/proppg\/categoria-edital\/pos-graduacao\/\" rel=\"tag\">P\u00f3s-Gradua\u00e7\u00e3o<\/a><a class=\"editais-block__item-block\" href=\"https:\/\/sites.uel.br\/proppg\/wp-content\/uploads\/2025\/03\/Edital-004-2025.pdf\"><div class=\"editais-block__titulo\"><span>EDITAL PROPPG\/DPG\/DAM N\u00ba 004\/2025<\/span><\/div><div class=\"editais-block__resumo\"><span>Inscri\u00e7\u00e3o Especializa\u00e7\u00e3o EaD 2025\/1<\/span><\/div><div class=\"editais-block__publicado\"><span>1 ano atr\u00e1s<\/span><\/div><\/a><\/div><div class=\"clearfix\" style=\"width: 100%;\"><\/div><a href=\"https:\/\/sites.uel.br\/proppg\/editais\/\" class=\"mt-4 editais__todas\">Ver mais<\/a><\/div><\/div>\n\n\n\n<div style=\"height:20px\" aria-hidden=\"true\" class=\"wp-block-spacer\"><\/div>\n\n\n\n<div class=\"wp-block-columns is-layout-flex wp-container-core-columns-is-layout-9d6595d7 wp-block-columns-is-layout-flex\">\n<div class=\"wp-block-column is-layout-flow wp-block-column-is-layout-flow\" style=\"font-size:20px\">\n<div class=\"wp-block-buttons is-layout-flex wp-block-buttons-is-layout-flex\">\n<div class=\"wp-block-button has-custom-width wp-block-button__width-100\"><a class=\"wp-block-button__link has-cinza-claro-color has-verde-escuro-background-color has-text-color has-background has-custom-font-size wp-element-button\" href=\"https:\/\/sites.uel.br\/proppg\/wp-content\/uploads\/2025\/01\/CalendarioLato_2025-2026.pdf\" style=\"font-size:20px\" target=\"_blank\" rel=\"noreferrer noopener\">Datas importantes<\/a><\/div>\n<\/div>\n<\/div>\n\n\n\n<div class=\"wp-block-column is-layout-flow wp-block-column-is-layout-flow\"><\/div>\n<\/div>\n\n\n\n<p><\/p>\n","protected":false},"excerpt":{"rendered":"<p>As p\u00f3s-gradua\u00e7\u00f5es lato sensu compreendem aos cursos de especializa\u00e7\u00e3o abertos a candidatos diplomados em cursos superiores. Os cursos de especializa\u00e7\u00e3o preparam os profissionais para atender \u00e0s demandas do mercado de trabalho, aprimorando conhecimentos dentro de um campo de atua\u00e7\u00e3o espec\u00edfico. Os cursos de MBA (Master of Business Administration) est\u00e3o inclu\u00eddos neste grupo.&nbsp;<\/p>\n","protected":false},"author":10,"featured_media":0,"parent":0,"menu_order":0,"comment_status":"closed","ping_status":"closed","template":"","meta":{"_acf_changed":false,"_themeisle_gutenberg_block_has_review":false,"footnotes":""},"class_list":["post-1061","page","type-page","status-publish","hentry"],"acf":[],"_links":{"self":[{"href":"https:\/\/sites.uel.br\/proppg\/wp-json\/wp\/v2\/pages\/1061","targetHints":{"allow":["GET"]}}],"collection":[{"href":"https:\/\/sites.uel.br\/proppg\/wp-json\/wp\/v2\/pages"}],"about":[{"href":"https:\/\/sites.uel.br\/proppg\/wp-json\/wp\/v2\/types\/page"}],"author":[{"embeddable":true,"href":"https:\/\/sites.uel.br\/proppg\/wp-json\/wp\/v2\/users\/10"}],"replies":[{"embeddable":true,"href":"https:\/\/sites.uel.br\/proppg\/wp-json\/wp\/v2\/comments?post=1061"}],"version-history":[{"count":32,"href":"https:\/\/sites.uel.br\/proppg\/wp-json\/wp\/v2\/pages\/1061\/revisions"}],"predecessor-version":[{"id":5239,"href":"https:\/\/sites.uel.br\/proppg\/wp-json\/wp\/v2\/pages\/1061\/revisions\/5239"}],"wp:attachment":[{"href":"https:\/\/sites.uel.br\/proppg\/wp-json\/wp\/v2\/media?parent=1061"}],"curies":[{"name":"wp","href":"https:\/\/api.w.org\/{rel}","templated":true}]}}