{"id":30,"date":"2022-12-16T15:01:31","date_gmt":"2022-12-16T18:01:31","guid":{"rendered":"https:\/\/sites.uel.br\/proplan\/?page_id=30"},"modified":"2024-11-26T13:59:06","modified_gmt":"2024-11-26T16:59:06","slug":"avaliacoes-externas","status":"publish","type":"page","link":"https:\/\/sites.uel.br\/proplan\/avaliacoes-externas\/","title":{"rendered":"Avalia\u00e7\u00f5es Externas"},"content":{"rendered":"\n<p>&nbsp;<br>Ao longo da hist\u00f3ria do Ensino Superior brasileiro, v\u00e1rias formas avaliativas foram criadas. A partir de 2004 o Minist\u00e9rio da Educa\u00e7\u00e3o atrav\u00e9s do Instituto Nacional de Pesquisas Educacionais An\u00edsio Teixeira- INEP cria o Sistema Nacional de Avalia\u00e7\u00e3o do Ensino Superior \u2013 SINAES, com o objetivo de tra\u00e7ar um panorama da qualidade dos cursos e institui\u00e7\u00f5es de educa\u00e7\u00e3o superior. Os resultados da avalia\u00e7\u00e3o, segundo o SINAES devem ser utilizados pela IES para orientar o planejamento institucional e acad\u00eamico e para os \u00f3rg\u00e3os governamentais criarem pol\u00edticas p\u00fablicas para este n\u00edvel de ensino.<\/p>\n\n\n\n<p>A UEL tamb\u00e9m participa de avalia\u00e7\u00f5es externas nacionais e internacionais, sendo que os seus resultados s\u00e3o apresentados atrav\u00e9s de rankings, que possibilitam que a institui\u00e7\u00e3o se veja a partir de um olhar externo. O que de alguma forma contribui para que a Universidade acompanhe o seu desempenho em \u00e2mbito nacional e internacional.<\/p>\n\n\n\n<ul class=\"wp-block-list\">\n<li><a href=\"https:\/\/sites.uel.br\/proplan\/sinaes-sistema-nacional-de-avaliacao-da-educacao-superior\/\" data-type=\"page\" data-id=\"108\">Sinaes<\/a><\/li>\n\n\n\n<li><a href=\"https:\/\/sites.uel.br\/proplan\/nacionais-e-internacionais\/\" data-type=\"page\" data-id=\"110\">Avalia\u00e7\u00f5es Nacionais e Internacionais<\/a><\/li>\n<\/ul>\n\n\n\n<p><\/p>\n","protected":false},"excerpt":{"rendered":"<p>&nbsp;Ao longo da hist\u00f3ria do Ensino Superior brasileiro, v\u00e1rias formas avaliativas foram criadas. A partir de 2004 o Minist\u00e9rio da Educa\u00e7\u00e3o atrav\u00e9s do Instituto Nacional de Pesquisas Educacionais An\u00edsio Teixeira- INEP cria o Sistema Nacional de Avalia\u00e7\u00e3o do Ensino Superior \u2013 SINAES, com o objetivo de tra\u00e7ar um panorama da qualidade dos cursos e institui\u00e7\u00f5es [&hellip;]<\/p>\n","protected":false},"author":2,"featured_media":0,"parent":0,"menu_order":0,"comment_status":"closed","ping_status":"closed","template":"","meta":{"_themeisle_gutenberg_block_has_review":false,"footnotes":""},"class_list":["post-30","page","type-page","status-publish","hentry"],"acf":[],"yoast_head":"<!-- This site is optimized with the Yoast SEO plugin v24.4 - https:\/\/yoast.com\/wordpress\/plugins\/seo\/ -->\n<title>Avalia\u00e7\u00f5es Externas - PROPLAN<\/title>\n<meta name=\"robots\" content=\"index, follow, max-snippet:-1, max-image-preview:large, max-video-preview:-1\" \/>\n<link rel=\"canonical\" href=\"https:\/\/sites.uel.br\/proplan\/avaliacoes-externas\/\" \/>\n<meta property=\"og:locale\" content=\"pt_BR\" \/>\n<meta property=\"og:type\" content=\"article\" \/>\n<meta property=\"og:title\" content=\"Avalia\u00e7\u00f5es Externas - PROPLAN\" \/>\n<meta property=\"og:description\" content=\"&nbsp;Ao longo da hist\u00f3ria do Ensino Superior brasileiro, v\u00e1rias formas avaliativas foram criadas. A partir de 2004 o Minist\u00e9rio da Educa\u00e7\u00e3o atrav\u00e9s do Instituto Nacional de Pesquisas Educacionais An\u00edsio Teixeira- INEP cria o Sistema Nacional de Avalia\u00e7\u00e3o do Ensino Superior \u2013 SINAES, com o objetivo de tra\u00e7ar um panorama da qualidade dos cursos e institui\u00e7\u00f5es [&hellip;]\" \/>\n<meta property=\"og:url\" content=\"https:\/\/sites.uel.br\/proplan\/avaliacoes-externas\/\" \/>\n<meta property=\"og:site_name\" content=\"PROPLAN\" \/>\n<meta property=\"article:modified_time\" content=\"2024-11-26T16:59:06+00:00\" \/>\n<meta name=\"twitter:card\" content=\"summary_large_image\" \/>\n<meta name=\"twitter:label1\" content=\"Est. tempo de leitura\" \/>\n\t<meta name=\"twitter:data1\" content=\"1 minuto\" \/>\n<script type=\"application\/ld+json\" class=\"yoast-schema-graph\">{\"@context\":\"https:\/\/schema.org\",\"@graph\":[{\"@type\":\"WebPage\",\"@id\":\"https:\/\/sites.uel.br\/proplan\/avaliacoes-externas\/\",\"url\":\"https:\/\/sites.uel.br\/proplan\/avaliacoes-externas\/\",\"name\":\"Avalia\u00e7\u00f5es Externas - PROPLAN\",\"isPartOf\":{\"@id\":\"https:\/\/sites.uel.br\/proplan\/#website\"},\"datePublished\":\"2022-12-16T18:01:31+00:00\",\"dateModified\":\"2024-11-26T16:59:06+00:00\",\"breadcrumb\":{\"@id\":\"https:\/\/sites.uel.br\/proplan\/avaliacoes-externas\/#breadcrumb\"},\"inLanguage\":\"pt-BR\",\"potentialAction\":[{\"@type\":\"ReadAction\",\"target\":[\"https:\/\/sites.uel.br\/proplan\/avaliacoes-externas\/\"]}]},{\"@type\":\"BreadcrumbList\",\"@id\":\"https:\/\/sites.uel.br\/proplan\/avaliacoes-externas\/#breadcrumb\",\"itemListElement\":[{\"@type\":\"ListItem\",\"position\":1,\"name\":\"In\u00edcio\",\"item\":\"https:\/\/sites.uel.br\/proplan\/\"},{\"@type\":\"ListItem\",\"position\":2,\"name\":\"Avalia\u00e7\u00f5es Externas\"}]},{\"@type\":\"WebSite\",\"@id\":\"https:\/\/sites.uel.br\/proplan\/#website\",\"url\":\"https:\/\/sites.uel.br\/proplan\/\",\"name\":\"PROPLAN\",\"description\":\"Pr\u00f3-Reitoria de Planejamento\",\"publisher\":{\"@id\":\"https:\/\/sites.uel.br\/proplan\/#organization\"},\"potentialAction\":[{\"@type\":\"SearchAction\",\"target\":{\"@type\":\"EntryPoint\",\"urlTemplate\":\"https:\/\/sites.uel.br\/proplan\/?s={search_term_string}\"},\"query-input\":{\"@type\":\"PropertyValueSpecification\",\"valueRequired\":true,\"valueName\":\"search_term_string\"}}],\"inLanguage\":\"pt-BR\"},{\"@type\":\"Organization\",\"@id\":\"https:\/\/sites.uel.br\/proplan\/#organization\",\"name\":\"PROPLAN\",\"url\":\"https:\/\/sites.uel.br\/proplan\/\",\"logo\":{\"@type\":\"ImageObject\",\"inLanguage\":\"pt-BR\",\"@id\":\"https:\/\/sites.uel.br\/proplan\/#\/schema\/logo\/image\/\",\"url\":\"https:\/\/sites.uel.br\/proplan\/wp-content\/uploads\/2022\/12\/cropped-LogoUEL_Branco.png-1.webp\",\"contentUrl\":\"https:\/\/sites.uel.br\/proplan\/wp-content\/uploads\/2022\/12\/cropped-LogoUEL_Branco.png-1.webp\",\"width\":1140,\"height\":1140,\"caption\":\"PROPLAN\"},\"image\":{\"@id\":\"https:\/\/sites.uel.br\/proplan\/#\/schema\/logo\/image\/\"}}]}<\/script>\n<!-- \/ Yoast SEO plugin. -->","yoast_head_json":{"title":"Avalia\u00e7\u00f5es Externas - PROPLAN","robots":{"index":"index","follow":"follow","max-snippet":"max-snippet:-1","max-image-preview":"max-image-preview:large","max-video-preview":"max-video-preview:-1"},"canonical":"https:\/\/sites.uel.br\/proplan\/avaliacoes-externas\/","og_locale":"pt_BR","og_type":"article","og_title":"Avalia\u00e7\u00f5es Externas - PROPLAN","og_description":"&nbsp;Ao longo da hist\u00f3ria do Ensino Superior brasileiro, v\u00e1rias formas avaliativas foram criadas. A partir de 2004 o Minist\u00e9rio da Educa\u00e7\u00e3o atrav\u00e9s do Instituto Nacional de Pesquisas Educacionais An\u00edsio Teixeira- INEP cria o Sistema Nacional de Avalia\u00e7\u00e3o do Ensino Superior \u2013 SINAES, com o objetivo de tra\u00e7ar um panorama da qualidade dos cursos e institui\u00e7\u00f5es [&hellip;]","og_url":"https:\/\/sites.uel.br\/proplan\/avaliacoes-externas\/","og_site_name":"PROPLAN","article_modified_time":"2024-11-26T16:59:06+00:00","twitter_card":"summary_large_image","twitter_misc":{"Est. tempo de leitura":"1 minuto"},"schema":{"@context":"https:\/\/schema.org","@graph":[{"@type":"WebPage","@id":"https:\/\/sites.uel.br\/proplan\/avaliacoes-externas\/","url":"https:\/\/sites.uel.br\/proplan\/avaliacoes-externas\/","name":"Avalia\u00e7\u00f5es Externas - PROPLAN","isPartOf":{"@id":"https:\/\/sites.uel.br\/proplan\/#website"},"datePublished":"2022-12-16T18:01:31+00:00","dateModified":"2024-11-26T16:59:06+00:00","breadcrumb":{"@id":"https:\/\/sites.uel.br\/proplan\/avaliacoes-externas\/#breadcrumb"},"inLanguage":"pt-BR","potentialAction":[{"@type":"ReadAction","target":["https:\/\/sites.uel.br\/proplan\/avaliacoes-externas\/"]}]},{"@type":"BreadcrumbList","@id":"https:\/\/sites.uel.br\/proplan\/avaliacoes-externas\/#breadcrumb","itemListElement":[{"@type":"ListItem","position":1,"name":"In\u00edcio","item":"https:\/\/sites.uel.br\/proplan\/"},{"@type":"ListItem","position":2,"name":"Avalia\u00e7\u00f5es Externas"}]},{"@type":"WebSite","@id":"https:\/\/sites.uel.br\/proplan\/#website","url":"https:\/\/sites.uel.br\/proplan\/","name":"PROPLAN","description":"Pr\u00f3-Reitoria de Planejamento","publisher":{"@id":"https:\/\/sites.uel.br\/proplan\/#organization"},"potentialAction":[{"@type":"SearchAction","target":{"@type":"EntryPoint","urlTemplate":"https:\/\/sites.uel.br\/proplan\/?s={search_term_string}"},"query-input":{"@type":"PropertyValueSpecification","valueRequired":true,"valueName":"search_term_string"}}],"inLanguage":"pt-BR"},{"@type":"Organization","@id":"https:\/\/sites.uel.br\/proplan\/#organization","name":"PROPLAN","url":"https:\/\/sites.uel.br\/proplan\/","logo":{"@type":"ImageObject","inLanguage":"pt-BR","@id":"https:\/\/sites.uel.br\/proplan\/#\/schema\/logo\/image\/","url":"https:\/\/sites.uel.br\/proplan\/wp-content\/uploads\/2022\/12\/cropped-LogoUEL_Branco.png-1.webp","contentUrl":"https:\/\/sites.uel.br\/proplan\/wp-content\/uploads\/2022\/12\/cropped-LogoUEL_Branco.png-1.webp","width":1140,"height":1140,"caption":"PROPLAN"},"image":{"@id":"https:\/\/sites.uel.br\/proplan\/#\/schema\/logo\/image\/"}}]}},"_links":{"self":[{"href":"https:\/\/sites.uel.br\/proplan\/wp-json\/wp\/v2\/pages\/30","targetHints":{"allow":["GET"]}}],"collection":[{"href":"https:\/\/sites.uel.br\/proplan\/wp-json\/wp\/v2\/pages"}],"about":[{"href":"https:\/\/sites.uel.br\/proplan\/wp-json\/wp\/v2\/types\/page"}],"author":[{"embeddable":true,"href":"https:\/\/sites.uel.br\/proplan\/wp-json\/wp\/v2\/users\/2"}],"replies":[{"embeddable":true,"href":"https:\/\/sites.uel.br\/proplan\/wp-json\/wp\/v2\/comments?post=30"}],"version-history":[{"count":10,"href":"https:\/\/sites.uel.br\/proplan\/wp-json\/wp\/v2\/pages\/30\/revisions"}],"predecessor-version":[{"id":1525,"href":"https:\/\/sites.uel.br\/proplan\/wp-json\/wp\/v2\/pages\/30\/revisions\/1525"}],"wp:attachment":[{"href":"https:\/\/sites.uel.br\/proplan\/wp-json\/wp\/v2\/media?parent=30"}],"curies":[{"name":"wp","href":"https:\/\/api.w.org\/{rel}","templated":true}]}}