{"id":212,"date":"2023-03-06T17:07:16","date_gmt":"2023-03-06T20:07:16","guid":{"rendered":"https:\/\/sites.uel.br\/proplan\/?page_id=212"},"modified":"2023-10-18T15:13:37","modified_gmt":"2023-10-18T18:13:37","slug":"orcamento","status":"publish","type":"page","link":"https:\/\/sites.uel.br\/proplan\/orcamento\/","title":{"rendered":"Or\u00e7amento"},"content":{"rendered":"\n<div class=\"wp-block-columns is-layout-flex wp-container-core-columns-is-layout-9d6595d7 wp-block-columns-is-layout-flex\">\n<div class=\"wp-block-column is-layout-flow wp-block-column-is-layout-flow\"><\/div>\n\n\n\n<div class=\"wp-block-column is-layout-flow wp-block-column-is-layout-flow\">\n<div class=\"wp-block-buttons is-layout-flex wp-block-buttons-is-layout-flex\">\n<div class=\"wp-block-button has-custom-width wp-block-button__width-100 has-custom-font-size has-small-font-size\"><a class=\"wp-block-button__link has-cinza-claro-color has-verde-escuro-background-color has-text-color has-background wp-element-button\" href=\"https:\/\/sites.uel.br\/proplan\/demonstrativos-de-execucao-orcamentaria\/\" target=\"_blank\" rel=\"noreferrer noopener\"><strong>Demonstrativos de Execu\u00e7\u00e3o Or\u00e7ament\u00e1ria<\/strong><\/a><\/div>\n<\/div>\n<\/div>\n\n\n\n<div class=\"wp-block-column is-layout-flow wp-block-column-is-layout-flow\"><\/div>\n<\/div>\n\n\n\n<p>O Or\u00e7amento da Universidade \u00e9 uma lei que, entre outros aspectos, exprime em termos financeiros a aloca\u00e7\u00e3o dos recursos para o per\u00edodo de um ano. Trata-se de um instrumento de planejamento que espelha as decis\u00f5es pol\u00edticas, estabelecendo as a\u00e7\u00f5es priorit\u00e1rias para o atendimento das demandas&nbsp; correspondentes \u00e0s atividades da Universidade.<\/p>\n\n\n\n<p>O Or\u00e7amento \u00e9 de responsabilidade da Reitoria e sua elabora\u00e7\u00e3o \u00e9 da compet\u00eancia da Pr\u00f3-Reitoria de Planejamento (PROPLAN). O Or\u00e7amento \u00e9, no \u00e2mbito da Universidade, aprovado pelo Conselho Universit\u00e1rio e encaminhado ao Governo do Estado para ser incorporado ao Or\u00e7amento do Estado, afim de ser submetido \u00e0 aprova\u00e7\u00e3o da Assembleia Legislativa.<\/p>\n\n\n\n<p>A execu\u00e7\u00e3o do Or\u00e7amento na Universidade \u00e9 administrada pela Secretaria da Fazenda que, a partir de crit\u00e9rios e conveni\u00eancias pr\u00f3prios, estabelece formas para a libera\u00e7\u00e3o dos recursos. A prop\u00f3sito, observa-se que, fora os recursos destinados \u00e0 folha de pagamento, cujo crit\u00e9rio de libera\u00e7\u00e3o obedece uma sistem\u00e1tica datada, os demais recursos programados s\u00e3o liberados mediante a realiza\u00e7\u00e3o das receitas pr\u00f3prias.<\/p>\n\n\n\n<p>A Universidade elabora o seu Or\u00e7amento em duas partes: uma relativa \u00e0 economia financeira da administra\u00e7\u00e3o e manuten\u00e7\u00e3o do ensino superior da UEL; outra, relativa \u00e0 administra\u00e7\u00e3o e manuten\u00e7\u00e3o do Hospital Universit\u00e1rio.<\/p>\n\n\n\n<p>O Or\u00e7amento \u00e9 constitu\u00eddo de receitas e despesas. As receitas s\u00e3o de dois tipos e est\u00e3o relacionadas a fontes espec\u00edficas:<\/p>\n\n\n\n<ul class=\"wp-block-list\">\n<li><strong>Receitas Correntes<\/strong>, s\u00e3o as que decorrem do exerc\u00edcio normal da a\u00e7\u00e3o e dos direitos da Universidade, inclusive transfer\u00eancias do Estado (folha de pagamento e custeio com \u00e1gua e luz). Na UEL, compreendem as receitas patrimonial, agropecu\u00e1ria, industrial, de servi\u00e7os, transfer\u00eancias correntes (conv\u00eanios) e outras receitas correntes;<\/li>\n\n\n\n<li><strong>Receitas de Capital<\/strong>, s\u00e3o as provenientes de opera\u00e7\u00f5es de cr\u00e9dito, venda de bens m\u00f3veis e im\u00f3veis, e de transfer\u00eancia de capital (recursos financeiros recebidos de outras institui\u00e7\u00f5es p\u00fablicas e privadas para despesas de capital, ou seja, recursos de conv\u00eanios).<\/li>\n<\/ul>\n\n\n\n<p>Observa-se que os tipos de despesas est\u00e3o diretamente relacionados aos tipos de receitas:<\/p>\n\n\n\n<ul class=\"wp-block-list\">\n<li><strong>Despesas Correntes<\/strong>&nbsp;s\u00e3o as realizadas com a manuten\u00e7\u00e3o dos equipamentos da UEL e com o funcionamento das unidades a ela pertencentes. Incluem as despesas de custeio (necess\u00e1rias \u00e0 manuten\u00e7\u00e3o da a\u00e7\u00e3o como, por exemplo, o pagamento de pessoal, de material de consumo e a contrata\u00e7\u00e3o de servi\u00e7os de terceiros) e as transfer\u00eancias correntes (conv\u00eanios);<\/li>\n\n\n\n<li><strong>Despesas de Capital<\/strong>&nbsp;s\u00e3o as realizadas com o prop\u00f3sito de criar bens patrimoniais ou de uso da popula\u00e7\u00e3o. Por exemplo: a constru\u00e7\u00e3o de pr\u00e9dios, aquisi\u00e7\u00e3o de pr\u00e9dios para instala\u00e7\u00e3o dos servi\u00e7os. Incluem investimentos (destinadas ao planejamento e \u00e0 execu\u00e7\u00e3o de obras p\u00fablicas, aquisi\u00e7\u00e3o de instala\u00e7\u00f5es, equipamentos e material permanente), invers\u00f5es financeiras e transfer\u00eancias de capital (inclusive conv\u00eanios).<\/li>\n<\/ul>\n\n\n\n<p>OBS: para maiores esclarecimentos, segue o link dos&nbsp;<a href=\"http:\/\/www.transparencia.pr.gov.br\/pte\/assunto\/2\/69?origem=3\" target=\"_blank\" rel=\"noreferrer noopener\">Manuais T\u00e9cnicos de Or\u00e7amento<\/a>, onde s\u00e3o apresentados a composi\u00e7\u00e3o e descri\u00e7\u00e3o de todas as despesas e receitas.<\/p>\n\n\n\n<p><\/p>\n","protected":false},"excerpt":{"rendered":"<p>O Or\u00e7amento da Universidade \u00e9 uma lei que, entre outros aspectos, exprime em termos financeiros a aloca\u00e7\u00e3o dos recursos para o per\u00edodo de um ano. Trata-se de um instrumento de planejamento que espelha as decis\u00f5es pol\u00edticas, estabelecendo as a\u00e7\u00f5es priorit\u00e1rias para o atendimento das demandas&nbsp; correspondentes \u00e0s atividades da Universidade. O Or\u00e7amento \u00e9 de responsabilidade [&hellip;]<\/p>\n","protected":false},"author":8,"featured_media":0,"parent":0,"menu_order":0,"comment_status":"closed","ping_status":"closed","template":"","meta":{"_themeisle_gutenberg_block_has_review":false,"footnotes":""},"class_list":["post-212","page","type-page","status-publish","hentry"],"acf":[],"yoast_head":"<!-- This site is optimized with the Yoast SEO plugin v24.4 - https:\/\/yoast.com\/wordpress\/plugins\/seo\/ -->\n<title>Or\u00e7amento - PROPLAN<\/title>\n<meta name=\"robots\" content=\"index, follow, max-snippet:-1, max-image-preview:large, max-video-preview:-1\" \/>\n<link rel=\"canonical\" href=\"https:\/\/sites.uel.br\/proplan\/orcamento\/\" \/>\n<meta property=\"og:locale\" content=\"pt_BR\" \/>\n<meta property=\"og:type\" content=\"article\" \/>\n<meta property=\"og:title\" content=\"Or\u00e7amento - PROPLAN\" \/>\n<meta property=\"og:description\" content=\"O Or\u00e7amento da Universidade \u00e9 uma lei que, entre outros aspectos, exprime em termos financeiros a aloca\u00e7\u00e3o dos recursos para o per\u00edodo de um ano. Trata-se de um instrumento de planejamento que espelha as decis\u00f5es pol\u00edticas, estabelecendo as a\u00e7\u00f5es priorit\u00e1rias para o atendimento das demandas&nbsp; correspondentes \u00e0s atividades da Universidade. O Or\u00e7amento \u00e9 de responsabilidade [&hellip;]\" \/>\n<meta property=\"og:url\" content=\"https:\/\/sites.uel.br\/proplan\/orcamento\/\" \/>\n<meta property=\"og:site_name\" content=\"PROPLAN\" \/>\n<meta property=\"article:modified_time\" content=\"2023-10-18T18:13:37+00:00\" \/>\n<meta name=\"twitter:card\" content=\"summary_large_image\" \/>\n<meta name=\"twitter:label1\" content=\"Est. tempo de leitura\" \/>\n\t<meta name=\"twitter:data1\" content=\"3 minutos\" \/>\n<script type=\"application\/ld+json\" class=\"yoast-schema-graph\">{\"@context\":\"https:\/\/schema.org\",\"@graph\":[{\"@type\":\"WebPage\",\"@id\":\"https:\/\/sites.uel.br\/proplan\/orcamento\/\",\"url\":\"https:\/\/sites.uel.br\/proplan\/orcamento\/\",\"name\":\"Or\u00e7amento - PROPLAN\",\"isPartOf\":{\"@id\":\"https:\/\/sites.uel.br\/proplan\/#website\"},\"datePublished\":\"2023-03-06T20:07:16+00:00\",\"dateModified\":\"2023-10-18T18:13:37+00:00\",\"breadcrumb\":{\"@id\":\"https:\/\/sites.uel.br\/proplan\/orcamento\/#breadcrumb\"},\"inLanguage\":\"pt-BR\",\"potentialAction\":[{\"@type\":\"ReadAction\",\"target\":[\"https:\/\/sites.uel.br\/proplan\/orcamento\/\"]}]},{\"@type\":\"BreadcrumbList\",\"@id\":\"https:\/\/sites.uel.br\/proplan\/orcamento\/#breadcrumb\",\"itemListElement\":[{\"@type\":\"ListItem\",\"position\":1,\"name\":\"In\u00edcio\",\"item\":\"https:\/\/sites.uel.br\/proplan\/\"},{\"@type\":\"ListItem\",\"position\":2,\"name\":\"Or\u00e7amento\"}]},{\"@type\":\"WebSite\",\"@id\":\"https:\/\/sites.uel.br\/proplan\/#website\",\"url\":\"https:\/\/sites.uel.br\/proplan\/\",\"name\":\"PROPLAN\",\"description\":\"Pr\u00f3-Reitoria de Planejamento\",\"publisher\":{\"@id\":\"https:\/\/sites.uel.br\/proplan\/#organization\"},\"potentialAction\":[{\"@type\":\"SearchAction\",\"target\":{\"@type\":\"EntryPoint\",\"urlTemplate\":\"https:\/\/sites.uel.br\/proplan\/?s={search_term_string}\"},\"query-input\":{\"@type\":\"PropertyValueSpecification\",\"valueRequired\":true,\"valueName\":\"search_term_string\"}}],\"inLanguage\":\"pt-BR\"},{\"@type\":\"Organization\",\"@id\":\"https:\/\/sites.uel.br\/proplan\/#organization\",\"name\":\"PROPLAN\",\"url\":\"https:\/\/sites.uel.br\/proplan\/\",\"logo\":{\"@type\":\"ImageObject\",\"inLanguage\":\"pt-BR\",\"@id\":\"https:\/\/sites.uel.br\/proplan\/#\/schema\/logo\/image\/\",\"url\":\"https:\/\/sites.uel.br\/proplan\/wp-content\/uploads\/2022\/12\/cropped-LogoUEL_Branco.png-1.webp\",\"contentUrl\":\"https:\/\/sites.uel.br\/proplan\/wp-content\/uploads\/2022\/12\/cropped-LogoUEL_Branco.png-1.webp\",\"width\":1140,\"height\":1140,\"caption\":\"PROPLAN\"},\"image\":{\"@id\":\"https:\/\/sites.uel.br\/proplan\/#\/schema\/logo\/image\/\"}}]}<\/script>\n<!-- \/ Yoast SEO plugin. -->","yoast_head_json":{"title":"Or\u00e7amento - PROPLAN","robots":{"index":"index","follow":"follow","max-snippet":"max-snippet:-1","max-image-preview":"max-image-preview:large","max-video-preview":"max-video-preview:-1"},"canonical":"https:\/\/sites.uel.br\/proplan\/orcamento\/","og_locale":"pt_BR","og_type":"article","og_title":"Or\u00e7amento - PROPLAN","og_description":"O Or\u00e7amento da Universidade \u00e9 uma lei que, entre outros aspectos, exprime em termos financeiros a aloca\u00e7\u00e3o dos recursos para o per\u00edodo de um ano. Trata-se de um instrumento de planejamento que espelha as decis\u00f5es pol\u00edticas, estabelecendo as a\u00e7\u00f5es priorit\u00e1rias para o atendimento das demandas&nbsp; correspondentes \u00e0s atividades da Universidade. O Or\u00e7amento \u00e9 de responsabilidade [&hellip;]","og_url":"https:\/\/sites.uel.br\/proplan\/orcamento\/","og_site_name":"PROPLAN","article_modified_time":"2023-10-18T18:13:37+00:00","twitter_card":"summary_large_image","twitter_misc":{"Est. tempo de leitura":"3 minutos"},"schema":{"@context":"https:\/\/schema.org","@graph":[{"@type":"WebPage","@id":"https:\/\/sites.uel.br\/proplan\/orcamento\/","url":"https:\/\/sites.uel.br\/proplan\/orcamento\/","name":"Or\u00e7amento - PROPLAN","isPartOf":{"@id":"https:\/\/sites.uel.br\/proplan\/#website"},"datePublished":"2023-03-06T20:07:16+00:00","dateModified":"2023-10-18T18:13:37+00:00","breadcrumb":{"@id":"https:\/\/sites.uel.br\/proplan\/orcamento\/#breadcrumb"},"inLanguage":"pt-BR","potentialAction":[{"@type":"ReadAction","target":["https:\/\/sites.uel.br\/proplan\/orcamento\/"]}]},{"@type":"BreadcrumbList","@id":"https:\/\/sites.uel.br\/proplan\/orcamento\/#breadcrumb","itemListElement":[{"@type":"ListItem","position":1,"name":"In\u00edcio","item":"https:\/\/sites.uel.br\/proplan\/"},{"@type":"ListItem","position":2,"name":"Or\u00e7amento"}]},{"@type":"WebSite","@id":"https:\/\/sites.uel.br\/proplan\/#website","url":"https:\/\/sites.uel.br\/proplan\/","name":"PROPLAN","description":"Pr\u00f3-Reitoria de Planejamento","publisher":{"@id":"https:\/\/sites.uel.br\/proplan\/#organization"},"potentialAction":[{"@type":"SearchAction","target":{"@type":"EntryPoint","urlTemplate":"https:\/\/sites.uel.br\/proplan\/?s={search_term_string}"},"query-input":{"@type":"PropertyValueSpecification","valueRequired":true,"valueName":"search_term_string"}}],"inLanguage":"pt-BR"},{"@type":"Organization","@id":"https:\/\/sites.uel.br\/proplan\/#organization","name":"PROPLAN","url":"https:\/\/sites.uel.br\/proplan\/","logo":{"@type":"ImageObject","inLanguage":"pt-BR","@id":"https:\/\/sites.uel.br\/proplan\/#\/schema\/logo\/image\/","url":"https:\/\/sites.uel.br\/proplan\/wp-content\/uploads\/2022\/12\/cropped-LogoUEL_Branco.png-1.webp","contentUrl":"https:\/\/sites.uel.br\/proplan\/wp-content\/uploads\/2022\/12\/cropped-LogoUEL_Branco.png-1.webp","width":1140,"height":1140,"caption":"PROPLAN"},"image":{"@id":"https:\/\/sites.uel.br\/proplan\/#\/schema\/logo\/image\/"}}]}},"_links":{"self":[{"href":"https:\/\/sites.uel.br\/proplan\/wp-json\/wp\/v2\/pages\/212","targetHints":{"allow":["GET"]}}],"collection":[{"href":"https:\/\/sites.uel.br\/proplan\/wp-json\/wp\/v2\/pages"}],"about":[{"href":"https:\/\/sites.uel.br\/proplan\/wp-json\/wp\/v2\/types\/page"}],"author":[{"embeddable":true,"href":"https:\/\/sites.uel.br\/proplan\/wp-json\/wp\/v2\/users\/8"}],"replies":[{"embeddable":true,"href":"https:\/\/sites.uel.br\/proplan\/wp-json\/wp\/v2\/comments?post=212"}],"version-history":[{"count":21,"href":"https:\/\/sites.uel.br\/proplan\/wp-json\/wp\/v2\/pages\/212\/revisions"}],"predecessor-version":[{"id":1086,"href":"https:\/\/sites.uel.br\/proplan\/wp-json\/wp\/v2\/pages\/212\/revisions\/1086"}],"wp:attachment":[{"href":"https:\/\/sites.uel.br\/proplan\/wp-json\/wp\/v2\/media?parent=212"}],"curies":[{"name":"wp","href":"https:\/\/api.w.org\/{rel}","templated":true}]}}