{"id":210,"date":"2023-03-06T17:07:03","date_gmt":"2023-03-06T20:07:03","guid":{"rendered":"https:\/\/sites.uel.br\/proplan\/?page_id=210"},"modified":"2023-10-02T09:50:37","modified_gmt":"2023-10-02T12:50:37","slug":"custos","status":"publish","type":"page","link":"https:\/\/sites.uel.br\/proplan\/custos\/","title":{"rendered":"Custos"},"content":{"rendered":"\n<div style=\"height:20px\" aria-hidden=\"true\" class=\"wp-block-spacer\"><\/div>\n\n\n\n<p>\u00a0\u00a0\u00a0\u00a0\u00a0\u00a0\u00a0\u00a0\u00a0A regra fundamental de um sistema de c\u00e1lculos de\u00a0custos \u00e9: cada produto ou servi\u00e7o deve receber a carga de custo proporcional \u00e0 sua participa\u00e7\u00e3o, em termos quantitativos, na realiza\u00e7\u00e3o de cada um dos componentes de custos e despesas da institui\u00e7\u00e3o.\u00a0\u00a0\u00a0\u00a0\u00a0\u00a0<\/p>\n\n\n\n<div style=\"height:20px\" aria-hidden=\"true\" class=\"wp-block-spacer\"><\/div>\n\n\n\n<div id=\"wp-block-themeisle-blocks-accordion-eb7f6410\" class=\"wp-block-themeisle-blocks-accordion exclusive  is-style-default\">\n<details class=\"wp-block-themeisle-blocks-accordion-item\"><summary class=\"wp-block-themeisle-blocks-accordion-item__title\"><div><strong>Conceito<\/strong><\/div><\/summary><div class=\"wp-block-themeisle-blocks-accordion-item__content\">\n<p>&nbsp;&nbsp;&nbsp;&nbsp;&nbsp;&nbsp;&nbsp;&nbsp;&nbsp; A elabora\u00e7\u00e3o e aplica\u00e7\u00e3o deste sistema de apropria\u00e7\u00e3o e c\u00e1lculos de custos tem por objetivos:<\/p>\n\n\n\n<ol class=\"wp-block-list\">\n<li>Determinar os custos dos diversos servi\u00e7os prestados e das atividades desenvolvidas pela Institui\u00e7\u00e3o;<\/li>\n\n\n\n<li>Comparar os custos referentes a per\u00edodos e condi\u00e7\u00f5es econ\u00f4micas e pol\u00edticas diversas;<\/li>\n\n\n\n<li>Conhecer o grau de efici\u00eancia da Institui\u00e7\u00e3o;<\/li>\n\n\n\n<li>Identificar o n\u00edvel de rendimento econ\u00f4mico e o \u201cponto \u00f3timo de produtividade\u201d com vistas ao integral aproveitamento dos recursos dispon\u00edveis.<\/li>\n<\/ol>\n\n\n\n<p>&nbsp;&nbsp;&nbsp;&nbsp;&nbsp;&nbsp;&nbsp;&nbsp;&nbsp;&nbsp;Os meios que possibilitar\u00e3o alcan\u00e7ar estes objetivos s\u00e3o:<\/p>\n\n\n\n<ol class=\"wp-block-list\">\n<li>Conhecimento dos servi\u00e7os prestados, materiais e equipamentos;<\/li>\n\n\n\n<li>Conhecimento do processo t\u00e9cnico do desenvolvimento dos servi\u00e7os e atividades;<\/li>\n\n\n\n<li>Conhecimento do processo de distribui\u00e7\u00e3o;<\/li>\n\n\n\n<li>Conhecimento das atividades administrativas, docentes e auxiliares;<\/li>\n\n\n\n<li>Planejamento do sistema de apropria\u00e7\u00e3o e c\u00e1lculos de custos;<\/li>\n\n\n\n<li>Organiza\u00e7\u00e3o do trabalho executivo;<\/li>\n\n\n\n<li>Controle de execu\u00e7\u00e3o do trabalho;<\/li>\n\n\n\n<li>Interpreta\u00e7\u00e3o dos resultados;<\/li>\n\n\n\n<li>Compara\u00e7\u00f5es, an\u00e1lises e conclus\u00f5es sobre os resultados do trabalho.<\/li>\n<\/ol>\n\n\n\n<p>&nbsp;&nbsp;&nbsp;&nbsp;&nbsp;&nbsp;&nbsp;&nbsp;&nbsp;&nbsp; O sistema adotado neste trabalho \u00e9 o de custos por absor\u00e7\u00e3o, onde realizamos a apropria\u00e7\u00e3o de algumas despesas com vistas a identificar, apurar e reunir os custos aplicados no desenvolvimento dos servi\u00e7os, relacionando os fatos f\u00edsicos com os monet\u00e1rios.<\/p>\n\n\n\n<p>&nbsp;&nbsp;&nbsp;&nbsp;&nbsp;&nbsp;&nbsp;&nbsp;&nbsp;&nbsp; A apropria\u00e7\u00e3o do custo do processo e de uma parcela do custo complementar \u00e9 feita aos centros de custos e, ap\u00f3s, atrav\u00e9s do custo-hora e do tempo aplicado nas diversas atividades, procedemos \u00e0 apropria\u00e7\u00e3o destes custos aos servi\u00e7os, juntamente com os demais itens de custos considerados. Os c\u00e1lculos t\u00eam dois objetivos: identificar os custos de cada \u00f3rg\u00e3o e unidade (secund\u00e1rio) e os custos dos servi\u00e7os (principal).<\/p>\n\n\n\n<p>&nbsp;&nbsp;&nbsp;&nbsp;&nbsp;&nbsp;&nbsp;&nbsp;&nbsp;&nbsp; S\u00e3o as seguintes as formas de apropria\u00e7\u00e3o:<\/p>\n\n\n\n<ul class=\"wp-block-list\">\n<li>apropria\u00e7\u00e3o direta: onde realizamos a apropria\u00e7\u00e3o das Despesas Diretas, j\u00e1 conhecidas e identific\u00e1veis para os centros de custos. H\u00e1 uma rela\u00e7\u00e3o direta entre o gasto e (o servi\u00e7o ou) centro de custos.<\/li>\n\n\n\n<li>apropria\u00e7\u00e3o indireta: onde realizamos a apropria\u00e7\u00e3o das Despesas Indiretas, decorrentes da utiliza\u00e7\u00e3o do servi\u00e7o de um centro de custos por um outro. Ocorre quando h\u00e1 necessidade de se ratear o custo entre os centros de custos, atrav\u00e9s de bases de rateio estabelecidas para cada centro de custos, de acordo com o tipo de servi\u00e7o prestado. O demonstrativo anteriormente citado, traz o detalhamento dos centros de custos que t\u00eam as suas despesas rateadas entre os demais e os centros de custos que absorvem o resultado deste rateio.&nbsp;<\/li>\n<\/ul>\n\n\n\n<p><\/p>\n\n\n\n<div id=\"wp-block-themeisle-blocks-accordion-b70122be\" class=\"wp-block-themeisle-blocks-accordion exclusive  is-style-default\">\n<details class=\"wp-block-themeisle-blocks-accordion-item\"><summary class=\"wp-block-themeisle-blocks-accordion-item__title\"><div><strong>Conceito<\/strong><\/div><\/summary><div class=\"wp-block-themeisle-blocks-accordion-item__content\">\n<p>Ap\u00f3s uma an\u00e1lise das atividades desenvolvidas em cada \u00f3rg\u00e3o e unidade da Universidade \u00e9 feita uma classifi\u00e7\u00e3o em centros aglutinadores de custos, agrupados em tr\u00eas grupos distintos, de acordo com suas especificidades, conforme relacionamos a seguir:&nbsp;<\/p>\n\n\n\n<ul class=\"wp-block-list\">\n<li>Grupo 1: centros de custos de atividades de base, composto por \u00f3rg\u00e3os da administra\u00e7\u00e3o geral da Universidade (Gabinete do Reitor e Assessorias), Coordenadorias\/Pr\u00f3-Reitorias Administrativas, Prefeitura do Campus Universit\u00e1rio e os \u00f3rg\u00e3os suplementares com atividades caracter\u00edsticas de presta\u00e7\u00e3o de servi\u00e7os para toda a estrutura da Universidade.&nbsp;<\/li>\n\n\n\n<li>Grupo 2: centros de custos de atividades de apoio, composto por \u00f3rg\u00e3os e unidades que apresentam, nas suas atividades, caracter\u00edsticas de apoio \u00e0s atividades fins da Universidade, compreendendo as Coordenadorias\/Pr\u00f3-Reitorias Acad\u00eamicas, a Biblioteca Central e a administra\u00e7\u00e3o de cada Centro de Estudos.&nbsp;<\/li>\n\n\n\n<li>Grupo 3: centros de custos de atividades fim, que identificamos como todos os Departamentos dos Centros de Estudos e os demais \u00f3rg\u00e3os suplementares que t\u00eam por finalidade o aprimoramento dos conhecimentos atrav\u00e9s dos est\u00e1gios pr\u00e1ticos.&nbsp;<\/li>\n<\/ul>\n\n\n\n<p>&nbsp;&nbsp;&nbsp;&nbsp;&nbsp;&nbsp;&nbsp;&nbsp;&nbsp; As atividades desenvolvidas nos centros de custos s\u00e3o identificadas e quantificadas neste sistema como Unidades de Bens e Servi\u00e7os.&nbsp;<\/p>\n<\/div><\/details>\n\n\n\n<details class=\"wp-block-themeisle-blocks-accordion-item\"><summary class=\"wp-block-themeisle-blocks-accordion-item__title\"><div><strong>Estrutura\u00e7\u00e3o e Funcionamento<\/strong><\/div><\/summary><div class=\"wp-block-themeisle-blocks-accordion-item__content\">\n<p>Ap\u00f3s uma an\u00e1lise das atividades desenvolvidas em cada \u00f3rg\u00e3o e unidade da Universidade \u00e9 feita uma classifi\u00e7\u00e3o em centros aglutinadores de custos, agrupados em tr\u00eas grupos distintos, de acordo com suas especificidades, conforme relacionamos a seguir:&nbsp;<\/p>\n\n\n\n<ul class=\"wp-block-list\">\n<li>Grupo 1: centros de custos de atividades de base, composto por \u00f3rg\u00e3os da administra\u00e7\u00e3o geral da Universidade (Gabinete do Reitor e Assessorias), Coordenadorias\/Pr\u00f3-Reitorias Administrativas, Prefeitura do Campus Universit\u00e1rio e os \u00f3rg\u00e3os suplementares com atividades caracter\u00edsticas de presta\u00e7\u00e3o de servi\u00e7os para toda a estrutura da Universidade.&nbsp;<\/li>\n\n\n\n<li>Grupo 2: centros de custos de atividades de apoio, composto por \u00f3rg\u00e3os e unidades que apresentam, nas suas atividades, caracter\u00edsticas de apoio \u00e0s atividades fins da Universidade, compreendendo as Coordenadorias\/Pr\u00f3-Reitorias Acad\u00eamicas, a Biblioteca Central e a administra\u00e7\u00e3o de cada Centro de Estudos.&nbsp;<\/li>\n\n\n\n<li>Grupo 3: centros de custos de atividades fim, que identificamos como todos os Departamentos dos Centros de Estudos e os demais \u00f3rg\u00e3os suplementares que t\u00eam por finalidade o aprimoramento dos conhecimentos atrav\u00e9s dos est\u00e1gios pr\u00e1ticos.&nbsp;<\/li>\n<\/ul>\n\n\n\n<p>&nbsp;&nbsp;&nbsp;&nbsp;&nbsp;&nbsp;&nbsp;&nbsp;&nbsp; As atividades desenvolvidas nos centros de custos s\u00e3o identificadas e quantificadas neste sistema como Unidades de Bens e Servi\u00e7os.&nbsp;<\/p>\n<\/div><\/details>\n\n\n\n<details class=\"wp-block-themeisle-blocks-accordion-item\"><summary class=\"wp-block-themeisle-blocks-accordion-item__title\"><div><strong>Despesas Consideradas<\/strong><\/div><\/summary><div class=\"wp-block-themeisle-blocks-accordion-item__content\">\n<p>O sistema de apura\u00e7\u00e3o e apropria\u00e7\u00e3o dos custos operacionais identifica e considera todas as despesas ocorridas na Universidade dentro de um determinado per\u00edodo, excetuando-se as Despesas de Investimento, tais como: despesas com aquisi\u00e7\u00e3o de equipamentos e material permanente e despesas com constru\u00e7\u00e3o de novas edifica\u00e7\u00f5es.<\/p>\n\n\n\n<p>&nbsp;&nbsp;&nbsp;&nbsp;&nbsp;&nbsp;&nbsp;&nbsp;&nbsp; As despesas consideradas, de um modo geral, s\u00e3o as seguintes:<\/p>\n\n\n\n<ul class=\"wp-block-list\">\n<li>Pessoal Pr\u00f3prio e Encargos;&nbsp;<\/li>\n\n\n\n<li>Material de Consumo, aquisi\u00e7\u00e3o direta;&nbsp;<\/li>\n\n\n\n<li>Material de Consumo, requisitado junto ao Almoxaridado Central;&nbsp;<\/li>\n\n\n\n<li>Servi\u00e7os de Terceiros e Encargos, incluindo as despesas com telefonia, \u00e1gua e energia el\u00e9trica;&nbsp;<\/li>\n\n\n\n<li>Despesas com apropria\u00e7\u00e3o da Deprecia\u00e7\u00e3o do Imobilizado.&nbsp;<\/li>\n<\/ul>\n<\/div><\/details>\n\n\n\n<details class=\"wp-block-themeisle-blocks-accordion-item\"><summary class=\"wp-block-themeisle-blocks-accordion-item__title\"><div><strong>Informa\u00e7\u00f5es Gerenciais<\/strong><\/div><\/summary><div class=\"wp-block-themeisle-blocks-accordion-item__content\">\n<p>Custo direto e indireto por centro de custo (unidades da reitoria, centros de ensino, departamentos e \u00f3rg\u00e3os suplementares);&nbsp;<\/p>\n\n\n\n<p>Custo unit\u00e1rio das Unidades de Bens e Servi\u00e7os produzidas;&nbsp;<\/p>\n\n\n\n<p>Custo hora-aula por departamento;&nbsp;<\/p>\n\n\n\n<p>Custo-aluno por curso de gradua\u00e7\u00e3o;&nbsp;<\/p>\n\n\n\n<p>Identifica\u00e7\u00e3o das despesas por atividades de base, atividades de apoio e atividades fim da Universidade;&nbsp;<\/p>\n\n\n\n<p>An\u00e1lise econ\u00f4mico-financeira sobre a implanta\u00e7\u00e3o de novos projetos institucionais, e&nbsp;<\/p>\n\n\n\n<p>Valor da mensalidade dos cursos de p\u00f3s-gradua\u00e7\u00e3o.<\/p>\n<\/div><\/details>\n<\/div>\n<\/div><\/details>\n\n\n\n<details class=\"wp-block-themeisle-blocks-accordion-item\"><summary class=\"wp-block-themeisle-blocks-accordion-item__title\"><div><strong>Estrutura\u00e7\u00e3o e Funcionamento<\/strong><\/div><\/summary><div class=\"wp-block-themeisle-blocks-accordion-item__content\">\n<p>Ap\u00f3s uma an\u00e1lise das atividades desenvolvidas em cada \u00f3rg\u00e3o e unidade da Universidade \u00e9 feita uma classifi\u00e7\u00e3o em centros aglutinadores de custos, agrupados em tr\u00eas grupos distintos, de acordo com suas especificidades, conforme relacionamos a seguir:&nbsp;<\/p>\n\n\n\n<ul class=\"wp-block-list\">\n<li>Grupo 1: centros de custos de atividades de base, composto por \u00f3rg\u00e3os da administra\u00e7\u00e3o geral da Universidade (Gabinete do Reitor e Assessorias), Coordenadorias\/Pr\u00f3-Reitorias Administrativas, Prefeitura do Campus Universit\u00e1rio e os \u00f3rg\u00e3os suplementares com atividades caracter\u00edsticas de presta\u00e7\u00e3o de servi\u00e7os para toda a estrutura da Universidade.&nbsp;<\/li>\n\n\n\n<li>Grupo 2: centros de custos de atividades de apoio, composto por \u00f3rg\u00e3os e unidades que apresentam, nas suas atividades, caracter\u00edsticas de apoio \u00e0s atividades fins da Universidade, compreendendo as Coordenadorias\/Pr\u00f3-Reitorias Acad\u00eamicas, a Biblioteca Central e a administra\u00e7\u00e3o de cada Centro de Estudos.&nbsp;<\/li>\n\n\n\n<li>Grupo 3: centros de custos de atividades fim, que identificamos como todos os Departamentos dos Centros de Estudos e os demais \u00f3rg\u00e3os suplementares que t\u00eam por finalidade o aprimoramento dos conhecimentos atrav\u00e9s dos est\u00e1gios pr\u00e1ticos.&nbsp;<\/li>\n<\/ul>\n\n\n\n<p>&nbsp;&nbsp;&nbsp;&nbsp;&nbsp;&nbsp;&nbsp;&nbsp;&nbsp; As atividades desenvolvidas nos centros de custos s\u00e3o identificadas e quantificadas neste sistema como Unidades de Bens e Servi\u00e7os.&nbsp;<\/p>\n<\/div><\/details>\n\n\n\n<details class=\"wp-block-themeisle-blocks-accordion-item\"><summary class=\"wp-block-themeisle-blocks-accordion-item__title\"><div><strong>Despesas Consideradas<\/strong><\/div><\/summary><div class=\"wp-block-themeisle-blocks-accordion-item__content\">\n<p>O sistema de apura\u00e7\u00e3o e apropria\u00e7\u00e3o dos custos operacionais identifica e considera todas as despesas ocorridas na Universidade dentro de um determinado per\u00edodo, excetuando-se as Despesas de Investimento, tais como: despesas com aquisi\u00e7\u00e3o de equipamentos e material permanente e despesas com constru\u00e7\u00e3o de novas edifica\u00e7\u00f5es.<\/p>\n\n\n\n<p>&nbsp;&nbsp;&nbsp;&nbsp;&nbsp;&nbsp;&nbsp;&nbsp;&nbsp; As despesas consideradas, de um modo geral, s\u00e3o as seguintes:<\/p>\n\n\n\n<ul class=\"wp-block-list\">\n<li>Pessoal Pr\u00f3prio e Encargos;&nbsp;<\/li>\n\n\n\n<li>Material de Consumo, aquisi\u00e7\u00e3o direta;&nbsp;<\/li>\n\n\n\n<li>Material de Consumo, requisitado junto ao Almoxaridado Central;&nbsp;<\/li>\n\n\n\n<li>Servi\u00e7os de Terceiros e Encargos, incluindo as despesas com telefonia, \u00e1gua e energia el\u00e9trica;&nbsp;<\/li>\n\n\n\n<li>Despesas com apropria\u00e7\u00e3o da Deprecia\u00e7\u00e3o do Imobilizado.&nbsp;<\/li>\n<\/ul>\n<\/div><\/details>\n\n\n\n<details class=\"wp-block-themeisle-blocks-accordion-item\"><summary class=\"wp-block-themeisle-blocks-accordion-item__title\"><div><strong>Informa\u00e7\u00f5es Gerenciais<\/strong><\/div><\/summary><div class=\"wp-block-themeisle-blocks-accordion-item__content\">\n<p>Custo direto e indireto por centro de custo (unidades da reitoria, centros de ensino, departamentos e \u00f3rg\u00e3os suplementares);&nbsp;<\/p>\n\n\n\n<p>Custo unit\u00e1rio das Unidades de Bens e Servi\u00e7os produzidas;&nbsp;<\/p>\n\n\n\n<p>Custo hora-aula por departamento;&nbsp;<\/p>\n\n\n\n<p>Custo-aluno por curso de gradua\u00e7\u00e3o;&nbsp;<\/p>\n\n\n\n<p>Identifica\u00e7\u00e3o das despesas por atividades de base, atividades de apoio e atividades fim da Universidade;&nbsp;<\/p>\n\n\n\n<p>An\u00e1lise econ\u00f4mico-financeira sobre a implanta\u00e7\u00e3o de novos projetos institucionais, e&nbsp;<\/p>\n\n\n\n<p>Valor da mensalidade dos cursos de p\u00f3s-gradua\u00e7\u00e3o.<\/p>\n<\/div><\/details>\n<\/div>\n","protected":false},"excerpt":{"rendered":"<p>\u00a0\u00a0\u00a0\u00a0\u00a0\u00a0\u00a0\u00a0\u00a0A regra fundamental de um sistema de c\u00e1lculos de\u00a0custos \u00e9: cada produto ou servi\u00e7o deve receber a carga de custo proporcional \u00e0 sua participa\u00e7\u00e3o, em termos quantitativos, na realiza\u00e7\u00e3o de cada um dos componentes de custos e despesas da institui\u00e7\u00e3o.\u00a0\u00a0\u00a0\u00a0\u00a0\u00a0<\/p>\n","protected":false},"author":8,"featured_media":0,"parent":0,"menu_order":0,"comment_status":"closed","ping_status":"closed","template":"","meta":{"_themeisle_gutenberg_block_has_review":false,"footnotes":""},"class_list":["post-210","page","type-page","status-publish","hentry"],"acf":[],"yoast_head":"<!-- This site is optimized with the Yoast SEO plugin v24.4 - https:\/\/yoast.com\/wordpress\/plugins\/seo\/ -->\n<title>Custos - PROPLAN<\/title>\n<meta name=\"robots\" content=\"index, follow, max-snippet:-1, max-image-preview:large, max-video-preview:-1\" \/>\n<link rel=\"canonical\" href=\"https:\/\/sites.uel.br\/proplan\/custos\/\" \/>\n<meta property=\"og:locale\" content=\"pt_BR\" \/>\n<meta property=\"og:type\" content=\"article\" \/>\n<meta property=\"og:title\" content=\"Custos - PROPLAN\" \/>\n<meta property=\"og:description\" content=\"\u00a0\u00a0\u00a0\u00a0\u00a0\u00a0\u00a0\u00a0\u00a0A regra fundamental de um sistema de c\u00e1lculos de\u00a0custos \u00e9: cada produto ou servi\u00e7o deve receber a carga de custo proporcional \u00e0 sua participa\u00e7\u00e3o, em termos quantitativos, na realiza\u00e7\u00e3o de cada um dos componentes de custos e despesas da institui\u00e7\u00e3o.\u00a0\u00a0\u00a0\u00a0\u00a0\u00a0\" \/>\n<meta property=\"og:url\" content=\"https:\/\/sites.uel.br\/proplan\/custos\/\" \/>\n<meta property=\"og:site_name\" content=\"PROPLAN\" \/>\n<meta property=\"article:modified_time\" content=\"2023-10-02T12:50:37+00:00\" \/>\n<meta name=\"twitter:card\" content=\"summary_large_image\" \/>\n<meta name=\"twitter:label1\" content=\"Est. tempo de leitura\" \/>\n\t<meta name=\"twitter:data1\" content=\"8 minutos\" \/>\n<script type=\"application\/ld+json\" class=\"yoast-schema-graph\">{\"@context\":\"https:\/\/schema.org\",\"@graph\":[{\"@type\":\"WebPage\",\"@id\":\"https:\/\/sites.uel.br\/proplan\/custos\/\",\"url\":\"https:\/\/sites.uel.br\/proplan\/custos\/\",\"name\":\"Custos - PROPLAN\",\"isPartOf\":{\"@id\":\"https:\/\/sites.uel.br\/proplan\/#website\"},\"datePublished\":\"2023-03-06T20:07:03+00:00\",\"dateModified\":\"2023-10-02T12:50:37+00:00\",\"breadcrumb\":{\"@id\":\"https:\/\/sites.uel.br\/proplan\/custos\/#breadcrumb\"},\"inLanguage\":\"pt-BR\",\"potentialAction\":[{\"@type\":\"ReadAction\",\"target\":[\"https:\/\/sites.uel.br\/proplan\/custos\/\"]}]},{\"@type\":\"BreadcrumbList\",\"@id\":\"https:\/\/sites.uel.br\/proplan\/custos\/#breadcrumb\",\"itemListElement\":[{\"@type\":\"ListItem\",\"position\":1,\"name\":\"In\u00edcio\",\"item\":\"https:\/\/sites.uel.br\/proplan\/\"},{\"@type\":\"ListItem\",\"position\":2,\"name\":\"Custos\"}]},{\"@type\":\"WebSite\",\"@id\":\"https:\/\/sites.uel.br\/proplan\/#website\",\"url\":\"https:\/\/sites.uel.br\/proplan\/\",\"name\":\"PROPLAN\",\"description\":\"Pr\u00f3-Reitoria de Planejamento\",\"publisher\":{\"@id\":\"https:\/\/sites.uel.br\/proplan\/#organization\"},\"potentialAction\":[{\"@type\":\"SearchAction\",\"target\":{\"@type\":\"EntryPoint\",\"urlTemplate\":\"https:\/\/sites.uel.br\/proplan\/?s={search_term_string}\"},\"query-input\":{\"@type\":\"PropertyValueSpecification\",\"valueRequired\":true,\"valueName\":\"search_term_string\"}}],\"inLanguage\":\"pt-BR\"},{\"@type\":\"Organization\",\"@id\":\"https:\/\/sites.uel.br\/proplan\/#organization\",\"name\":\"PROPLAN\",\"url\":\"https:\/\/sites.uel.br\/proplan\/\",\"logo\":{\"@type\":\"ImageObject\",\"inLanguage\":\"pt-BR\",\"@id\":\"https:\/\/sites.uel.br\/proplan\/#\/schema\/logo\/image\/\",\"url\":\"https:\/\/sites.uel.br\/proplan\/wp-content\/uploads\/2022\/12\/cropped-LogoUEL_Branco.png-1.webp\",\"contentUrl\":\"https:\/\/sites.uel.br\/proplan\/wp-content\/uploads\/2022\/12\/cropped-LogoUEL_Branco.png-1.webp\",\"width\":1140,\"height\":1140,\"caption\":\"PROPLAN\"},\"image\":{\"@id\":\"https:\/\/sites.uel.br\/proplan\/#\/schema\/logo\/image\/\"}}]}<\/script>\n<!-- \/ Yoast SEO plugin. -->","yoast_head_json":{"title":"Custos - PROPLAN","robots":{"index":"index","follow":"follow","max-snippet":"max-snippet:-1","max-image-preview":"max-image-preview:large","max-video-preview":"max-video-preview:-1"},"canonical":"https:\/\/sites.uel.br\/proplan\/custos\/","og_locale":"pt_BR","og_type":"article","og_title":"Custos - PROPLAN","og_description":"\u00a0\u00a0\u00a0\u00a0\u00a0\u00a0\u00a0\u00a0\u00a0A regra fundamental de um sistema de c\u00e1lculos de\u00a0custos \u00e9: cada produto ou servi\u00e7o deve receber a carga de custo proporcional \u00e0 sua participa\u00e7\u00e3o, em termos quantitativos, na realiza\u00e7\u00e3o de cada um dos componentes de custos e despesas da institui\u00e7\u00e3o.\u00a0\u00a0\u00a0\u00a0\u00a0\u00a0","og_url":"https:\/\/sites.uel.br\/proplan\/custos\/","og_site_name":"PROPLAN","article_modified_time":"2023-10-02T12:50:37+00:00","twitter_card":"summary_large_image","twitter_misc":{"Est. tempo de leitura":"8 minutos"},"schema":{"@context":"https:\/\/schema.org","@graph":[{"@type":"WebPage","@id":"https:\/\/sites.uel.br\/proplan\/custos\/","url":"https:\/\/sites.uel.br\/proplan\/custos\/","name":"Custos - PROPLAN","isPartOf":{"@id":"https:\/\/sites.uel.br\/proplan\/#website"},"datePublished":"2023-03-06T20:07:03+00:00","dateModified":"2023-10-02T12:50:37+00:00","breadcrumb":{"@id":"https:\/\/sites.uel.br\/proplan\/custos\/#breadcrumb"},"inLanguage":"pt-BR","potentialAction":[{"@type":"ReadAction","target":["https:\/\/sites.uel.br\/proplan\/custos\/"]}]},{"@type":"BreadcrumbList","@id":"https:\/\/sites.uel.br\/proplan\/custos\/#breadcrumb","itemListElement":[{"@type":"ListItem","position":1,"name":"In\u00edcio","item":"https:\/\/sites.uel.br\/proplan\/"},{"@type":"ListItem","position":2,"name":"Custos"}]},{"@type":"WebSite","@id":"https:\/\/sites.uel.br\/proplan\/#website","url":"https:\/\/sites.uel.br\/proplan\/","name":"PROPLAN","description":"Pr\u00f3-Reitoria de Planejamento","publisher":{"@id":"https:\/\/sites.uel.br\/proplan\/#organization"},"potentialAction":[{"@type":"SearchAction","target":{"@type":"EntryPoint","urlTemplate":"https:\/\/sites.uel.br\/proplan\/?s={search_term_string}"},"query-input":{"@type":"PropertyValueSpecification","valueRequired":true,"valueName":"search_term_string"}}],"inLanguage":"pt-BR"},{"@type":"Organization","@id":"https:\/\/sites.uel.br\/proplan\/#organization","name":"PROPLAN","url":"https:\/\/sites.uel.br\/proplan\/","logo":{"@type":"ImageObject","inLanguage":"pt-BR","@id":"https:\/\/sites.uel.br\/proplan\/#\/schema\/logo\/image\/","url":"https:\/\/sites.uel.br\/proplan\/wp-content\/uploads\/2022\/12\/cropped-LogoUEL_Branco.png-1.webp","contentUrl":"https:\/\/sites.uel.br\/proplan\/wp-content\/uploads\/2022\/12\/cropped-LogoUEL_Branco.png-1.webp","width":1140,"height":1140,"caption":"PROPLAN"},"image":{"@id":"https:\/\/sites.uel.br\/proplan\/#\/schema\/logo\/image\/"}}]}},"_links":{"self":[{"href":"https:\/\/sites.uel.br\/proplan\/wp-json\/wp\/v2\/pages\/210","targetHints":{"allow":["GET"]}}],"collection":[{"href":"https:\/\/sites.uel.br\/proplan\/wp-json\/wp\/v2\/pages"}],"about":[{"href":"https:\/\/sites.uel.br\/proplan\/wp-json\/wp\/v2\/types\/page"}],"author":[{"embeddable":true,"href":"https:\/\/sites.uel.br\/proplan\/wp-json\/wp\/v2\/users\/8"}],"replies":[{"embeddable":true,"href":"https:\/\/sites.uel.br\/proplan\/wp-json\/wp\/v2\/comments?post=210"}],"version-history":[{"count":8,"href":"https:\/\/sites.uel.br\/proplan\/wp-json\/wp\/v2\/pages\/210\/revisions"}],"predecessor-version":[{"id":943,"href":"https:\/\/sites.uel.br\/proplan\/wp-json\/wp\/v2\/pages\/210\/revisions\/943"}],"wp:attachment":[{"href":"https:\/\/sites.uel.br\/proplan\/wp-json\/wp\/v2\/media?parent=210"}],"curies":[{"name":"wp","href":"https:\/\/api.w.org\/{rel}","templated":true}]}}