{"id":1416,"date":"2024-10-28T10:17:27","date_gmt":"2024-10-28T13:17:27","guid":{"rendered":"https:\/\/sites.uel.br\/proplan\/?page_id=1416"},"modified":"2024-11-26T13:54:48","modified_gmt":"2024-11-26T16:54:48","slug":"sinaes-sistema-nacional-de-avaliacao-da-educacao-superior","status":"publish","type":"page","link":"https:\/\/sites.uel.br\/proplan\/sinaes-sistema-nacional-de-avaliacao-da-educacao-superior\/","title":{"rendered":"SINAES: Sistema Nacional de Avalia\u00e7\u00e3o da Educa\u00e7\u00e3o Superior"},"content":{"rendered":"\n<div style=\"height:50px\" aria-hidden=\"true\" class=\"wp-block-spacer\"><\/div>\n\n\n\n<div class=\"wp-block-buttons is-content-justification-center is-layout-flex wp-container-core-buttons-is-layout-16018d1d wp-block-buttons-is-layout-flex\">\n<div class=\"wp-block-button is-style-fill\"><a class=\"wp-block-button__link wp-element-button\" href=\"https:\/\/sites.uel.br\/proplan\/wp-content\/uploads\/2024\/04\/Indicadores_ENADE.pdf\"><strong><mark style=\"background-color:rgba(0, 0, 0, 0);color:#ffffff\" class=\"has-inline-color\">Indicadores ENADE<\/mark><\/strong><\/a><\/div>\n\n\n\n<div class=\"wp-block-button is-style-fill\"><a class=\"wp-block-button__link wp-element-button\" href=\"https:\/\/sites.uel.br\/proplan\/wp-content\/uploads\/2024\/04\/IGC.pdf\"><mark style=\"background-color:rgba(0, 0, 0, 0);color:#ffffff\" class=\"has-inline-color\"><strong>Indicadores IGC<\/strong><\/mark><\/a><\/div>\n\n\n\n<div class=\"wp-block-button is-style-fill\"><a class=\"wp-block-button__link has-text-align-center wp-element-button\" href=\"https:\/\/enade.inep.gov.br\/enade\/#!\/index\"><strong><mark style=\"background-color:rgba(0, 0, 0, 0);color:#ffffff\" class=\"has-inline-color\">Site do INEP<\/mark><\/strong><\/a><\/div>\n<\/div>\n\n\n\n<div style=\"height:40px\" aria-hidden=\"true\" class=\"wp-block-spacer\"><\/div>\n\n\n\n<div id=\"wp-block-themeisle-blocks-flip-857e595a\" class=\"wp-block-themeisle-blocks-flip anim flipY\"><div class=\"o-flip-inner\"><div class=\"o-flip-front\"><div class=\"o-flip-content\"><h3><strong>Relat\u00f3rio de IES:<\/strong><\/h3><p><em>As informa\u00e7\u00f5es constantes no Relat\u00f3rio de IES possibilitam aos dirigentes das institui\u00e7\u00f5es uma vis\u00e3o ampla dos resultados do ENADE gerados a partir da participa\u00e7\u00e3o do conjunto dos cursos de sua institui\u00e7\u00e3o. Os dados apresentados fornecem subs\u00eddios fundamentais para a an\u00e1lise e avalia\u00e7\u00e3o das pol\u00edticas institucionais de ensino, pesquisa e extens\u00e3o.<\/em><\/p><\/div><\/div><div class=\"o-flip-back\">\n<div style=\"height:27px;width:0px\" aria-hidden=\"true\" class=\"wp-block-spacer\"><\/div>\n\n\n\n<div class=\"wp-block-buttons is-content-justification-center is-layout-flex wp-container-core-buttons-is-layout-062f0008 wp-block-buttons-is-layout-flex\">\n<div class=\"wp-block-button\"><a class=\"wp-block-button__link has-text-align-center wp-element-button\" href=\"https:\/\/sites.uel.br\/proplan\/wp-content\/uploads\/2024\/11\/ENADE-2022.pdf\"><strong><mark style=\"background-color:rgba(0, 0, 0, 0);color:#fcfcfc\" class=\"has-inline-color\">Relat\u00f3rio UEL &#8211; 2022<\/mark><\/strong><\/a><\/div>\n\n\n\n<div class=\"wp-block-button\"><a class=\"wp-block-button__link has-text-align-center wp-element-button\" href=\"https:\/\/sites.uel.br\/proplan\/wp-content\/uploads\/2024\/11\/ENADE-2021.pdf\"><strong><mark style=\"background-color:rgba(0, 0, 0, 0);color:#ffffff\" class=\"has-inline-color\">Relat\u00f3rio UEL &#8211; 2021<\/mark><\/strong><\/a><\/div>\n\n\n\n<div class=\"wp-block-button\"><a class=\"wp-block-button__link has-text-align-center wp-element-button\" href=\"https:\/\/enade.inep.gov.br\/enade\/#!\/relatorioIES\"><strong><mark style=\"background-color:rgba(0, 0, 0, 0);color:#ffffff\" class=\"has-inline-color\">Relat\u00f3rio UEL &#8211; 2020<\/mark><\/strong><\/a><\/div>\n<\/div>\n\n\n\n<div style=\"height:6px;width:0px\" aria-hidden=\"true\" class=\"wp-block-spacer\"><\/div>\n\n\n\n<div class=\"wp-block-buttons is-content-justification-center is-layout-flex wp-container-core-buttons-is-layout-d9cd0f1e wp-block-buttons-is-layout-flex\">\n<div class=\"wp-block-button\"><a class=\"wp-block-button__link wp-element-button\" href=\"https:\/\/sites.uel.br\/proplan\/wp-content\/uploads\/2024\/11\/ENADE-2019.pdf\"><strong><mark style=\"background-color:rgba(0, 0, 0, 0);color:#ffffff\" class=\"has-inline-color\">Relat\u00f3rio UEL &#8211; 2019<\/mark><\/strong><\/a><\/div>\n\n\n\n<div class=\"wp-block-button\"><a class=\"wp-block-button__link wp-element-button\" href=\"https:\/\/sites.uel.br\/proplan\/wp-content\/uploads\/2024\/11\/ENADE-2018.pdf\"><strong><mark style=\"background-color:rgba(0, 0, 0, 0);color:#ffffff\" class=\"has-inline-color\">Relat\u00f3rio UEL -2018<\/mark><\/strong><\/a><\/div>\n\n\n\n<div class=\"wp-block-button\"><a class=\"wp-block-button__link wp-element-button\" href=\"https:\/\/sites.uel.br\/proplan\/wp-content\/uploads\/2024\/11\/ENADE-2017.pdf\"><strong><mark style=\"background-color:rgba(0, 0, 0, 0);color:#ffffff\" class=\"has-inline-color\">Relat\u00f3rio UEL &#8211; 2017<\/mark><\/strong><\/a><\/div>\n<\/div>\n<\/div><\/div><\/div>\n\n\n\n<div style=\"height:24px\" aria-hidden=\"true\" class=\"wp-block-spacer\"><\/div>\n\n\n\n<h4 class=\"wp-block-heading has-text-align-center\">Sistema Nacional de Avalia\u00e7\u00e3o da Educa\u00e7\u00e3o Superior ou SINAES<\/h4>\n\n\n\n<p>O SINAES foi institu\u00eddo pela Lei n\u00ba 10.861 em 14 de abril de 2004 com o prop\u00f3sito de garantir a qualidade e a transpar\u00eancia do ensino superior no Brasil. O SINAES avalia a qualidade das Institui\u00e7\u00f5es de Educa\u00e7\u00e3o Superior (IES), os cursos oferecidos e o desempenho dos estudantes, oferecendo uma vis\u00e3o completa dos fatores que impactam diretamente a forma\u00e7\u00e3o acad\u00eamica e a responsabilidade social dessas institui\u00e7\u00f5es.<\/p>\n\n\n\n<h4 class=\"wp-block-heading has-text-align-center\">Objetivo e Prop\u00f3sito do SINAES<\/h4>\n\n\n\n<div style=\"height:15px\" aria-hidden=\"true\" class=\"wp-block-spacer\"><\/div>\n\n\n\n<p>         O SINAES visa promover a melhoria cont\u00ednua do ensino superior, disponibilizando informa\u00e7\u00f5es que s\u00e3o t\u00e3o importantes para o processo de regula\u00e7\u00e3o do Minist\u00e9rio da Educa\u00e7\u00e3o (MEC) quanto para o aperfei\u00e7oamento das pr\u00f3prias institui\u00e7\u00f5es. O sistema atua de forma abrangente, com avalia\u00e7\u00f5es que incluem aspectos como ensino, pesquisa, extens\u00e3o, responsabilidade social, gest\u00e3o, corpo docente e infraestrutura. Ao fornecer dados transparentes, o SINAES possibilita que a sociedade e a comunidade acad\u00eamica avaliem a qualidade do ensino superior no Brasil.<\/p>\n\n\n\n<div style=\"height:50px\" aria-hidden=\"true\" class=\"wp-block-spacer\"><\/div>\n\n\n\n<h4 class=\"wp-block-heading has-text-align-center\">Componentes do SINAES<\/h4>\n\n\n\n<div style=\"height:15px\" aria-hidden=\"true\" class=\"wp-block-spacer\"><\/div>\n\n\n\n<p>O sistema \u00e9 composto por tr\u00eas elementos principais:<\/p>\n\n\n\n<ol class=\"wp-block-list\">\n<li><strong>Avalia\u00e7\u00e3o das Institui\u00e7\u00f5es<\/strong> : Foca na estrutura, organiza\u00e7\u00e3o e desempenho das IES.<\/li>\n\n\n\n<li><strong>Avalia\u00e7\u00e3o dos Cursos<\/strong> : An\u00e1lise do conte\u00fado, estrutura e impacto dos cursos oferecidos.<\/li>\n\n\n\n<li><strong>Avalia\u00e7\u00e3o do Desempenho dos Estudantes<\/strong> : Realizada atrav\u00e9s do Exame Nacional de Desempenho dos Estudantes (ENADE), que mede os conhecimentos, compet\u00eancias e habilidades dos estudantes.<\/li>\n<\/ol>\n\n\n\n<div style=\"height:50px\" aria-hidden=\"true\" class=\"wp-block-spacer\"><\/div>\n\n\n\n<h4 class=\"wp-block-heading has-text-align-center\">Estrutura e Metodologia de Avalia\u00e7\u00e3o<\/h4>\n\n\n\n<div style=\"height:15px\" aria-hidden=\"true\" class=\"wp-block-spacer\"><\/div>\n\n\n\n<p>           As avalia\u00e7\u00f5es do SINAES s\u00e3o conduzidas pelo Instituto Nacional de Estudos e Pesquisas Educacionais An\u00edsio Teixeira (INEP). O INEP gera indicadores de qualidade que servem como base para a regula\u00e7\u00e3o e para a melhoria das IES. Esses indicadores s\u00e3o calculados com base em diferentes metodologias aprovadas pela Comiss\u00e3o Nacional de Avalia\u00e7\u00e3o da Educa\u00e7\u00e3o Superior (CONAES) e incluem:<\/p>\n\n\n\n<div style=\"height:26px\" aria-hidden=\"true\" class=\"wp-block-spacer\"><\/div>\n\n\n\n<ol class=\"wp-block-list\">\n<li><strong>Conceito Preliminar de Curso (CPC)<\/strong> : Avalia\u00e7\u00e3o preliminar dos cursos, considerando dados do ENADE, corpo docente e infraestrutura.<\/li>\n\n\n\n<li><strong>\u00cdndice Geral de Cursos (IGC)<\/strong> : Indicador que reflete o desempenho global das IES com base nos resultados dos cursos avaliados e suas avalia\u00e7\u00f5es institucionais.<\/li>\n\n\n\n<li><strong>ENADE<\/strong> : Exame aplicado aos alunos na fase de conclus\u00e3o de curso para medir o desempenho acad\u00eamico em rela\u00e7\u00e3o ao curr\u00edculo exigido.<\/li>\n<\/ol>\n\n\n\n<div style=\"height:25px\" aria-hidden=\"true\" class=\"wp-block-spacer\"><\/div>\n\n\n\n<p>        Esses indicadores s\u00e3o expressos em uma escala de cinco n\u00edveis, de 1 a 5, onde 3 ou mais indicam qualidade garantida.<\/p>\n\n\n\n<div style=\"height:50px\" aria-hidden=\"true\" class=\"wp-block-spacer\"><\/div>\n\n\n\n<h4 class=\"wp-block-heading has-text-align-center\">Exemplos de Metodologias Utilizadas<\/h4>\n\n\n\n<div style=\"height:15px\" aria-hidden=\"true\" class=\"wp-block-spacer\"><\/div>\n\n\n\n<ol class=\"wp-block-list\">\n<li><strong>Avalia\u00e7\u00e3o In Loco<\/strong> : Equipes de avaliadores visitam as institui\u00e7\u00f5es para analisar infraestrutura, documenta\u00e7\u00e3o e realizar entrevistas. Esse m\u00e9todo oferece uma avalia\u00e7\u00e3o presencial detalhada que complementa os dados do ENADE e dos indicadores.<\/li>\n\n\n\n<li><strong>An\u00e1lise Documental<\/strong> : Considera dados registrados sobre corpo docente, projeto pedag\u00f3gico de cursos e pol\u00edticas institucionais. Essa an\u00e1lise \u00e9 importante para verificar se a IES atende aos requisitos estabelecidos pelo MEC.<\/li>\n<\/ol>\n\n\n\n<div style=\"height:50px\" aria-hidden=\"true\" class=\"wp-block-spacer\"><\/div>\n\n\n\n<h4 class=\"wp-block-heading has-text-align-center\">Organograma do SINAES<\/h4>\n\n\n\n<div style=\"height:15px\" aria-hidden=\"true\" class=\"wp-block-spacer\"><\/div>\n\n\n\n<p class=\"has-text-align-center\">       Aqui est\u00e1 uma representa\u00e7\u00e3o dos principais componentes e indicadores p\u00f3s-SINAES:<\/p>\n\n\n\n<div style=\"height:17px\" aria-hidden=\"true\" class=\"wp-block-spacer\"><\/div>\n\n\n\n<div style=\"text-align: center; font-family: Arial, sans-serif;\">\n    <h2>SINAES<\/h2>\n    <div style=\"border-top: 2px solid #000; width: 5px; height: 30px; margin: 0 auto;\"><\/div>\n    \n    <div style=\"display: flex; justify-content: center; margin-top: 10px;\">\n        <!-- Avalia\u00e7\u00e3o das Institui\u00e7\u00f5es -->\n        <div style=\"margin: 0 20px; text-align: center;\">\n            <h3>Avalia\u00e7\u00e3o das Institui\u00e7\u00f5es (IGC)<\/h3>\n            <div style=\"border-top: 2px solid #000; width: 5px; height: 30px; margin: 0 auto;\"><\/div>\n            <div style=\"border: 1px solid #000; padding: 10px; margin-top: 10px;\">Conceito Institucional (CI)<\/div>\n            <div style=\"border: 1px solid #000; padding: 10px; margin-top: 10px;\">\u00cdndice Geral de Cursos (IGC)<\/div>\n        <\/div>\n\n        <!-- Avalia\u00e7\u00e3o dos Cursos -->\n        <div style=\"margin: 0 20px; text-align: center;\">\n            <h3>Avalia\u00e7\u00e3o dos Cursos (CPC)<\/h3>\n            <div style=\"border-top: 2px solid #000; width: 5px; height: 30px; margin: 0 auto;\"><\/div>\n            <div style=\"border: 1px solid #000; padding: 10px; margin-top: 10px;\">Conceito Preliminar de Curso (CPC)<\/div>\n            <div style=\"border: 1px solid #000; padding: 10px; margin-top: 10px;\">Conceito de Curso (CC)<\/div>\n        <\/div>\n\n        <!-- Avalia\u00e7\u00e3o do Desempenho dos Estudantes -->\n        <div style=\"margin: 0 20px; text-align: center;\">\n            <h3>Avalia\u00e7\u00e3o do Desempenho dos Estudantes (ENADE)<\/h3>\n            <div style=\"border-top: 2px solid #000; width: 5px; height: 30px; margin: 0 auto;\"><\/div>\n            <div style=\"border: 1px solid #000; padding: 10px; margin-top: 10px;\">Exame Nacional de Desempenho dos Estudantes (ENADE)<\/div>\n            <div style=\"border: 1px solid #000; padding: 10px; margin-top: 10px;\">Relat\u00f3rio S\u00edntese dos Resultados<\/div>\n            <div style=\"border: 1px solid #000; padding: 10px; margin-top: 10px;\">Conceito de Desempenho<\/div>\n        <\/div>\n    <\/div>\n<\/div>\n\n\n\n<div style=\"height:34px\" aria-hidden=\"true\" class=\"wp-block-spacer\"><\/div>\n\n\n\n<p>       Este organograma mostra como os principais indicadores, como o IGC, CPC e ENADE, se conectam para formar uma vis\u00e3o completa e detalhada da qualidade do ensino superior no Brasil. Essas avalia\u00e7\u00f5es permitem que as institui\u00e7\u00f5es identifiquem suas for\u00e7as e pontos de melhoria, enquanto o MEC e o INEP utilizam esses dados para orientar pol\u00edticas educacionais e regulat\u00f3rias.<\/p>\n\n\n\n<div style=\"height:50px\" aria-hidden=\"true\" class=\"wp-block-spacer\"><\/div>\n\n\n\n<h4 class=\"wp-block-heading has-text-align-center\">Fatos Relevantes sobre o Sistema de Avalia\u00e7\u00e3o<\/h4>\n\n\n\n<div style=\"height:15px\" aria-hidden=\"true\" class=\"wp-block-spacer\"><\/div>\n\n\n\n<ul class=\"wp-block-list\">\n<li><strong>Indicadores P\u00fablicos e Transparentes<\/strong> : Os dados do SINAES s\u00e3o disponibilizados para consulta p\u00fablica, permitindo que estudantes, pais e a sociedade em geral acompanhem a qualidade das institui\u00e7\u00f5es.<\/li>\n\n\n\n<li><strong>Impacto na Regula\u00e7\u00e3o e na Qualidade<\/strong> : Institui\u00e7\u00f5es com desempenho baixo podem ser orientadas a fazer melhorias ou, em casos graves, sofrer restri\u00e7\u00f5es de funcionamento impostas pelo MEC.<\/li>\n<\/ul>\n\n\n\n<p><\/p>\n","protected":false},"excerpt":{"rendered":"<p>Sistema Nacional de Avalia\u00e7\u00e3o da Educa\u00e7\u00e3o Superior ou SINAES O SINAES foi institu\u00eddo pela Lei n\u00ba 10.861 em 14 de abril de 2004 com o prop\u00f3sito de garantir a qualidade e a transpar\u00eancia do ensino superior no Brasil. O SINAES avalia a qualidade das Institui\u00e7\u00f5es de Educa\u00e7\u00e3o Superior (IES), os cursos oferecidos e o desempenho [&hellip;]<\/p>\n","protected":false},"author":17,"featured_media":0,"parent":0,"menu_order":0,"comment_status":"closed","ping_status":"closed","template":"","meta":{"_themeisle_gutenberg_block_has_review":false,"footnotes":""},"class_list":["post-1416","page","type-page","status-publish","hentry"],"acf":[],"yoast_head":"<!-- This site is optimized with the Yoast SEO plugin v24.4 - https:\/\/yoast.com\/wordpress\/plugins\/seo\/ -->\n<title>SINAES: Sistema Nacional de Avalia\u00e7\u00e3o da Educa\u00e7\u00e3o Superior - PROPLAN<\/title>\n<meta name=\"robots\" content=\"index, follow, max-snippet:-1, max-image-preview:large, max-video-preview:-1\" \/>\n<link rel=\"canonical\" href=\"https:\/\/sites.uel.br\/proplan\/sinaes-sistema-nacional-de-avaliacao-da-educacao-superior\/\" \/>\n<meta property=\"og:locale\" content=\"pt_BR\" \/>\n<meta property=\"og:type\" content=\"article\" \/>\n<meta property=\"og:title\" content=\"SINAES: Sistema Nacional de Avalia\u00e7\u00e3o da Educa\u00e7\u00e3o Superior - PROPLAN\" \/>\n<meta property=\"og:description\" content=\"Sistema Nacional de Avalia\u00e7\u00e3o da Educa\u00e7\u00e3o Superior ou SINAES O SINAES foi institu\u00eddo pela Lei n\u00ba 10.861 em 14 de abril de 2004 com o prop\u00f3sito de garantir a qualidade e a transpar\u00eancia do ensino superior no Brasil. O SINAES avalia a qualidade das Institui\u00e7\u00f5es de Educa\u00e7\u00e3o Superior (IES), os cursos oferecidos e o desempenho [&hellip;]\" \/>\n<meta property=\"og:url\" content=\"https:\/\/sites.uel.br\/proplan\/sinaes-sistema-nacional-de-avaliacao-da-educacao-superior\/\" \/>\n<meta property=\"og:site_name\" content=\"PROPLAN\" \/>\n<meta property=\"article:modified_time\" content=\"2024-11-26T16:54:48+00:00\" \/>\n<meta name=\"twitter:card\" content=\"summary_large_image\" \/>\n<meta name=\"twitter:label1\" content=\"Est. tempo de leitura\" \/>\n\t<meta name=\"twitter:data1\" content=\"4 minutos\" \/>\n<script type=\"application\/ld+json\" class=\"yoast-schema-graph\">{\"@context\":\"https:\/\/schema.org\",\"@graph\":[{\"@type\":\"WebPage\",\"@id\":\"https:\/\/sites.uel.br\/proplan\/sinaes-sistema-nacional-de-avaliacao-da-educacao-superior\/\",\"url\":\"https:\/\/sites.uel.br\/proplan\/sinaes-sistema-nacional-de-avaliacao-da-educacao-superior\/\",\"name\":\"SINAES: Sistema Nacional de Avalia\u00e7\u00e3o da Educa\u00e7\u00e3o Superior - PROPLAN\",\"isPartOf\":{\"@id\":\"https:\/\/sites.uel.br\/proplan\/#website\"},\"datePublished\":\"2024-10-28T13:17:27+00:00\",\"dateModified\":\"2024-11-26T16:54:48+00:00\",\"breadcrumb\":{\"@id\":\"https:\/\/sites.uel.br\/proplan\/sinaes-sistema-nacional-de-avaliacao-da-educacao-superior\/#breadcrumb\"},\"inLanguage\":\"pt-BR\",\"potentialAction\":[{\"@type\":\"ReadAction\",\"target\":[\"https:\/\/sites.uel.br\/proplan\/sinaes-sistema-nacional-de-avaliacao-da-educacao-superior\/\"]}]},{\"@type\":\"BreadcrumbList\",\"@id\":\"https:\/\/sites.uel.br\/proplan\/sinaes-sistema-nacional-de-avaliacao-da-educacao-superior\/#breadcrumb\",\"itemListElement\":[{\"@type\":\"ListItem\",\"position\":1,\"name\":\"In\u00edcio\",\"item\":\"https:\/\/sites.uel.br\/proplan\/\"},{\"@type\":\"ListItem\",\"position\":2,\"name\":\"SINAES: Sistema Nacional de Avalia\u00e7\u00e3o da Educa\u00e7\u00e3o Superior\"}]},{\"@type\":\"WebSite\",\"@id\":\"https:\/\/sites.uel.br\/proplan\/#website\",\"url\":\"https:\/\/sites.uel.br\/proplan\/\",\"name\":\"PROPLAN\",\"description\":\"Pr\u00f3-Reitoria de Planejamento\",\"publisher\":{\"@id\":\"https:\/\/sites.uel.br\/proplan\/#organization\"},\"potentialAction\":[{\"@type\":\"SearchAction\",\"target\":{\"@type\":\"EntryPoint\",\"urlTemplate\":\"https:\/\/sites.uel.br\/proplan\/?s={search_term_string}\"},\"query-input\":{\"@type\":\"PropertyValueSpecification\",\"valueRequired\":true,\"valueName\":\"search_term_string\"}}],\"inLanguage\":\"pt-BR\"},{\"@type\":\"Organization\",\"@id\":\"https:\/\/sites.uel.br\/proplan\/#organization\",\"name\":\"PROPLAN\",\"url\":\"https:\/\/sites.uel.br\/proplan\/\",\"logo\":{\"@type\":\"ImageObject\",\"inLanguage\":\"pt-BR\",\"@id\":\"https:\/\/sites.uel.br\/proplan\/#\/schema\/logo\/image\/\",\"url\":\"https:\/\/sites.uel.br\/proplan\/wp-content\/uploads\/2022\/12\/cropped-LogoUEL_Branco.png-1.webp\",\"contentUrl\":\"https:\/\/sites.uel.br\/proplan\/wp-content\/uploads\/2022\/12\/cropped-LogoUEL_Branco.png-1.webp\",\"width\":1140,\"height\":1140,\"caption\":\"PROPLAN\"},\"image\":{\"@id\":\"https:\/\/sites.uel.br\/proplan\/#\/schema\/logo\/image\/\"}}]}<\/script>\n<!-- \/ Yoast SEO plugin. -->","yoast_head_json":{"title":"SINAES: Sistema Nacional de Avalia\u00e7\u00e3o da Educa\u00e7\u00e3o Superior - PROPLAN","robots":{"index":"index","follow":"follow","max-snippet":"max-snippet:-1","max-image-preview":"max-image-preview:large","max-video-preview":"max-video-preview:-1"},"canonical":"https:\/\/sites.uel.br\/proplan\/sinaes-sistema-nacional-de-avaliacao-da-educacao-superior\/","og_locale":"pt_BR","og_type":"article","og_title":"SINAES: Sistema Nacional de Avalia\u00e7\u00e3o da Educa\u00e7\u00e3o Superior - PROPLAN","og_description":"Sistema Nacional de Avalia\u00e7\u00e3o da Educa\u00e7\u00e3o Superior ou SINAES O SINAES foi institu\u00eddo pela Lei n\u00ba 10.861 em 14 de abril de 2004 com o prop\u00f3sito de garantir a qualidade e a transpar\u00eancia do ensino superior no Brasil. O SINAES avalia a qualidade das Institui\u00e7\u00f5es de Educa\u00e7\u00e3o Superior (IES), os cursos oferecidos e o desempenho [&hellip;]","og_url":"https:\/\/sites.uel.br\/proplan\/sinaes-sistema-nacional-de-avaliacao-da-educacao-superior\/","og_site_name":"PROPLAN","article_modified_time":"2024-11-26T16:54:48+00:00","twitter_card":"summary_large_image","twitter_misc":{"Est. tempo de leitura":"4 minutos"},"schema":{"@context":"https:\/\/schema.org","@graph":[{"@type":"WebPage","@id":"https:\/\/sites.uel.br\/proplan\/sinaes-sistema-nacional-de-avaliacao-da-educacao-superior\/","url":"https:\/\/sites.uel.br\/proplan\/sinaes-sistema-nacional-de-avaliacao-da-educacao-superior\/","name":"SINAES: Sistema Nacional de Avalia\u00e7\u00e3o da Educa\u00e7\u00e3o Superior - PROPLAN","isPartOf":{"@id":"https:\/\/sites.uel.br\/proplan\/#website"},"datePublished":"2024-10-28T13:17:27+00:00","dateModified":"2024-11-26T16:54:48+00:00","breadcrumb":{"@id":"https:\/\/sites.uel.br\/proplan\/sinaes-sistema-nacional-de-avaliacao-da-educacao-superior\/#breadcrumb"},"inLanguage":"pt-BR","potentialAction":[{"@type":"ReadAction","target":["https:\/\/sites.uel.br\/proplan\/sinaes-sistema-nacional-de-avaliacao-da-educacao-superior\/"]}]},{"@type":"BreadcrumbList","@id":"https:\/\/sites.uel.br\/proplan\/sinaes-sistema-nacional-de-avaliacao-da-educacao-superior\/#breadcrumb","itemListElement":[{"@type":"ListItem","position":1,"name":"In\u00edcio","item":"https:\/\/sites.uel.br\/proplan\/"},{"@type":"ListItem","position":2,"name":"SINAES: Sistema Nacional de Avalia\u00e7\u00e3o da Educa\u00e7\u00e3o Superior"}]},{"@type":"WebSite","@id":"https:\/\/sites.uel.br\/proplan\/#website","url":"https:\/\/sites.uel.br\/proplan\/","name":"PROPLAN","description":"Pr\u00f3-Reitoria de Planejamento","publisher":{"@id":"https:\/\/sites.uel.br\/proplan\/#organization"},"potentialAction":[{"@type":"SearchAction","target":{"@type":"EntryPoint","urlTemplate":"https:\/\/sites.uel.br\/proplan\/?s={search_term_string}"},"query-input":{"@type":"PropertyValueSpecification","valueRequired":true,"valueName":"search_term_string"}}],"inLanguage":"pt-BR"},{"@type":"Organization","@id":"https:\/\/sites.uel.br\/proplan\/#organization","name":"PROPLAN","url":"https:\/\/sites.uel.br\/proplan\/","logo":{"@type":"ImageObject","inLanguage":"pt-BR","@id":"https:\/\/sites.uel.br\/proplan\/#\/schema\/logo\/image\/","url":"https:\/\/sites.uel.br\/proplan\/wp-content\/uploads\/2022\/12\/cropped-LogoUEL_Branco.png-1.webp","contentUrl":"https:\/\/sites.uel.br\/proplan\/wp-content\/uploads\/2022\/12\/cropped-LogoUEL_Branco.png-1.webp","width":1140,"height":1140,"caption":"PROPLAN"},"image":{"@id":"https:\/\/sites.uel.br\/proplan\/#\/schema\/logo\/image\/"}}]}},"_links":{"self":[{"href":"https:\/\/sites.uel.br\/proplan\/wp-json\/wp\/v2\/pages\/1416","targetHints":{"allow":["GET"]}}],"collection":[{"href":"https:\/\/sites.uel.br\/proplan\/wp-json\/wp\/v2\/pages"}],"about":[{"href":"https:\/\/sites.uel.br\/proplan\/wp-json\/wp\/v2\/types\/page"}],"author":[{"embeddable":true,"href":"https:\/\/sites.uel.br\/proplan\/wp-json\/wp\/v2\/users\/17"}],"replies":[{"embeddable":true,"href":"https:\/\/sites.uel.br\/proplan\/wp-json\/wp\/v2\/comments?post=1416"}],"version-history":[{"count":61,"href":"https:\/\/sites.uel.br\/proplan\/wp-json\/wp\/v2\/pages\/1416\/revisions"}],"predecessor-version":[{"id":1524,"href":"https:\/\/sites.uel.br\/proplan\/wp-json\/wp\/v2\/pages\/1416\/revisions\/1524"}],"wp:attachment":[{"href":"https:\/\/sites.uel.br\/proplan\/wp-json\/wp\/v2\/media?parent=1416"}],"curies":[{"name":"wp","href":"https:\/\/api.w.org\/{rel}","templated":true}]}}