{"id":74,"date":"2025-04-29T11:41:58","date_gmt":"2025-04-29T14:41:58","guid":{"rendered":"https:\/\/sites.uel.br\/prope\/?page_id=74"},"modified":"2025-05-21T12:00:37","modified_gmt":"2025-05-21T15:00:37","slug":"equipe","status":"publish","type":"page","link":"https:\/\/sites.uel.br\/prope\/apresentacao\/equipe\/","title":{"rendered":"Equipe"},"content":{"rendered":"\n<div style=\"height:30px\" aria-hidden=\"true\" class=\"wp-block-spacer\"><\/div>\n\n\n\n<div id=\"wp-block-themeisle-blocks-advanced-columns-02e4cc2f\" class=\"wp-block-themeisle-blocks-advanced-columns has-2-columns has-desktop-equal-layout has-tablet-equal-layout has-mobile-collapsedRows-layout has-vertical-unset\"><div class=\"wp-block-themeisle-blocks-advanced-columns-overlay\"><\/div><div class=\"innerblocks-wrap\">\n<div id=\"wp-block-themeisle-blocks-advanced-column-bd82c0c0\" class=\"wp-block-themeisle-blocks-advanced-column\">\n<p><strong>Coordenadora<br><\/strong>Profa. Dra. Jamile Carla  Baptista<\/p>\n\n\n\n<p><strong>Vice-Coordenador<br><\/strong>Nome<\/p>\n\n\n\n<p><strong>Docentes<br><\/strong>Profa. Angela Maria de Sousa Lima<br>Profa. Dra. Marleide Rodrigues da Silva Perrude<br>Profa. Maria de F\u00e1tima Beraldo<br>Profa. Maria Ruth Sartori da Silva<\/p>\n<\/div>\n\n\n\n<div id=\"wp-block-themeisle-blocks-advanced-column-b00788cb\" class=\"wp-block-themeisle-blocks-advanced-column\">\n<figure class=\"wp-block-embed aligncenter is-type-video is-provider-youtube wp-block-embed-youtube wp-embed-aspect-16-9 wp-has-aspect-ratio\"><div class=\"wp-block-embed__wrapper\">\n<iframe loading=\"lazy\" title=\"Semana de Recep\u00e7\u00e3o aos Ingressantes 2025 (Mensagem da Coordenadora do PROPE\/UEL)\" width=\"500\" height=\"281\" src=\"https:\/\/www.youtube.com\/embed\/AmUJZcx0AxQ?feature=oembed\" frameborder=\"0\" allow=\"accelerometer; autoplay; clipboard-write; encrypted-media; gyroscope; picture-in-picture; web-share\" referrerpolicy=\"strict-origin-when-cross-origin\" allowfullscreen><\/iframe>\n<\/div><\/figure>\n<\/div>\n<\/div><\/div>\n\n\n\n<div style=\"height:30px\" aria-hidden=\"true\" class=\"wp-block-spacer\"><\/div>\n\n\n\n<div class=\"wp-block-columns is-layout-flex wp-container-core-columns-is-layout-9d6595d7 wp-block-columns-is-layout-flex\">\n<div class=\"wp-block-column is-layout-flow wp-block-column-is-layout-flow\">\n<p><strong>Bolsistas de Extens\u00e3o<\/strong><br>Bruna Cardoso Franco<br>Gabriel Violin Candreva<\/p>\n<\/div>\n\n\n\n<div class=\"wp-block-column is-layout-flow wp-block-column-is-layout-flow\">\n<p><strong>Bolsistas do PROPE<\/strong><br>Alisson Matheus Ferreira<br>Amanda Figueiredo Santos<br>Camila Caroline da Silva<br>Carlos Herrero Gon\u00e7alves<br>Dayane Joice Meira da Costa<br>Emanuelly Barbalho da Silva<br>Igor Gustavo Rodrigues<br>Laura Mateus Campos<br>Maria Isabel de Barros Neves<br>Pamela Giovana Turini<br>Paola Christie Ijiri Ribeiro<\/p>\n<\/div>\n\n\n\n<div class=\"wp-block-column is-layout-flow wp-block-column-is-layout-flow\">\n<p><strong>Bolsistas da Funda\u00e7\u00e3o Arauc\u00e1ria<\/strong><br>Amanda Magalh\u00e3es da Silva<br>Beatriz Lopes Mariano<br>Felipe de Andrade Martins<br>Let\u00edcia Bruno dos Santos<br>Rafaella Aparecida de Almeida Ribeiro<\/p>\n<\/div>\n<\/div>\n\n\n\n<p>Al\u00e9m disso, o PROPE \u00e9 composto por uma equipe de apoiadores que auxiliam na busca dos nossos objetivos. S\u00e3o eles:<\/p>\n\n\n\n<div style=\"height:30px\" aria-hidden=\"true\" class=\"wp-block-spacer\"><\/div>\n\n\n\n<div class=\"wp-block-columns is-layout-flex wp-container-core-columns-is-layout-9d6595d7 wp-block-columns-is-layout-flex\">\n<div class=\"wp-block-column is-layout-flow wp-block-column-is-layout-flow\">\n<p><a href=\"https:\/\/sites.uel.br\/cursinho\"><strong>CEPV<\/strong>&nbsp;\u2013 Curso Especial Pr\u00e9-Vestibular<\/a><\/p>\n\n\n\n<p><a href=\"https:\/\/www.cops.uel.br\/v2\/\"><strong>COPS<\/strong>&nbsp;\u2013 Coordenadoria de Processos Seletivos<\/a><\/p>\n\n\n\n<p><a href=\"https:\/\/sites.uel.br\/pdi\/ipac-londrina\/\"><strong>IPAC<\/strong>&nbsp;\u2013 Invent\u00e1rio e Prote\u00e7\u00e3o do Acervo Cultural de Londrina<\/a><\/p>\n\n\n\n<p><a href=\"https:\/\/sites.uel.br\/labted\/\"><strong>LABTED<\/strong>&nbsp;\u2013 Laborat\u00f3rio de Tecnologia Educacional<\/a><\/p>\n<\/div>\n\n\n\n<div class=\"wp-block-column is-layout-flow wp-block-column-is-layout-flow\">\n<p><a href=\"https:\/\/sites.uel.br\/leafro\"><strong>LEAFRO<\/strong>&nbsp;\u2013 Laborat\u00f3rio de Estudos Afro-Brasileiros e Africanos<\/a><\/p>\n\n\n\n<p><a href=\"https:\/\/sites.uel.br\/neab\"><strong>NEAB<\/strong>&nbsp;\u2013 N\u00facleo de Estudos Afro-Brasileiros<\/a><\/p>\n\n\n\n<p><a href=\"https:\/\/sites.uel.br\/sebec\"><strong>SEBEC<\/strong>&nbsp;\u2013 Servi\u00e7o de Bem Estar \u00e0 Comunidade<\/a><\/p>\n\n\n\n<p><a href=\"https:\/\/sites.uel.br\/proex\"><strong>PROEX<\/strong>&nbsp;\u2013 Pr\u00f3-Reitoria de Extens\u00e3o, Cultura e Sociedade<\/a><\/p>\n\n\n\n<p><a href=\"https:\/\/sites.uel.br\/prograd\"><strong>PROGRAD<\/strong>&nbsp;\u2013 Pr\u00f3-Reitoria de Gradua\u00e7\u00e3o<\/a><\/p>\n<\/div>\n<\/div>\n","protected":false},"excerpt":{"rendered":"<p>Bolsistas de Extens\u00e3oBruna Cardoso FrancoGabriel Violin Candreva Bolsistas do PROPEAlisson Matheus FerreiraAmanda Figueiredo SantosCamila Caroline da SilvaCarlos Herrero Gon\u00e7alvesDayane Joice Meira da CostaEmanuelly Barbalho da SilvaIgor Gustavo RodriguesLaura Mateus CamposMaria Isabel de Barros NevesPamela Giovana TuriniPaola Christie Ijiri Ribeiro Bolsistas da Funda\u00e7\u00e3o Arauc\u00e1riaAmanda Magalh\u00e3es da SilvaBeatriz Lopes MarianoFelipe de Andrade MartinsLet\u00edcia Bruno dos SantosRafaella Aparecida [&hellip;]<\/p>\n","protected":false},"author":10,"featured_media":0,"parent":67,"menu_order":0,"comment_status":"closed","ping_status":"closed","template":"","meta":{"_acf_changed":false,"_themeisle_gutenberg_block_has_review":false,"footnotes":""},"class_list":["post-74","page","type-page","status-publish","hentry"],"acf":[],"_links":{"self":[{"href":"https:\/\/sites.uel.br\/prope\/wp-json\/wp\/v2\/pages\/74","targetHints":{"allow":["GET"]}}],"collection":[{"href":"https:\/\/sites.uel.br\/prope\/wp-json\/wp\/v2\/pages"}],"about":[{"href":"https:\/\/sites.uel.br\/prope\/wp-json\/wp\/v2\/types\/page"}],"author":[{"embeddable":true,"href":"https:\/\/sites.uel.br\/prope\/wp-json\/wp\/v2\/users\/10"}],"replies":[{"embeddable":true,"href":"https:\/\/sites.uel.br\/prope\/wp-json\/wp\/v2\/comments?post=74"}],"version-history":[{"count":14,"href":"https:\/\/sites.uel.br\/prope\/wp-json\/wp\/v2\/pages\/74\/revisions"}],"predecessor-version":[{"id":186,"href":"https:\/\/sites.uel.br\/prope\/wp-json\/wp\/v2\/pages\/74\/revisions\/186"}],"up":[{"embeddable":true,"href":"https:\/\/sites.uel.br\/prope\/wp-json\/wp\/v2\/pages\/67"}],"wp:attachment":[{"href":"https:\/\/sites.uel.br\/prope\/wp-json\/wp\/v2\/media?parent=74"}],"curies":[{"name":"wp","href":"https:\/\/api.w.org\/{rel}","templated":true}]}}