{"id":2,"date":"2021-03-21T23:36:11","date_gmt":"2021-03-22T02:36:11","guid":{"rendered":"https:\/\/sites.uel.br\/prope\/?page_id=2"},"modified":"2025-05-21T11:54:39","modified_gmt":"2025-05-21T14:54:39","slug":"pagina-exemplo","status":"publish","type":"page","link":"https:\/\/sites.uel.br\/prope\/","title":{"rendered":"P\u00e1gina Principal"},"content":{"rendered":"\n<figure class=\"wp-block-image size-large\"><img loading=\"lazy\" decoding=\"async\" width=\"1024\" height=\"281\" src=\"https:\/\/sites.uel.br\/prope\/wp-content\/uploads\/2025\/04\/PROPE-1024x281.png\" alt=\"\" class=\"wp-image-32\" srcset=\"https:\/\/sites.uel.br\/prope\/wp-content\/uploads\/2025\/04\/PROPE-1024x281.png 1024w, https:\/\/sites.uel.br\/prope\/wp-content\/uploads\/2025\/04\/PROPE-300x82.png 300w, https:\/\/sites.uel.br\/prope\/wp-content\/uploads\/2025\/04\/PROPE-768x211.png 768w, https:\/\/sites.uel.br\/prope\/wp-content\/uploads\/2025\/04\/PROPE.png 1536w\" sizes=\"auto, (max-width: 1024px) 100vw, 1024px\" \/><\/figure>\n\n\n\n<p>O PROPE tem como objetivo desenvolver mecanismos pedag\u00f3gicos e de assist\u00eancia estudantil que atendam \u00e0s novas demandas decorrentes das mudan\u00e7as no perfil dos estudantes ingressantes. Busca-se, com isso, manter e aprimorar a qualidade da forma\u00e7\u00e3o universit\u00e1ria oferecida. Al\u00e9m disso, o programa contempla a\u00e7\u00f5es voltadas \u00e0 divulga\u00e7\u00e3o das formas de ingresso na universidade, especialmente junto aos estudantes de escolas p\u00fablicas da regi\u00e3o, fortalecendo o v\u00ednculo com a comunidade e promovendo o acesso ao ensino superior.<\/p>\n\n\n\n<div class=\"wp-block-columns is-layout-flex wp-container-core-columns-is-layout-9d6595d7 wp-block-columns-is-layout-flex\">\n<div class=\"wp-block-column is-layout-flow wp-block-column-is-layout-flow\">\n<div class=\"wp-block-uel-card\">\n<p class=\"has-text-align-center has-verde-escuro-color has-text-color has-link-color wp-elements-8710b7c50aed9f7903e272469f84a123\"><strong>ESTUDE NA UEL<\/strong><\/p>\n\n\n\n<p>Ampliar o alcance das oportunidades de ingresso na UEL entre os estudantes do Ensino M\u00e9dio da Rede P\u00fablica de ensino. Divulgar com destaque as diversas formas de acesso dispon\u00edveis e mostrar que o sonho da universidade est\u00e1 mais perto do que eles imaginam:<\/p>\n\n\n\n<ul class=\"wp-block-list\">\n<li>A Feira das Profiss\u00f5es;<\/li>\n\n\n\n<li>O Cursinho Especial Pr\u00e9-Vestibular &#8211; CEPV;<\/li>\n\n\n\n<li>A isen\u00e7\u00e3o da taxa do Vestibular;<\/li>\n\n\n\n<li>O sistema de cotas;<\/li>\n\n\n\n<li>As op\u00e7\u00f5es de ingresso, como Vestibular UEL, Prova Paran\u00e1 Mais, SiSU e vagas remanescentes.<\/li>\n<\/ul>\n<\/div>\n<\/div>\n\n\n\n<div class=\"wp-block-column is-layout-flow wp-block-column-is-layout-flow\">\n<div class=\"wp-block-uel-card\">\n<p class=\"has-text-align-center has-verde-escuro-color has-text-color has-link-color wp-elements-b65e51bf69a45b7ab4c4ed72db5d1b6b\"><strong>APOIO PEDAG\u00d3GICO<\/strong><\/p>\n\n\n\n<p>A a\u00e7\u00e3o tem como finalidade oferecer apoio pedag\u00f3gico aos estudantes de gradua\u00e7\u00e3o, visando \u00e0 supera\u00e7\u00e3o de lacunas formativas identificadas em \u00e1reas com maior \u00edndice de dificuldades. A proposta ser\u00e1 desenvolvida com a participa\u00e7\u00e3o do LABTED e do Cursinho Pr\u00e9-Vestibular da UEL, em articula\u00e7\u00e3o com os colegiados de curso, de forma a promover o fortalecimento do desempenho acad\u00eamico e a perman\u00eancia estudantil.<\/p>\n<\/div>\n<\/div>\n\n\n\n<div class=\"wp-block-column is-layout-flow wp-block-column-is-layout-flow\">\n<div class=\"wp-block-uel-card\">\n<p class=\"has-text-align-center has-verde-escuro-color has-text-color has-link-color wp-elements-7c1429a48cad6b5ed3c9e90e29f162f8\"><strong>ASSIST\u00caNCIA ESTUDANTIL<\/strong><\/p>\n\n\n\n<p>A iniciativa tem como prop\u00f3sito apoiar a\u00e7\u00f5es voltadas a supera\u00e7\u00e3o de situa\u00e7\u00f5es de vulnerabilidade enfrentadas por estudantes de gradua\u00e7\u00e3o, com o objetivo de assegurar sua perman\u00eancia e continuidade nos cursos de forma\u00e7\u00e3o. As a\u00e7\u00f5es contemplam as \u00e1reas de sa\u00fade, moradia, alimenta\u00e7\u00e3o, transporte e apoio financeiro, sendo desenvolvidas com o respaldo do SEBEC, setor respons\u00e1vel por pol\u00edticas&nbsp; de assist\u00eancia estudantil j\u00e1 consolidadas na Universidade.<\/p>\n<\/div>\n<\/div>\n<\/div>\n\n\n\n<div class=\"wp-block-uel-card\">\n<h3 class=\"wp-block-heading is-style-highlighted-heading\">ACESSO R\u00c1PIDO<\/h3>\n\n\n\n<hr class=\"wp-block-separator has-text-color has-cinza-color has-css-opacity has-cinza-background-color has-background is-style-wide\" \/>\n\n\n<div id=\"metaslider-id-37\" style=\"width: 100%; margin: 0 auto;\" class=\"ml-slider-3-97-0 metaslider metaslider-flex metaslider-37 ml-slider ms-theme-default-base has-carousel-mode has-dots-nav\" role=\"region\" aria-roledescription=\"Slideshow\" aria-label=\"Acesso R\u00e1pido\" data-width=\"155\">\n    <div id=\"metaslider_container_37\">\n        <div id=\"metaslider_37\">\n            <ul class='slides'>\n                <li style=\"display: none; width: 100%;\" class=\"slide-39 ms-image \" aria-roledescription=\"slide\" aria-label=\"slide-39\" data-date=\"2025-04-29 10:44:12\"><a href=\"https:\/\/sites.uel.br\/prograd\/cursos-de-graduacao-da-uel\/\" target=\"_blank\" class=\"metaslider_image_link\"><img loading=\"lazy\" decoding=\"async\" width=\"2023\" height=\"2023\" src=\"https:\/\/sites.uel.br\/prope\/wp-content\/uploads\/2025\/04\/3.png\" class=\"slider-37 slide-39\" alt=\"\" rel=\"\" title=\"3\" srcset=\"https:\/\/sites.uel.br\/prope\/wp-content\/uploads\/2025\/04\/3.png 2023w, https:\/\/sites.uel.br\/prope\/wp-content\/uploads\/2025\/04\/3-300x300.png 300w, https:\/\/sites.uel.br\/prope\/wp-content\/uploads\/2025\/04\/3-1024x1024.png 1024w, https:\/\/sites.uel.br\/prope\/wp-content\/uploads\/2025\/04\/3-150x150.png 150w, https:\/\/sites.uel.br\/prope\/wp-content\/uploads\/2025\/04\/3-768x768.png 768w, https:\/\/sites.uel.br\/prope\/wp-content\/uploads\/2025\/04\/3-1536x1536.png 1536w\" sizes=\"auto, (max-width: 2023px) 100vw, 2023px\" \/><\/a><\/li>\n                <li style=\"display: none; width: 100%;\" class=\"slide-43 ms-image \" aria-roledescription=\"slide\" aria-label=\"slide-43\" data-date=\"2025-04-29 10:51:45\"><a href=\"https:\/\/www.cops.uel.br\/\" target=\"_blank\" class=\"metaslider_image_link\"><img loading=\"lazy\" decoding=\"async\" width=\"2023\" height=\"2023\" src=\"https:\/\/sites.uel.br\/prope\/wp-content\/uploads\/2025\/04\/4.png\" class=\"slider-37 slide-43\" alt=\"\" rel=\"\" title=\"4\" srcset=\"https:\/\/sites.uel.br\/prope\/wp-content\/uploads\/2025\/04\/4.png 2023w, https:\/\/sites.uel.br\/prope\/wp-content\/uploads\/2025\/04\/4-300x300.png 300w, https:\/\/sites.uel.br\/prope\/wp-content\/uploads\/2025\/04\/4-1024x1024.png 1024w, https:\/\/sites.uel.br\/prope\/wp-content\/uploads\/2025\/04\/4-150x150.png 150w, https:\/\/sites.uel.br\/prope\/wp-content\/uploads\/2025\/04\/4-768x768.png 768w, https:\/\/sites.uel.br\/prope\/wp-content\/uploads\/2025\/04\/4-1536x1536.png 1536w\" sizes=\"auto, (max-width: 2023px) 100vw, 2023px\" \/><\/a><\/li>\n                <li style=\"display: none; width: 100%;\" class=\"slide-46 ms-image \" aria-roledescription=\"slide\" aria-label=\"slide-46\" data-date=\"2025-04-29 11:04:54\"><a href=\"https:\/\/portal.uel.br\/estude-na-uel\/\" target=\"_blank\" class=\"metaslider_image_link\"><img loading=\"lazy\" decoding=\"async\" width=\"2023\" height=\"2023\" src=\"https:\/\/sites.uel.br\/prope\/wp-content\/uploads\/2025\/04\/5.png\" class=\"slider-37 slide-46\" alt=\"\" rel=\"\" title=\"5\" srcset=\"https:\/\/sites.uel.br\/prope\/wp-content\/uploads\/2025\/04\/5.png 2023w, https:\/\/sites.uel.br\/prope\/wp-content\/uploads\/2025\/04\/5-300x300.png 300w, https:\/\/sites.uel.br\/prope\/wp-content\/uploads\/2025\/04\/5-1024x1024.png 1024w, https:\/\/sites.uel.br\/prope\/wp-content\/uploads\/2025\/04\/5-150x150.png 150w, https:\/\/sites.uel.br\/prope\/wp-content\/uploads\/2025\/04\/5-768x768.png 768w, https:\/\/sites.uel.br\/prope\/wp-content\/uploads\/2025\/04\/5-1536x1536.png 1536w\" sizes=\"auto, (max-width: 2023px) 100vw, 2023px\" \/><\/a><\/li>\n                <li style=\"display: none; width: 100%;\" class=\"slide-48 ms-image \" aria-roledescription=\"slide\" aria-label=\"slide-48\" data-date=\"2025-04-29 11:08:09\"><a href=\"https:\/\/sites.uel.br\/cursinho\/\" target=\"_blank\" class=\"metaslider_image_link\"><img loading=\"lazy\" decoding=\"async\" width=\"2023\" height=\"2023\" src=\"https:\/\/sites.uel.br\/prope\/wp-content\/uploads\/2025\/04\/6.png\" class=\"slider-37 slide-48\" alt=\"\" rel=\"\" title=\"6\" srcset=\"https:\/\/sites.uel.br\/prope\/wp-content\/uploads\/2025\/04\/6.png 2023w, https:\/\/sites.uel.br\/prope\/wp-content\/uploads\/2025\/04\/6-300x300.png 300w, https:\/\/sites.uel.br\/prope\/wp-content\/uploads\/2025\/04\/6-1024x1024.png 1024w, https:\/\/sites.uel.br\/prope\/wp-content\/uploads\/2025\/04\/6-150x150.png 150w, https:\/\/sites.uel.br\/prope\/wp-content\/uploads\/2025\/04\/6-768x768.png 768w, https:\/\/sites.uel.br\/prope\/wp-content\/uploads\/2025\/04\/6-1536x1536.png 1536w\" sizes=\"auto, (max-width: 2023px) 100vw, 2023px\" \/><\/a><\/li>\n                <li style=\"display: none; width: 100%;\" class=\"slide-163 ms-image \" aria-roledescription=\"slide\" aria-label=\"slide-163\" data-date=\"2025-04-30 17:05:57\"><img loading=\"lazy\" decoding=\"async\" width=\"2023\" height=\"2023\" src=\"https:\/\/sites.uel.br\/prope\/wp-content\/uploads\/2025\/04\/7.png\" class=\"slider-37 slide-163\" alt=\"\" rel=\"\" title=\"7\" srcset=\"https:\/\/sites.uel.br\/prope\/wp-content\/uploads\/2025\/04\/7.png 2023w, https:\/\/sites.uel.br\/prope\/wp-content\/uploads\/2025\/04\/7-300x300.png 300w, https:\/\/sites.uel.br\/prope\/wp-content\/uploads\/2025\/04\/7-1024x1024.png 1024w, https:\/\/sites.uel.br\/prope\/wp-content\/uploads\/2025\/04\/7-150x150.png 150w, https:\/\/sites.uel.br\/prope\/wp-content\/uploads\/2025\/04\/7-768x768.png 768w, https:\/\/sites.uel.br\/prope\/wp-content\/uploads\/2025\/04\/7-1536x1536.png 1536w\" sizes=\"auto, (max-width: 2023px) 100vw, 2023px\" \/><\/li>\n                <li style=\"display: none; width: 100%;\" class=\"slide-165 ms-image \" aria-roledescription=\"slide\" aria-label=\"slide-165\" data-date=\"2025-04-30 17:06:24\"><a href=\"https:\/\/sites.uel.br\/prope\/ensino-medio\/material-de-apoio\/\" target=\"_self\" class=\"metaslider_image_link\"><img loading=\"lazy\" decoding=\"async\" width=\"2023\" height=\"2023\" src=\"https:\/\/sites.uel.br\/prope\/wp-content\/uploads\/2025\/04\/8.png\" class=\"slider-37 slide-165\" alt=\"\" rel=\"\" title=\"8\" srcset=\"https:\/\/sites.uel.br\/prope\/wp-content\/uploads\/2025\/04\/8.png 2023w, https:\/\/sites.uel.br\/prope\/wp-content\/uploads\/2025\/04\/8-300x300.png 300w, https:\/\/sites.uel.br\/prope\/wp-content\/uploads\/2025\/04\/8-1024x1024.png 1024w, https:\/\/sites.uel.br\/prope\/wp-content\/uploads\/2025\/04\/8-150x150.png 150w, https:\/\/sites.uel.br\/prope\/wp-content\/uploads\/2025\/04\/8-768x768.png 768w, https:\/\/sites.uel.br\/prope\/wp-content\/uploads\/2025\/04\/8-1536x1536.png 1536w\" sizes=\"auto, (max-width: 2023px) 100vw, 2023px\" \/><\/a><\/li>\n                <li style=\"display: none; width: 100%;\" class=\"slide-167 ms-image \" aria-roledescription=\"slide\" aria-label=\"slide-167\" data-date=\"2025-04-30 17:07:32\"><a href=\"https:\/\/sites.uel.br\/sebec\/\" target=\"_self\" class=\"metaslider_image_link\"><img loading=\"lazy\" decoding=\"async\" width=\"2023\" height=\"2023\" src=\"https:\/\/sites.uel.br\/prope\/wp-content\/uploads\/2025\/04\/9.png\" class=\"slider-37 slide-167\" alt=\"\" rel=\"\" title=\"9\" srcset=\"https:\/\/sites.uel.br\/prope\/wp-content\/uploads\/2025\/04\/9.png 2023w, https:\/\/sites.uel.br\/prope\/wp-content\/uploads\/2025\/04\/9-300x300.png 300w, https:\/\/sites.uel.br\/prope\/wp-content\/uploads\/2025\/04\/9-1024x1024.png 1024w, https:\/\/sites.uel.br\/prope\/wp-content\/uploads\/2025\/04\/9-150x150.png 150w, https:\/\/sites.uel.br\/prope\/wp-content\/uploads\/2025\/04\/9-768x768.png 768w, https:\/\/sites.uel.br\/prope\/wp-content\/uploads\/2025\/04\/9-1536x1536.png 1536w\" sizes=\"auto, (max-width: 2023px) 100vw, 2023px\" \/><\/a><\/li>\n                <li style=\"display: none; width: 100%;\" class=\"slide-169 ms-image \" aria-roledescription=\"slide\" aria-label=\"slide-169\" data-date=\"2025-04-30 17:08:34\"><a href=\"https:\/\/sites.uel.br\/labted\/\" target=\"_self\" class=\"metaslider_image_link\"><img loading=\"lazy\" decoding=\"async\" width=\"2023\" height=\"2023\" src=\"https:\/\/sites.uel.br\/prope\/wp-content\/uploads\/2025\/04\/10.png\" class=\"slider-37 slide-169\" alt=\"\" rel=\"\" title=\"10\" srcset=\"https:\/\/sites.uel.br\/prope\/wp-content\/uploads\/2025\/04\/10.png 2023w, https:\/\/sites.uel.br\/prope\/wp-content\/uploads\/2025\/04\/10-300x300.png 300w, https:\/\/sites.uel.br\/prope\/wp-content\/uploads\/2025\/04\/10-1024x1024.png 1024w, https:\/\/sites.uel.br\/prope\/wp-content\/uploads\/2025\/04\/10-150x150.png 150w, https:\/\/sites.uel.br\/prope\/wp-content\/uploads\/2025\/04\/10-768x768.png 768w, https:\/\/sites.uel.br\/prope\/wp-content\/uploads\/2025\/04\/10-1536x1536.png 1536w\" sizes=\"auto, (max-width: 2023px) 100vw, 2023px\" \/><\/a><\/li>\n            <\/ul>\n        <\/div>\n        \n    <\/div>\n<\/div>\n<\/div>\n\n\n\n<div class=\"wp-block-uel-card\">\n<h3 class=\"wp-block-heading\">Not\u00edcias<\/h3>\n\n\n\n                <div class=\"feed-noticias-perobal alm-listing alm-ajax alm-has-transition\" id=\"feed-noticias-perobal-Vestibular\"><a class=\"noticia-padrao d-flex flex-column flex-md-row align-items-start\" href=\"https:\/\/operobal.uel.br\/cepv\/2026\/03\/12\/cursinho-especial-pre-vestibular-da-uel-realiza-aula-inaugural\/\">\n                                                    <img decoding=\"async\" class=\"lazy entered loaded\" src=\"https:\/\/operobal.uel.br\/wp-content\/uploads\/2026\/03\/imaugural.jpg\"\/>    \n                                                    <article class=\"ml-0 ml-md-4 corpo-noticia-padrao\">\n                                                        <p class=\"antetitulo mb-0\">Vestibular<\/p>\n                                                        <p class=\"titulo mb-2\">Cursinho Especial Pr\u00e9-Vestibular da UEL realiza aula inaugural para mais de 300 vestibulandos<\/p>\n                                                        <p class=\"descricao\">Alunos foram selecionados pelo Sebec por crit\u00e9rio socioecon\u00f4mico e iniciam sua jornada rumo ao Vestibular 2027.<\/p>\n                                                    <\/article>\n                                                <\/a><hr class=\"mt-4 mb-4 d-none d-md-block\"><a class=\"noticia-padrao d-flex flex-column flex-md-row align-items-start\" href=\"https:\/\/operobal.uel.br\/prograd\/2026\/03\/06\/curso-pre-vestibular-praxis-itinerante-abre-50-vagas-na-zona-norte\/\">\n                                                    <img decoding=\"async\" class=\"lazy entered loaded\" src=\"https:\/\/operobal.uel.br\/wp-content\/uploads\/2026\/03\/capa-site-1536x640-1.png\"\/>    \n                                                    <article class=\"ml-0 ml-md-4 corpo-noticia-padrao\">\n                                                        <p class=\"antetitulo mb-0\">Pr\u00e9-Vestibular<\/p>\n                                                        <p class=\"titulo mb-2\">Curso pr\u00e9-vestibular Pr\u00e1xis Itinerante abre 50 vagas na Zona Norte<\/p>\n                                                        <p class=\"descricao\">Aulas s\u00e3o gratuitas. Iniciativa \u00e9 uma parceria entre UEL e N\u00facleo Saul Elkind+Forte e ACINRENOR.<\/p>\n                                                    <\/article>\n                                                <\/a><hr class=\"mt-4 mb-4 d-none d-md-block\"><a class=\"noticia-padrao d-flex flex-column flex-md-row align-items-start\" href=\"https:\/\/operobal.uel.br\/cops\/2026\/03\/05\/uel-oferta-vagas-remanescentes-para-o-ano-letivo-2026\/\">\n                                                    <img decoding=\"async\" class=\"lazy entered loaded\" src=\"https:\/\/operobal.uel.br\/wp-content\/uploads\/2025\/06\/extudantes-em-sala-de-aula.jpg\"\/>    \n                                                    <article class=\"ml-0 ml-md-4 corpo-noticia-padrao\">\n                                                        <p class=\"antetitulo mb-0\">Oferta de Vagas<\/p>\n                                                        <p class=\"titulo mb-2\">Primeira Sele\u00e7\u00e3o Unificada da UEL oferta 115 vagas remanescentes para o ano letivo 2026<\/p>\n                                                        <p class=\"descricao\"> O prazo das inscri\u00e7\u00f5es permanece aberto at\u00e9 dia 10 de mar\u00e7o, \u00e0s 23h59, exclusivamente por meio do formul\u00e1rio dispon\u00edvel no site da Cops. <\/p>\n                                                    <\/article>\n                                                <\/a><hr class=\"mt-4 mb-4 d-none d-md-block\"><a class=\"noticia-padrao d-flex flex-column flex-md-row align-items-start\" href=\"https:\/\/operobal.uel.br\/educacao\/2026\/01\/14\/estude-na-uel-sisu-aprova-parana-universidades-e-outras-formas-de-ingresso-na-graduacao\/\">\n                                                    <img decoding=\"async\" class=\"lazy entered loaded\" src=\"https:\/\/operobal.uel.br\/wp-content\/uploads\/2022\/12\/Cenas-do-Campus-GA280414-13-scaled.jpg\"\/>    \n                                                    <article class=\"ml-0 ml-md-4 corpo-noticia-padrao\">\n                                                        <p class=\"antetitulo mb-0\"><\/p>\n                                                        <p class=\"titulo mb-2\">Estude na UEL: Sisu, Aprova Paran\u00e1 Universidades e outras formas de ingresso\u00a0na gradua\u00e7\u00e3o<\/p>\n                                                        <p class=\"descricao\">Universidade oferece 3.180 vagas em 53 cursos de gradua\u00e7\u00e3o para ingresso no ano letivo de 2026.<\/p>\n                                                    <\/article>\n                                                <\/a><hr class=\"mt-4 mb-4 d-none d-md-block\"><a class=\"noticia-padrao d-flex flex-column flex-md-row align-items-start\" href=\"https:\/\/operobal.uel.br\/vestibular\/2026\/01\/12\/cops-divulga-2a-convocacao-do-vestibular-uel-2026-nesta-terca-13\/\">\n                                                    <img decoding=\"async\" class=\"lazy entered loaded\" src=\"https:\/\/operobal.uel.br\/wp-content\/uploads\/2025\/08\/vestibular-uel-2026.jpg\"\/>    \n                                                    <article class=\"ml-0 ml-md-4 corpo-noticia-padrao\">\n                                                        <p class=\"antetitulo mb-0\"><\/p>\n                                                        <p class=\"titulo mb-2\">Cops divulga 2\u00aa convoca\u00e7\u00e3o do Vestibular UEL 2026 nesta ter\u00e7a (13)<\/p>\n                                                        <p class=\"descricao\">A lista traz os nomes de 140 candidatos aprovados. O prazo para pr\u00e9-matr\u00edcula termina dia 15 de janeiro, \u00e0s 23h59.<\/p>\n                                                    <\/article>\n                                                <\/a><\/div><button id=\"feed-noticias-perobal-load-moreVestibular\" type=\"button\" class=\"feed-noticias-button\" data-endpoint=\"https:\/\/operobal.uel.br\/wp-json\/wp-perobal\/v1\/posts\/tags\/Vestibular?numberposts=50\" data-ppp=\"5\" data-pages=\"5\">Leia mais<\/button><\/div>\n\n\n\n<h3 class=\"wp-block-heading\">Conhe\u00e7a a UEL<\/h3>\n\n\n\n<div class=\"wp-block-columns is-layout-flex wp-container-core-columns-is-layout-9d6595d7 wp-block-columns-is-layout-flex\">\n<div class=\"wp-block-column is-layout-flow wp-block-column-is-layout-flow\">\n<figure class=\"wp-block-embed is-type-video is-provider-youtube wp-block-embed-youtube wp-embed-aspect-16-9 wp-has-aspect-ratio\"><div class=\"wp-block-embed__wrapper\">\n<iframe loading=\"lazy\" title=\"V\u00eddeo Institucional - UEL - Portugu\u00eas\/Legenda\/Libras\" width=\"500\" height=\"281\" src=\"https:\/\/www.youtube.com\/embed\/dPsctr58qGU?list=PLDZ6BN2nohiU1bUAeTAEztjw6GIy-8Bci\" frameborder=\"0\" allow=\"accelerometer; autoplay; clipboard-write; encrypted-media; gyroscope; picture-in-picture; web-share\" referrerpolicy=\"strict-origin-when-cross-origin\" allowfullscreen><\/iframe>\n<\/div><\/figure>\n<\/div>\n\n\n\n<div class=\"wp-block-column is-layout-flow wp-block-column-is-layout-flow\">\n<figure class=\"wp-block-embed is-type-video is-provider-youtube wp-block-embed-youtube wp-embed-aspect-16-9 wp-has-aspect-ratio\"><div class=\"wp-block-embed__wrapper\">\n<iframe loading=\"lazy\" title=\"Cursos de A a Z\" width=\"500\" height=\"281\" src=\"https:\/\/www.youtube.com\/embed\/videoseries?list=PLViP9rEFf1TMNC7bufHvtjh2ljFXM1hgz\" frameborder=\"0\" allow=\"accelerometer; autoplay; clipboard-write; encrypted-media; gyroscope; picture-in-picture; web-share\" referrerpolicy=\"strict-origin-when-cross-origin\" allowfullscreen><\/iframe>\n<\/div><\/figure>\n<\/div>\n<\/div>\n","protected":false},"excerpt":{"rendered":"<p>O PROPE tem como objetivo desenvolver mecanismos pedag\u00f3gicos e de assist\u00eancia estudantil que atendam \u00e0s novas demandas decorrentes das mudan\u00e7as no perfil dos estudantes ingressantes. Busca-se, com isso, manter e aprimorar a qualidade da forma\u00e7\u00e3o universit\u00e1ria oferecida. Al\u00e9m disso, o programa contempla a\u00e7\u00f5es voltadas \u00e0 divulga\u00e7\u00e3o das formas de ingresso na universidade, especialmente junto aos [&hellip;]<\/p>\n","protected":false},"author":1,"featured_media":0,"parent":0,"menu_order":0,"comment_status":"closed","ping_status":"closed","template":"","meta":{"_acf_changed":false,"_themeisle_gutenberg_block_has_review":false,"footnotes":""},"class_list":["post-2","page","type-page","status-publish","hentry"],"acf":[],"_links":{"self":[{"href":"https:\/\/sites.uel.br\/prope\/wp-json\/wp\/v2\/pages\/2","targetHints":{"allow":["GET"]}}],"collection":[{"href":"https:\/\/sites.uel.br\/prope\/wp-json\/wp\/v2\/pages"}],"about":[{"href":"https:\/\/sites.uel.br\/prope\/wp-json\/wp\/v2\/types\/page"}],"author":[{"embeddable":true,"href":"https:\/\/sites.uel.br\/prope\/wp-json\/wp\/v2\/users\/1"}],"replies":[{"embeddable":true,"href":"https:\/\/sites.uel.br\/prope\/wp-json\/wp\/v2\/comments?post=2"}],"version-history":[{"count":16,"href":"https:\/\/sites.uel.br\/prope\/wp-json\/wp\/v2\/pages\/2\/revisions"}],"predecessor-version":[{"id":185,"href":"https:\/\/sites.uel.br\/prope\/wp-json\/wp\/v2\/pages\/2\/revisions\/185"}],"wp:attachment":[{"href":"https:\/\/sites.uel.br\/prope\/wp-json\/wp\/v2\/media?parent=2"}],"curies":[{"name":"wp","href":"https:\/\/api.w.org\/{rel}","templated":true}]}}