{"id":117,"date":"2025-04-29T12:08:28","date_gmt":"2025-04-29T15:08:28","guid":{"rendered":"https:\/\/sites.uel.br\/prope\/?page_id=117"},"modified":"2025-04-29T12:08:53","modified_gmt":"2025-04-29T15:08:53","slug":"ferramentas-digitais","status":"publish","type":"page","link":"https:\/\/sites.uel.br\/prope\/aluno-de-graduacao\/ferramentas-digitais\/","title":{"rendered":"Ferramentas Digitais"},"content":{"rendered":"\n<div style=\"height:38px\" aria-hidden=\"true\" class=\"wp-block-spacer\"><\/div>\n\n\n\n<p>A Universidade Estadual de Londrina oferece uma s\u00e9rie de recursos tecnol\u00f3gicos gratuitos para facilitar a vida acad\u00eamica dos seus estudantes. Confira:<\/p>\n\n\n\n<div class=\"wp-block-uel-card\">\n<p><strong><a href=\"https:\/\/portal.uel.br\/estudante\/\">Aplicativo UEL Mobile:<\/a><\/strong> Dispon\u00edvel para dispositivos Android e IOS, o aplicativo possibilita acessar a Carteirinha Digital, comprar cr\u00e9ditos no Restaurante Universit\u00e1rio, conferir hor\u00e1rios de aulas, consultar notas, verificar frequ\u00eancias, entre outras funcionalidades.&nbsp;<\/p>\n<\/div>\n\n\n\n<div class=\"wp-block-columns is-layout-flex wp-container-core-columns-is-layout-9d6595d7 wp-block-columns-is-layout-flex\">\n<div class=\"wp-block-column is-layout-flow wp-block-column-is-layout-flow\" style=\"flex-basis:100%\">\n<div class=\"wp-block-uel-card\">\n<p><strong><a href=\"https:\/\/portal.uel.br\/estudante\/\">E-mail Institucional: <\/a><\/strong>Facilita o recebimento de comunicados oficiais e a comunica\u00e7\u00e3o com os professores, e \u00e9 necess\u00e1rio para acessar os principais servi\u00e7os tecnol\u00f3gicos da UEL, como o Microsoft 365 e as ferramentas do Google Workspace.<\/p>\n<\/div>\n<\/div>\n<\/div>\n\n\n\n<div class=\"wp-block-uel-card\">\n<p><strong><a href=\"https:\/\/portal.uel.br\/estudante\/\">Microsoft 365:<\/a><\/strong> Acesso \u00e0s vers\u00f5es mais recentes de ferramentas como Word, Excel, PowerPoint, permitindo a instala\u00e7\u00e3o em at\u00e9 cinco computadores.<\/p>\n<\/div>\n\n\n\n<div class=\"wp-block-uel-card\">\n<p><strong><a href=\"https:\/\/portal.uel.br\/estudante\/\">Ferramentas Google:<\/a> <\/strong>\u00datil para os trabalhos em grupo, reuni\u00f5es virtuais e armazenamento de arquivos acad\u00eamicos, o acesso \u00e9 feito por meio do seu e-mail institucional.<\/p>\n<\/div>\n\n\n\n<div class=\"wp-block-uel-card\">\n<p><strong><a href=\"https:\/\/portal.uel.br\/estudante\/\">WIFI:<\/a> <\/strong>Para acessar a rede de internet, os estudantes precisam se cadastrar e autenticar usando as credenciais institucionais, que podem ser o n\u00famero de matr\u00edcula e senha do Portal do Estudante, ou o login (e-mail da UEL) e senha correspondentes.<\/p>\n<\/div>\n\n\n\n<p><\/p>\n","protected":false},"excerpt":{"rendered":"<p>A Universidade Estadual de Londrina oferece uma s\u00e9rie de recursos tecnol\u00f3gicos gratuitos para facilitar a vida acad\u00eamica dos seus estudantes. Confira:<\/p>\n","protected":false},"author":10,"featured_media":0,"parent":110,"menu_order":0,"comment_status":"closed","ping_status":"closed","template":"","meta":{"_acf_changed":false,"_themeisle_gutenberg_block_has_review":false,"footnotes":""},"class_list":["post-117","page","type-page","status-publish","hentry"],"acf":[],"_links":{"self":[{"href":"https:\/\/sites.uel.br\/prope\/wp-json\/wp\/v2\/pages\/117","targetHints":{"allow":["GET"]}}],"collection":[{"href":"https:\/\/sites.uel.br\/prope\/wp-json\/wp\/v2\/pages"}],"about":[{"href":"https:\/\/sites.uel.br\/prope\/wp-json\/wp\/v2\/types\/page"}],"author":[{"embeddable":true,"href":"https:\/\/sites.uel.br\/prope\/wp-json\/wp\/v2\/users\/10"}],"replies":[{"embeddable":true,"href":"https:\/\/sites.uel.br\/prope\/wp-json\/wp\/v2\/comments?post=117"}],"version-history":[{"count":2,"href":"https:\/\/sites.uel.br\/prope\/wp-json\/wp\/v2\/pages\/117\/revisions"}],"predecessor-version":[{"id":119,"href":"https:\/\/sites.uel.br\/prope\/wp-json\/wp\/v2\/pages\/117\/revisions\/119"}],"up":[{"embeddable":true,"href":"https:\/\/sites.uel.br\/prope\/wp-json\/wp\/v2\/pages\/110"}],"wp:attachment":[{"href":"https:\/\/sites.uel.br\/prope\/wp-json\/wp\/v2\/media?parent=117"}],"curies":[{"name":"wp","href":"https:\/\/api.w.org\/{rel}","templated":true}]}}