{"id":104,"date":"2025-04-29T12:03:19","date_gmt":"2025-04-29T15:03:19","guid":{"rendered":"https:\/\/sites.uel.br\/prope\/?page_id=104"},"modified":"2025-05-20T16:22:27","modified_gmt":"2025-05-20T19:22:27","slug":"material-de-apoio","status":"publish","type":"page","link":"https:\/\/sites.uel.br\/prope\/ensino-medio\/material-de-apoio\/","title":{"rendered":"Material de Apoio"},"content":{"rendered":"\n<div style=\"height:38px\" aria-hidden=\"true\" class=\"wp-block-spacer\"><\/div>\n\n\n\n<p>Para voc\u00ea, futuro candidato ao vestibular, a UEL oferece diversas formas de prepara\u00e7\u00e3o para que voc\u00ea se sinta mais confiante. Confira:<\/p>\n\n\n\n<div style=\"height:30px\" aria-hidden=\"true\" class=\"wp-block-spacer\"><\/div>\n\n\n\n<div class=\"wp-block-uel-card\">\n<p><strong><a href=\"https:\/\/www.cops.uel.br\/v2\/documento.php?id=29\">Revista Di\u00e1logos Pedag\u00f3gicos:<\/a><\/strong> Desde 2009, a Coordenadoria de Processos Seletivos (COPS) disponibiliza, por meio da <em>Revista Di\u00e1logos Pedag\u00f3gicos<\/em>, as provas dos vestibulares comentadas, uma excelente ferramenta para a sua prepara\u00e7\u00e3o.<\/p>\n<\/div>\n\n\n\n<div class=\"wp-block-uel-card\">\n<p><a href=\"https:\/\/sites.uel.br\/cursinho\/\"><strong>Conte\u00fados Exclusivos CEPV:<\/strong><\/a> O Curso Especial Pr\u00e9-Vestibular da UEL oferece conte\u00fados exclusivos para auxiliar os candidatos. No site do curso, voc\u00ea encontra aulas online sobre diversos temas, como matem\u00e1tica, f\u00edsica, atualidades, artes, entre outros, al\u00e9m de \u00e1udios das apostilas utilizadas no CEPV. Uma oportunidade \u00fanica para refor\u00e7ar seus estudos e se preparar da melhor forma poss\u00edvel.<\/p>\n<\/div>\n","protected":false},"excerpt":{"rendered":"<p>Para voc\u00ea, futuro candidato ao vestibular, a UEL oferece diversas formas de prepara\u00e7\u00e3o para que voc\u00ea se sinta mais confiante. Confira:<\/p>\n","protected":false},"author":10,"featured_media":0,"parent":98,"menu_order":0,"comment_status":"closed","ping_status":"closed","template":"","meta":{"_acf_changed":false,"_themeisle_gutenberg_block_has_review":false,"footnotes":""},"class_list":["post-104","page","type-page","status-publish","hentry"],"acf":[],"_links":{"self":[{"href":"https:\/\/sites.uel.br\/prope\/wp-json\/wp\/v2\/pages\/104","targetHints":{"allow":["GET"]}}],"collection":[{"href":"https:\/\/sites.uel.br\/prope\/wp-json\/wp\/v2\/pages"}],"about":[{"href":"https:\/\/sites.uel.br\/prope\/wp-json\/wp\/v2\/types\/page"}],"author":[{"embeddable":true,"href":"https:\/\/sites.uel.br\/prope\/wp-json\/wp\/v2\/users\/10"}],"replies":[{"embeddable":true,"href":"https:\/\/sites.uel.br\/prope\/wp-json\/wp\/v2\/comments?post=104"}],"version-history":[{"count":4,"href":"https:\/\/sites.uel.br\/prope\/wp-json\/wp\/v2\/pages\/104\/revisions"}],"predecessor-version":[{"id":175,"href":"https:\/\/sites.uel.br\/prope\/wp-json\/wp\/v2\/pages\/104\/revisions\/175"}],"up":[{"embeddable":true,"href":"https:\/\/sites.uel.br\/prope\/wp-json\/wp\/v2\/pages\/98"}],"wp:attachment":[{"href":"https:\/\/sites.uel.br\/prope\/wp-json\/wp\/v2\/media?parent=104"}],"curies":[{"name":"wp","href":"https:\/\/api.w.org\/{rel}","templated":true}]}}