{"id":8618,"date":"2023-06-07T16:10:08","date_gmt":"2023-06-07T19:10:08","guid":{"rendered":"https:\/\/sites.uel.br\/prograd\/?page_id=8618"},"modified":"2024-04-29T10:34:22","modified_gmt":"2024-04-29T13:34:22","slug":"catalogo-dos-cursos-de-graduacao-2016-historia","status":"publish","type":"page","link":"https:\/\/sites.uel.br\/prograd\/catalogo-dos-cursos-de-graduacao-2016-historia\/","title":{"rendered":"Cat\u00e1logo dos Cursos de Gradua\u00e7\u00e3o (2016)"},"content":{"rendered":"\n<hr class=\"wp-block-separator has-alpha-channel-opacity is-style-wide\"\/>\n\n\n\n<h2 class=\"wp-block-heading\">Hist\u00f3ria<\/h2>\n\n\n\n<p><a href=\"https:\/\/sites.uel.br\/prograd\/wp-content\/uploads\/catalogo_cursos\/2016\/informacoes_cursos\/historia.pdf\" target=\"_blank\" rel=\"noreferrer noopener\">Informa\u00e7\u00f5es do Curso<\/a><\/p>\n\n\n\n<p>Organiza\u00e7\u00e3o Curricular<br>(<a href=\"https:\/\/sites.uel.br\/prograd\/wp-content\/uploads\/catalogo_cursos\/2016\/organizacao_curricular\/historia_licenciatura_matutino.pdf\" target=\"_blank\" rel=\"noreferrer noopener\">Matutino<\/a>) (<a href=\"https:\/\/sites.uel.br\/prograd\/wp-content\/uploads\/catalogo_cursos\/2016\/organizacao_curricular\/historia_licenciatura_noturno.pdf\" target=\"_blank\" rel=\"noreferrer noopener\">Noturno<\/a>)<\/p>\n\n\n\n<p>Ementas<br>(<a href=\"https:\/\/sites.uel.br\/prograd\/wp-content\/uploads\/catalogo_cursos\/2016\/ementas\/historia_licenciatura_matutino.pdf\" target=\"_blank\" rel=\"noreferrer noopener\">Matutino<\/a>) (<a href=\"https:\/\/sites.uel.br\/prograd\/wp-content\/uploads\/catalogo_cursos\/2016\/ementas\/historia_licenciatura_noturno.pdf\" target=\"_blank\" rel=\"noreferrer noopener\">Noturno<\/a>)<\/p>\n\n\n\n<p><a href=\"https:\/\/sites.uel.br\/prograd\/wp-content\/uploads\/catalogo_cursos\/2016\/corpo_docente\/historia.pdf\" target=\"_blank\" rel=\"noreferrer noopener\">Corpo Docente<\/a><\/p>\n\n\n\n<p><a href=\"https:\/\/sites.uel.br\/prograd\/wp-content\/uploads\/catalogo_cursos\/2016\/estrutura_recursos\/clch.pdf\" target=\"_blank\" rel=\"noreferrer noopener\">Estrutura\/Recursos<\/a><\/p>\n","protected":false},"excerpt":{"rendered":"<p>Hist\u00f3ria Informa\u00e7\u00f5es do Curso Organiza\u00e7\u00e3o Curricular(Matutino) (Noturno) Ementas(Matutino) (Noturno) Corpo Docente Estrutura\/Recursos<\/p>\n","protected":false},"author":8,"featured_media":0,"parent":0,"menu_order":0,"comment_status":"closed","ping_status":"closed","template":"","meta":{"_acf_changed":false,"_themeisle_gutenberg_block_has_review":false,"footnotes":""},"class_list":["post-8618","page","type-page","status-publish","hentry"],"acf":[],"_links":{"self":[{"href":"https:\/\/sites.uel.br\/prograd\/wp-json\/wp\/v2\/pages\/8618","targetHints":{"allow":["GET"]}}],"collection":[{"href":"https:\/\/sites.uel.br\/prograd\/wp-json\/wp\/v2\/pages"}],"about":[{"href":"https:\/\/sites.uel.br\/prograd\/wp-json\/wp\/v2\/types\/page"}],"author":[{"embeddable":true,"href":"https:\/\/sites.uel.br\/prograd\/wp-json\/wp\/v2\/users\/8"}],"replies":[{"embeddable":true,"href":"https:\/\/sites.uel.br\/prograd\/wp-json\/wp\/v2\/comments?post=8618"}],"version-history":[{"count":9,"href":"https:\/\/sites.uel.br\/prograd\/wp-json\/wp\/v2\/pages\/8618\/revisions"}],"predecessor-version":[{"id":28910,"href":"https:\/\/sites.uel.br\/prograd\/wp-json\/wp\/v2\/pages\/8618\/revisions\/28910"}],"wp:attachment":[{"href":"https:\/\/sites.uel.br\/prograd\/wp-json\/wp\/v2\/media?parent=8618"}],"curies":[{"name":"wp","href":"https:\/\/api.w.org\/{rel}","templated":true}]}}

Catálogo dos Cursos de Graduação (2016)

<hr class="wp-block-separator has-alpha-channel-opacity is-style-wide"/>



<h2 class="wp-block-heading">História</h2>



<p><a href="https://sites.uel.br/prograd/wp-content/uploads/catalogo_cursos/2016/informacoes_cursos/historia.pdf" target="_blank" rel="noreferrer noopener">Informações do Curso</a></p>



<p>Organização Curricular<br>(<a href="https://sites.uel.br/prograd/wp-content/uploads/catalogo_cursos/2016/organizacao_curricular/historia_licenciatura_matutino.pdf" target="_blank" rel="noreferrer noopener">Matutino</a>) (<a href="https://sites.uel.br/prograd/wp-content/uploads/catalogo_cursos/2016/organizacao_curricular/historia_licenciatura_noturno.pdf" target="_blank" rel="noreferrer noopener">Noturno</a>)</p>



<p>Ementas<br>(<a href="https://sites.uel.br/prograd/wp-content/uploads/catalogo_cursos/2016/ementas/historia_licenciatura_matutino.pdf" target="_blank" rel="noreferrer noopener">Matutino</a>) (<a href="https://sites.uel.br/prograd/wp-content/uploads/catalogo_cursos/2016/ementas/historia_licenciatura_noturno.pdf" target="_blank" rel="noreferrer noopener">Noturno</a>)</p>



<p><a href="https://sites.uel.br/prograd/wp-content/uploads/catalogo_cursos/2016/corpo_docente/historia.pdf" target="_blank" rel="noreferrer noopener">Corpo Docente</a></p>



<p><a href="https://sites.uel.br/prograd/wp-content/uploads/catalogo_cursos/2016/estrutura_recursos/clch.pdf" target="_blank" rel="noreferrer noopener">Estrutura/Recursos</a></p>

<p>História Informações do Curso Organização Curricular(Matutino) (Noturno) Ementas(Matutino) (Noturno) Corpo Docente Estrutura/Recursos</p>
