{"id":7347,"date":"2023-06-06T11:36:08","date_gmt":"2023-06-06T14:36:08","guid":{"rendered":"https:\/\/sites.uel.br\/prograd\/?page_id=7347"},"modified":"2024-05-03T14:47:20","modified_gmt":"2024-05-03T17:47:20","slug":"catalogo-dos-cursos-de-graduacao-2019-pedagogia","status":"publish","type":"page","link":"https:\/\/sites.uel.br\/prograd\/catalogo-dos-cursos-de-graduacao-2019-pedagogia\/","title":{"rendered":"Cat\u00e1logo dos Cursos de Gradua\u00e7\u00e3o (2019)"},"content":{"rendered":"\n<hr class=\"wp-block-separator has-alpha-channel-opacity is-style-wide\"\/>\n\n\n\n<h2 class=\"wp-block-heading\">Pedagogia<\/h2>\n\n\n\n<p><strong>Cria\u00e7\u00e3o<\/strong>&nbsp;<br>Decreto Estadual n.\u00ba 29.916, de 28.05.60<\/p>\n\n\n\n<p><\/p>\n\n\n\n<p><strong>Implanta\u00e7\u00e3o do Curso na UEL<\/strong>&nbsp;<br>01.03.62<\/p>\n\n\n\n<p><\/p>\n\n\n\n<p><strong>Reconhecimento<\/strong>&nbsp;<br>Decreto Estadual n\u00ba 5768, de 21\/12\/2016<\/p>\n\n\n\n<p><\/p>\n\n\n\n<p><strong>Ano de implanta\u00e7\u00e3o do curr\u00edculo em vigor<\/strong><br>2019<\/p>\n\n\n\n<p><\/p>\n\n\n\n<p><strong>Grau<\/strong>&nbsp;<br>Licenciado em Pedagogia<\/p>\n\n\n\n<p><\/p>\n\n\n\n<p><strong>C\u00f3digo\/Turno<\/strong>&nbsp;<br>34 &#8211; Matutino \/ 33 &#8211; Noturno<\/p>\n\n\n\n<p><\/p>\n\n\n\n<p><strong>Perfil do Profissional<\/strong><br>O Curso de Pedagogia formar\u00e1 um profissional cuja base de atua\u00e7\u00e3o \u00e9 Magist\u00e9rio para os Anos Iniciais do Ensino Fundamental; Magist\u00e9rio para a Educa\u00e7\u00e3o Infantil; Magist\u00e9rio das Mat\u00e9rias Pedag\u00f3gicas do Ensino M\u00e9dio e Gest\u00e3o Pedag\u00f3gica escolar e n\u00e3o escolar. O Curso de Pedagogia deve abranger a forma\u00e7\u00e3o do Pedagogo num sentido amplo que contemple a educa\u00e7\u00e3o escolar, prioritariamente, e a educa\u00e7\u00e3o n\u00e3o escolar. A primeira, entendida nas pr\u00e1ticas educativas desenvolvidas no sistema de ensino em que a institui\u00e7\u00e3o escolar configura-se como principal espa\u00e7o de atua\u00e7\u00e3o do pedagogo e, a segunda que apresenta, como espa\u00e7o de atua\u00e7\u00e3o, outras institui\u00e7\u00f5es, associa\u00e7\u00f5es, organiza\u00e7\u00f5es e grupos dos diferentes segmentos da sociedade.<\/p>\n\n\n\n<p><\/p>\n\n\n\n<p><strong>Objetivo do Curso<\/strong><br>Formar o profissional para atuar no Magist\u00e9rio da Educa\u00e7\u00e3o Infantil; Magist\u00e9rio dos Anos Iniciais do Ensino Fundamental e no Magist\u00e9rio das Mat\u00e9rias Pedag\u00f3gicas; na Gest\u00e3o Pedag\u00f3gica escolar e n\u00e3o escolar.<\/p>\n\n\n\n<p><\/p>\n\n\n\n<p><strong>Campos de Atua\u00e7\u00e3o<\/strong><br>Escolares: Doc\u00eancia (Centros de Educa\u00e7\u00e3o Infantil; Forma\u00e7\u00e3o de professores em n\u00edvel m\u00e9dio; Anos Iniciais; Educa\u00e7\u00e3o de Jovens e Adultos) e Gest\u00e3o Pedag\u00f3gica \u2013 planejamento, organiza\u00e7\u00e3o e desenvolvimento do trabalho pedag\u00f3gico escolar que se desenvolve na Educa\u00e7\u00e3o Infantil, no Ensino Fundamental e M\u00e9dio e nas demais modalidades de ensino da Educa\u00e7\u00e3o B\u00e1sica. N\u00e3o Escolares: na doc\u00eancia e na gest\u00e3o pedag\u00f3gica \u2013 planejamento, organiza\u00e7\u00e3o e desenvolvimento do trabalho pedag\u00f3gico que se desenvolve em espa\u00e7os n\u00e3o escolares (movimentos sociais, espa\u00e7os comunit\u00e1rios, projetos educativos vinculados ao Poder P\u00fablico ou nas ONGs).<\/p>\n\n\n\n<p><\/p>\n\n\n\n<p><strong>Sistema<\/strong>&nbsp;<strong>Acad\u00eamico<\/strong>&nbsp;<br>Cr\u00e9dito Semestral<\/p>\n\n\n\n<p><\/p>\n\n\n\n<p><strong>N.\u00ba<\/strong>&nbsp;<strong>de<\/strong>&nbsp;<strong>Estudantes por Turma<\/strong>&nbsp;<br>Matutino \u2013 80; Noturno &#8211; 80<\/p>\n\n\n\n<div style=\"height:30px\" aria-hidden=\"true\" class=\"wp-block-spacer\"><\/div>\n\n\n\n<h3 class=\"wp-block-heading\"><strong><strong>Saiba Mais Sobre o Curso de<\/strong> Pedagogia<\/strong><\/h3>\n\n\n\n<p>Organiza\u00e7\u00e3o Curricular<br>(<a href=\"https:\/\/sites.uel.br\/prograd\/wp-content\/uploads\/catalogo_cursos\/2019\/organizacao_curricular\/pedagogia_matutino.pdf\" target=\"_blank\" rel=\"noreferrer noopener\">Matutino<\/a>) (<a href=\"https:\/\/sites.uel.br\/prograd\/wp-content\/uploads\/catalogo_cursos\/2019\/organizacao_curricular\/pedagogia_noturno.pdf\" target=\"_blank\" rel=\"noreferrer noopener\">Noturno<\/a>)<\/p>\n\n\n\n<p>Ementas<br>(<a href=\"https:\/\/sites.uel.br\/prograd\/wp-content\/uploads\/catalogo_cursos\/2019\/ementas\/pedagogia_matutino.pdf\" target=\"_blank\" rel=\"noreferrer noopener\">Matutino<\/a>) (<a href=\"https:\/\/sites.uel.br\/prograd\/wp-content\/uploads\/catalogo_cursos\/2019\/ementas\/pedagogia_noturno.pdf\" target=\"_blank\" rel=\"noreferrer noopener\">Noturno<\/a>)<\/p>\n\n\n\n<p><a href=\"https:\/\/sites.uel.br\/prograd\/wp-content\/uploads\/catalogo_cursos\/2019\/corpo_docente\/pedagogia.pdf\" target=\"_blank\" rel=\"noreferrer noopener\">Corpo Docente<\/a><\/p>\n\n\n\n<p><a href=\"https:\/\/sites.uel.br\/prograd\/wp-content\/uploads\/catalogo_cursos\/2019\/estrutura_recursos\/ceca.pdf\" target=\"_blank\" rel=\"noreferrer noopener\">Estrutura\/Recursos<\/a><\/p>\n","protected":false},"excerpt":{"rendered":"<p>Pedagogia Cria\u00e7\u00e3o&nbsp;Decreto Estadual n.\u00ba 29.916, de 28.05.60 Implanta\u00e7\u00e3o do Curso na UEL&nbsp;01.03.62 Reconhecimento&nbsp;Decreto Estadual n\u00ba 5768, de 21\/12\/2016 Ano de implanta\u00e7\u00e3o do curr\u00edculo em vigor2019 Grau&nbsp;Licenciado em Pedagogia C\u00f3digo\/Turno&nbsp;34 &#8211; Matutino \/ 33 &#8211; Noturno Perfil do ProfissionalO Curso de Pedagogia formar\u00e1 um profissional cuja base de atua\u00e7\u00e3o \u00e9 Magist\u00e9rio para os Anos Iniciais do [&hellip;]<\/p>\n","protected":false},"author":8,"featured_media":0,"parent":0,"menu_order":0,"comment_status":"closed","ping_status":"closed","template":"","meta":{"_acf_changed":false,"_themeisle_gutenberg_block_has_review":false,"footnotes":""},"class_list":["post-7347","page","type-page","status-publish","hentry"],"acf":[],"_links":{"self":[{"href":"https:\/\/sites.uel.br\/prograd\/wp-json\/wp\/v2\/pages\/7347","targetHints":{"allow":["GET"]}}],"collection":[{"href":"https:\/\/sites.uel.br\/prograd\/wp-json\/wp\/v2\/pages"}],"about":[{"href":"https:\/\/sites.uel.br\/prograd\/wp-json\/wp\/v2\/types\/page"}],"author":[{"embeddable":true,"href":"https:\/\/sites.uel.br\/prograd\/wp-json\/wp\/v2\/users\/8"}],"replies":[{"embeddable":true,"href":"https:\/\/sites.uel.br\/prograd\/wp-json\/wp\/v2\/comments?post=7347"}],"version-history":[{"count":6,"href":"https:\/\/sites.uel.br\/prograd\/wp-json\/wp\/v2\/pages\/7347\/revisions"}],"predecessor-version":[{"id":29211,"href":"https:\/\/sites.uel.br\/prograd\/wp-json\/wp\/v2\/pages\/7347\/revisions\/29211"}],"wp:attachment":[{"href":"https:\/\/sites.uel.br\/prograd\/wp-json\/wp\/v2\/media?parent=7347"}],"curies":[{"name":"wp","href":"https:\/\/api.w.org\/{rel}","templated":true}]}}