{"id":7181,"date":"2023-06-06T10:27:40","date_gmt":"2023-06-06T13:27:40","guid":{"rendered":"https:\/\/sites.uel.br\/prograd\/?page_id=7181"},"modified":"2024-05-03T14:43:58","modified_gmt":"2024-05-03T17:43:58","slug":"catalogo-dos-cursos-de-graduacao-2019-engenharia-civil","status":"publish","type":"page","link":"https:\/\/sites.uel.br\/prograd\/catalogo-dos-cursos-de-graduacao-2019-engenharia-civil\/","title":{"rendered":"Cat\u00e1logo dos Cursos de Gradua\u00e7\u00e3o (2019)"},"content":{"rendered":"\n<hr class=\"wp-block-separator has-alpha-channel-opacity is-style-wide\"\/>\n\n\n\n<h2 class=\"wp-block-heading\">Engenharia Civil<\/h2>\n\n\n\n<p><strong>Cria\u00e7\u00e3o<\/strong>&nbsp;<br>Resolu\u00e7\u00e3o n.\u00ba 53, de 26.10.71<\/p>\n\n\n\n<p><\/p>\n\n\n\n<p><strong>Implanta\u00e7\u00e3o do Curso na UEL<\/strong>&nbsp;<br>17.02.72<\/p>\n\n\n\n<p><\/p>\n\n\n\n<p><strong>Reconhecimento<\/strong>&nbsp;<br>Decreto Estadual n\u00ba 1973, de 23\/07\/2015<\/p>\n\n\n\n<p><\/p>\n\n\n\n<p><strong>Ano de implanta\u00e7\u00e3o do curr\u00edculo em vigor<\/strong><br>2010<\/p>\n\n\n\n<p><\/p>\n\n\n\n<p><strong>Grau<\/strong>&nbsp;<br>Engenheiro Civil<\/p>\n\n\n\n<p><\/p>\n\n\n\n<p><strong>C\u00f3digo\/Turno<\/strong>&nbsp;<br>22 &#8211; Integral<\/p>\n\n\n\n<p><\/p>\n\n\n\n<p><strong>Perfil do Profissional<\/strong><br>O graduando dever\u00e1 estar apto a: atuar nas fases de projeto, execu\u00e7\u00e3o e manuten\u00e7\u00e3o de obras de Engenharia Civil; identificar e propor solu\u00e7\u00f5es de problemas da \u00e1rea; absorver e desenvolver novas tecnologias; trabalhar em equipes multidisciplinares; contribuir para a melhoria do desempenho da constru\u00e7\u00e3o civil e dominar t\u00e9cnicas b\u00e1sicas de gerenciamento, administra\u00e7\u00e3o, processos e recursos utilizados na constru\u00e7\u00e3o.<\/p>\n\n\n\n<p><\/p>\n\n\n\n<p><strong>Objetivo do Curso<\/strong><br>Formar um profissional generalista, com capacidade para atuar em diferentes \u00e1reas da Engenharia Civil, dotado dos conhecimentos requeridos para o exerc\u00edcio das respectivas compet\u00eancias e habilidades e apto a: aplicar conhecimentos matem\u00e1ticos, cient\u00edficos, tecnol\u00f3gicos e instrumentais \u00e0 engenharia; projetar e conduzir experimentos e interpretar resultados; conceber, projetar e analisar sistemas, produtos e processos; planejar, supervisionar, elaborar e coordenar projetos e servi\u00e7os de engenharia, identificar, formular e resolver problemas de engenharia; desenvolver e\/ou utilizar novas ferramentas e t\u00e9cnicas; supervisionar a opera\u00e7\u00e3o e a manuten\u00e7\u00e3o de sistemas; avaliar criticamente a opera\u00e7\u00e3o e a manuten\u00e7\u00e3o de sistemas; comunicar-se eficientemente nas formas escrita, oral e gr\u00e1fica; atuar em equipes multidisciplinares; compreender e aplicar a \u00e9tica e a responsabilidade profissional; avaliar o impacto das atividades da engenharia no contexto social e ambiental; avaliar a viabilidade econ\u00f4mica de projetos de engenharia e buscar permanentemente a atualiza\u00e7\u00e3o profissional.<\/p>\n\n\n\n<p><\/p>\n\n\n\n<p><strong>Campos de Atua\u00e7\u00e3o<\/strong><br>O Engenheiro Civil pode atuar como profissional aut\u00f4nomo, em escrit\u00f3rios de planejamento e projetos, em empresas de constru\u00e7\u00e3o civil, produ\u00e7\u00e3o de concreto, argamassas e outros materiais, em laborat\u00f3rios de pesquisa e ensaio de materiais em \u00f3rg\u00e3os p\u00fablicos, universidades e institutos de pesquisa. A profiss\u00e3o \u00e9 regulamentada pela Lei n.\u00ba 5.194, de 24.12.66.<\/p>\n\n\n\n<p><\/p>\n\n\n\n<p><strong>Sistema<\/strong>&nbsp;<strong>Acad\u00eamico<\/strong>&nbsp;<br>Seriado Anual<\/p>\n\n\n\n<p><\/p>\n\n\n\n<p><strong>N.\u00ba<\/strong>&nbsp;<strong>de<\/strong>&nbsp;<strong>Estudantes por Turma<\/strong>&nbsp;<br>70<\/p>\n\n\n\n<div style=\"height:30px\" aria-hidden=\"true\" class=\"wp-block-spacer\"><\/div>\n\n\n\n<h3 class=\"wp-block-heading\"><strong>Saiba Mais Sobre o Curso de Engenharia Civil<\/strong><\/h3>\n\n\n\n<p><a href=\"https:\/\/sites.uel.br\/prograd\/wp-content\/uploads\/catalogo_cursos\/2019\/organizacao_curricular\/engenharia_civil.pdf\" target=\"_blank\" rel=\"noreferrer noopener\">Organiza\u00e7\u00e3o Curricular<\/a><\/p>\n\n\n\n<p><a href=\"https:\/\/sites.uel.br\/prograd\/wp-content\/uploads\/catalogo_cursos\/2019\/ementas\/engenharia_civil.pdf\" target=\"_blank\" rel=\"noreferrer noopener\">Ementas<\/a><\/p>\n\n\n\n<p><a href=\"https:\/\/sites.uel.br\/prograd\/wp-content\/uploads\/catalogo_cursos\/2019\/corpo_docente\/engenharia_civil.pdf\" target=\"_blank\" rel=\"noreferrer noopener\">Corpo Docente<\/a><\/p>\n\n\n\n<p><a href=\"https:\/\/sites.uel.br\/prograd\/wp-content\/uploads\/catalogo_cursos\/2019\/estrutura_recursos\/ctu.pdf\" target=\"_blank\" rel=\"noreferrer noopener\">Estrutura\/Recursos<\/a><\/p>\n","protected":false},"excerpt":{"rendered":"<p>Engenharia Civil Cria\u00e7\u00e3o&nbsp;Resolu\u00e7\u00e3o n.\u00ba 53, de 26.10.71 Implanta\u00e7\u00e3o do Curso na UEL&nbsp;17.02.72 Reconhecimento&nbsp;Decreto Estadual n\u00ba 1973, de 23\/07\/2015 Ano de implanta\u00e7\u00e3o do curr\u00edculo em vigor2010 Grau&nbsp;Engenheiro Civil C\u00f3digo\/Turno&nbsp;22 &#8211; Integral Perfil do ProfissionalO graduando dever\u00e1 estar apto a: atuar nas fases de projeto, execu\u00e7\u00e3o e manuten\u00e7\u00e3o de obras de Engenharia Civil; identificar e propor solu\u00e7\u00f5es [&hellip;]<\/p>\n","protected":false},"author":8,"featured_media":0,"parent":0,"menu_order":0,"comment_status":"closed","ping_status":"closed","template":"","meta":{"_acf_changed":false,"_themeisle_gutenberg_block_has_review":false,"footnotes":""},"class_list":["post-7181","page","type-page","status-publish","hentry"],"acf":[],"_links":{"self":[{"href":"https:\/\/sites.uel.br\/prograd\/wp-json\/wp\/v2\/pages\/7181","targetHints":{"allow":["GET"]}}],"collection":[{"href":"https:\/\/sites.uel.br\/prograd\/wp-json\/wp\/v2\/pages"}],"about":[{"href":"https:\/\/sites.uel.br\/prograd\/wp-json\/wp\/v2\/types\/page"}],"author":[{"embeddable":true,"href":"https:\/\/sites.uel.br\/prograd\/wp-json\/wp\/v2\/users\/8"}],"replies":[{"embeddable":true,"href":"https:\/\/sites.uel.br\/prograd\/wp-json\/wp\/v2\/comments?post=7181"}],"version-history":[{"count":6,"href":"https:\/\/sites.uel.br\/prograd\/wp-json\/wp\/v2\/pages\/7181\/revisions"}],"predecessor-version":[{"id":29188,"href":"https:\/\/sites.uel.br\/prograd\/wp-json\/wp\/v2\/pages\/7181\/revisions\/29188"}],"wp:attachment":[{"href":"https:\/\/sites.uel.br\/prograd\/wp-json\/wp\/v2\/media?parent=7181"}],"curies":[{"name":"wp","href":"https:\/\/api.w.org\/{rel}","templated":true}]}}