{"id":6527,"date":"2023-05-30T15:25:33","date_gmt":"2023-05-30T18:25:33","guid":{"rendered":"https:\/\/sites.uel.br\/prograd\/?page_id=6527"},"modified":"2023-07-11T10:36:26","modified_gmt":"2023-07-11T13:36:26","slug":"catalogo-dos-cursos-de-graduacao-2017-equipe","status":"publish","type":"page","link":"https:\/\/sites.uel.br\/prograd\/catalogo-dos-cursos-de-graduacao-2017-equipe\/","title":{"rendered":"Cat\u00e1logo dos Cursos de Gradua\u00e7\u00e3o (2017)"},"content":{"rendered":"\n<hr class=\"wp-block-separator has-alpha-channel-opacity is-style-wide\"\/>\n\n\n\n<h2 class=\"wp-block-heading\">Equipe<\/h2>\n\n\n\n<p class=\"has-text-align-center\"><\/p>\n\n\n<div class=\"wp-block-image\">\n<figure class=\"aligncenter size-full\"><img loading=\"lazy\" decoding=\"async\" width=\"566\" height=\"813\" src=\"https:\/\/sites.uel.br\/prograd\/wp-content\/uploads\/2023\/06\/capa_catalogo_2017_equipe.jpg\" alt=\"\" class=\"wp-image-6682\" srcset=\"https:\/\/sites.uel.br\/prograd\/wp-content\/uploads\/2023\/06\/capa_catalogo_2017_equipe.jpg 566w, https:\/\/sites.uel.br\/prograd\/wp-content\/uploads\/2023\/06\/capa_catalogo_2017_equipe-209x300.jpg 209w\" sizes=\"auto, (max-width: 566px) 100vw, 566px\" \/><\/figure>\n<\/div>","protected":false},"excerpt":{"rendered":"<p>Equipe<\/p>\n","protected":false},"author":8,"featured_media":0,"parent":0,"menu_order":0,"comment_status":"closed","ping_status":"closed","template":"","meta":{"_acf_changed":false,"_themeisle_gutenberg_block_has_review":false,"footnotes":""},"class_list":["post-6527","page","type-page","status-publish","hentry"],"acf":[],"_links":{"self":[{"href":"https:\/\/sites.uel.br\/prograd\/wp-json\/wp\/v2\/pages\/6527","targetHints":{"allow":["GET"]}}],"collection":[{"href":"https:\/\/sites.uel.br\/prograd\/wp-json\/wp\/v2\/pages"}],"about":[{"href":"https:\/\/sites.uel.br\/prograd\/wp-json\/wp\/v2\/types\/page"}],"author":[{"embeddable":true,"href":"https:\/\/sites.uel.br\/prograd\/wp-json\/wp\/v2\/users\/8"}],"replies":[{"embeddable":true,"href":"https:\/\/sites.uel.br\/prograd\/wp-json\/wp\/v2\/comments?post=6527"}],"version-history":[{"count":4,"href":"https:\/\/sites.uel.br\/prograd\/wp-json\/wp\/v2\/pages\/6527\/revisions"}],"predecessor-version":[{"id":11808,"href":"https:\/\/sites.uel.br\/prograd\/wp-json\/wp\/v2\/pages\/6527\/revisions\/11808"}],"wp:attachment":[{"href":"https:\/\/sites.uel.br\/prograd\/wp-json\/wp\/v2\/media?parent=6527"}],"curies":[{"name":"wp","href":"https:\/\/api.w.org\/{rel}","templated":true}]}}