{"id":6208,"date":"2023-05-29T15:28:10","date_gmt":"2023-05-29T18:28:10","guid":{"rendered":"https:\/\/sites.uel.br\/prograd\/?page_id=6208"},"modified":"2024-04-05T09:57:53","modified_gmt":"2024-04-05T12:57:53","slug":"catalogo-dos-cursos-de-graduacao-2005-entrada","status":"publish","type":"page","link":"https:\/\/sites.uel.br\/prograd\/catalogo-dos-cursos-de-graduacao-2005-entrada\/","title":{"rendered":"Cat\u00e1logo dos Cursos de Gradua\u00e7\u00e3o (2005)"},"content":{"rendered":"\n<hr class=\"wp-block-separator has-alpha-channel-opacity is-style-wide\"\/>\n\n\n\n<p class=\"has-text-align-center\"><\/p>\n\n\n<div class=\"wp-block-image\">\n<figure class=\"aligncenter size-full\"><a href=\"https:\/\/sites.uel.br\/prograd\/catalogo-dos-cursos-de-graduacao-2005-cursos-de-graduacao\/\"><img loading=\"lazy\" decoding=\"async\" width=\"368\" height=\"49\" src=\"https:\/\/sites.uel.br\/prograd\/wp-content\/uploads\/2023\/05\/b_catalogo_cursos_cursos_graduacao.jpg\" alt=\"\" class=\"wp-image-5779\" srcset=\"https:\/\/sites.uel.br\/prograd\/wp-content\/uploads\/2023\/05\/b_catalogo_cursos_cursos_graduacao.jpg 368w, https:\/\/sites.uel.br\/prograd\/wp-content\/uploads\/2023\/05\/b_catalogo_cursos_cursos_graduacao-300x40.jpg 300w\" sizes=\"auto, (max-width: 368px) 100vw, 368px\" \/><\/a><\/figure>\n<\/div>\n\n\n<p><\/p>\n","protected":false},"excerpt":{"rendered":"","protected":false},"author":8,"featured_media":0,"parent":0,"menu_order":0,"comment_status":"closed","ping_status":"closed","template":"","meta":{"_acf_changed":false,"_themeisle_gutenberg_block_has_review":false,"footnotes":""},"class_list":["post-6208","page","type-page","status-publish","hentry"],"acf":[],"_links":{"self":[{"href":"https:\/\/sites.uel.br\/prograd\/wp-json\/wp\/v2\/pages\/6208","targetHints":{"allow":["GET"]}}],"collection":[{"href":"https:\/\/sites.uel.br\/prograd\/wp-json\/wp\/v2\/pages"}],"about":[{"href":"https:\/\/sites.uel.br\/prograd\/wp-json\/wp\/v2\/types\/page"}],"author":[{"embeddable":true,"href":"https:\/\/sites.uel.br\/prograd\/wp-json\/wp\/v2\/users\/8"}],"replies":[{"embeddable":true,"href":"https:\/\/sites.uel.br\/prograd\/wp-json\/wp\/v2\/comments?post=6208"}],"version-history":[{"count":11,"href":"https:\/\/sites.uel.br\/prograd\/wp-json\/wp\/v2\/pages\/6208\/revisions"}],"predecessor-version":[{"id":26585,"href":"https:\/\/sites.uel.br\/prograd\/wp-json\/wp\/v2\/pages\/6208\/revisions\/26585"}],"wp:attachment":[{"href":"https:\/\/sites.uel.br\/prograd\/wp-json\/wp\/v2\/media?parent=6208"}],"curies":[{"name":"wp","href":"https:\/\/api.w.org\/{rel}","templated":true}]}}