{"id":5091,"date":"2023-05-09T09:14:05","date_gmt":"2023-05-09T12:14:05","guid":{"rendered":"https:\/\/sites.uel.br\/prograd\/?page_id=5091"},"modified":"2024-09-18T14:38:20","modified_gmt":"2024-09-18T17:38:20","slug":"catalogo-dos-cursos-de-graduacao-2022-fisica-licenciatura","status":"publish","type":"page","link":"https:\/\/sites.uel.br\/prograd\/catalogo-dos-cursos-de-graduacao-2022-fisica-licenciatura\/","title":{"rendered":"Cat\u00e1logo dos Cursos de Gradua\u00e7\u00e3o (2022)"},"content":{"rendered":"\n<hr class=\"wp-block-separator has-alpha-channel-opacity is-style-wide\"\/>\n\n\n\n<h2 class=\"wp-block-heading\">F\u00edsica \u2013 Licenciatura<\/h2>\n\n\n\n<p><strong>Cria\u00e7\u00e3o<\/strong><br>Resolu\u00e7\u00e3o n.\u00ba 166, de 14.07.73<\/p>\n\n\n\n<p><\/p>\n\n\n\n<p><strong>Grau<\/strong><br>Licenciado em F\u00edsica&nbsp;<\/p>\n\n\n\n<p><\/p>\n\n\n\n<p><strong>Turno<\/strong><br>Noturno<\/p>\n\n\n\n<p><\/p>\n\n\n\n<p><strong>Perfil do Profissional<\/strong><br>Espera-se que o profissional licenciado em F\u00edsica adquira s\u00f3lidos conhecimentos b\u00e1sicos com dom\u00ednio dos conceitos fundamentais da \u00e1rea e com capacidade de compreender e transmitir os conte\u00fados de F\u00edsica; dom\u00ednio das t\u00e9cnicas pedag\u00f3gicas e de uso de materiais did\u00e1ticos adequados para cumprir seu papel no processo de ensino-aprendizagem; capacidade de abstra\u00e7\u00e3o e de modelagem de fen\u00f4menos; experi\u00eancia laboratorial, capacidade de planejar e realizar experimentos e medi\u00e7\u00f5es, bem como de utilizar-se desses recursos no desenvolvimento do processo ensino-aprendizagem; conhecimento da import\u00e2ncia da F\u00edsica para o desenvolvimento de \u00e1reas afins e a relev\u00e2ncia de trabalhos interdisciplinares; capacidade para transmitir e divulgar os princ\u00edpios da Ci\u00eancia, bem como de se expressar com clareza, precis\u00e3o e objetividade; compreens\u00e3o do papel da Educa\u00e7\u00e3o como elemento transformador da realidade; \u00e9tica na atua\u00e7\u00e3o profissional e responsabilidade social; compreens\u00e3o da Ci\u00eancia como processo hist\u00f3rico, desenvolvido em diferentes contextos sociopol\u00edticos, culturais e econ\u00f4micos.<\/p>\n\n\n\n<p><\/p>\n\n\n\n<p><strong>Objetivo do Curso<\/strong><br>Proporcionar ao licenciado em F\u00edsica s\u00f3lida forma\u00e7\u00e3o b\u00e1sica, com dom\u00ednio dos conceitos fundamentais da \u00e1rea e com capacidade de compreender e transmitir os conte\u00fados de F\u00edsica; promover a corela\u00e7\u00e3o teoria-experimento como elemento b\u00e1sico para a constru\u00e7\u00e3o do conhecimento e de aux\u00edlio no processo ensino-aprendizagem; propiciar ao estudante o conhecimento de diferentes experi\u00eancias did\u00e1ticas em ensino de F\u00edsica; possibilitar a viv\u00eancia das diversas dimens\u00f5es do processo educativo por meio de uma integra\u00e7\u00e3o com a rede escolar do Ensino M\u00e9dio, em especial a p\u00fablica; municiar o estudante do ferramental adequado para a express\u00e3o das leis f\u00edsicas; promover a integra\u00e7\u00e3o do conhecimento em F\u00edsica com outras \u00e1reas do saber; promover o reconhecimento do papel da Ci\u00eancia como elemento b\u00e1sico de desenvolvimento do Pa\u00eds; promover a compreens\u00e3o da import\u00e2ncia do debate das ideias e do trabalho em equipe na resolu\u00e7\u00e3o de problemas; estimular a continuidade da obten\u00e7\u00e3o do conhecimento como instrumento de valoriza\u00e7\u00e3o profissional e como elemento essencial na constru\u00e7\u00e3o de um sistema educacional de qualidade; promover a pr\u00e1tica da \u00e9tica na atua\u00e7\u00e3o profissional e a responsabilidade social.<\/p>\n\n\n\n<p><\/p>\n\n\n\n<p><strong>Campos de Atua\u00e7\u00e3o<\/strong><br>O Licenciado em F\u00edsica atua em institui\u00e7\u00f5es de ensino m\u00e9dio e superior.<\/p>\n\n\n\n<p><\/p>\n\n\n\n<p><strong>Sistema&nbsp;Acad\u00eamico<\/strong><br>Cr\u00e9dito semestral&nbsp;<\/p>\n\n\n\n<p><\/p>\n\n\n\n<p><strong>Dura\u00e7\u00e3o M\u00ednima e M\u00e1xima<\/strong><br>4 \u00bd\/9 anos<\/p>\n\n\n\n<p><\/p>\n\n\n\n<p><strong>Turno\/vagas<\/strong><br>Noturno &#8211; 30<\/p>\n\n\n\n<div style=\"height:30px\" aria-hidden=\"true\" class=\"wp-block-spacer\"><\/div>\n\n\n\n<h3 class=\"wp-block-heading\"><strong>Saiba Mais Sobre o Curso de F\u00edsica \u2013 Licenciatura<\/strong><\/h3>\n\n\n\n<p><a rel=\"noreferrer noopener\" href=\"https:\/\/sites.uel.br\/prograd\/wp-content\/uploads\/catalogo_cursos\/2022\/organizacao_curricular\/fisica_licenciatura.pdf\" target=\"_blank\">Organiza\u00e7\u00e3o Curricular<\/a><\/p>\n\n\n\n<p><a rel=\"noreferrer noopener\" href=\"https:\/\/sites.uel.br\/prograd\/wp-content\/uploads\/catalogo_cursos\/2022\/ementas\/fisica_licenciatura.pdf\" target=\"_blank\">Ementas<\/a><\/p>\n\n\n\n<p><a rel=\"noreferrer noopener\" href=\"https:\/\/sites.uel.br\/prograd\/wp-content\/uploads\/catalogo_cursos\/2022\/corpo_docente\/fisica_licenciatura.pdf\" target=\"_blank\">Corpo Docente<\/a><\/p>\n\n\n\n<p><a rel=\"noreferrer noopener\" href=\"https:\/\/sites.uel.br\/prograd\/wp-content\/uploads\/catalogo_cursos\/2022\/estrutura_recursos\/estrutura_recursos.pdf\" target=\"_blank\">Estrutura\/Recursos<\/a><\/p>\n","protected":false},"excerpt":{"rendered":"<p>F\u00edsica \u2013 Licenciatura Cria\u00e7\u00e3oResolu\u00e7\u00e3o n.\u00ba 166, de 14.07.73 GrauLicenciado em F\u00edsica&nbsp; TurnoNoturno Perfil do ProfissionalEspera-se que o profissional licenciado em F\u00edsica adquira s\u00f3lidos conhecimentos b\u00e1sicos com dom\u00ednio dos conceitos fundamentais da \u00e1rea e com capacidade de compreender e transmitir os conte\u00fados de F\u00edsica; dom\u00ednio das t\u00e9cnicas pedag\u00f3gicas e de uso de materiais did\u00e1ticos adequados para [&hellip;]<\/p>\n","protected":false},"author":8,"featured_media":0,"parent":0,"menu_order":0,"comment_status":"closed","ping_status":"closed","template":"","meta":{"_acf_changed":false,"_themeisle_gutenberg_block_has_review":false,"footnotes":""},"class_list":["post-5091","page","type-page","status-publish","hentry"],"acf":[],"_links":{"self":[{"href":"https:\/\/sites.uel.br\/prograd\/wp-json\/wp\/v2\/pages\/5091","targetHints":{"allow":["GET"]}}],"collection":[{"href":"https:\/\/sites.uel.br\/prograd\/wp-json\/wp\/v2\/pages"}],"about":[{"href":"https:\/\/sites.uel.br\/prograd\/wp-json\/wp\/v2\/types\/page"}],"author":[{"embeddable":true,"href":"https:\/\/sites.uel.br\/prograd\/wp-json\/wp\/v2\/users\/8"}],"replies":[{"embeddable":true,"href":"https:\/\/sites.uel.br\/prograd\/wp-json\/wp\/v2\/comments?post=5091"}],"version-history":[{"count":15,"href":"https:\/\/sites.uel.br\/prograd\/wp-json\/wp\/v2\/pages\/5091\/revisions"}],"predecessor-version":[{"id":28836,"href":"https:\/\/sites.uel.br\/prograd\/wp-json\/wp\/v2\/pages\/5091\/revisions\/28836"}],"wp:attachment":[{"href":"https:\/\/sites.uel.br\/prograd\/wp-json\/wp\/v2\/media?parent=5091"}],"curies":[{"name":"wp","href":"https:\/\/api.w.org\/{rel}","templated":true}]}}